{"id":5761,"date":"2023-06-27T19:01:23","date_gmt":"2023-06-27T17:01:23","guid":{"rendered":"https:\/\/tv.a11.cz\/?post_type=video&#038;p=5761"},"modified":"2023-06-27T18:43:53","modified_gmt":"2023-06-27T16:43:53","slug":"vytvarne-dokumentarni-vystava-s-fotografiemi-jana-sibika-v-male-pevnosti","status":"publish","type":"video","link":"https:\/\/tv.a11.cz\/video\/vytvarne-dokumentarni-vystava-s-fotografiemi-jana-sibika-v-male-pevnosti\/","title":{"rendered":"V\u00fdtvarn\u011b dokument\u00e1rn\u00ed v\u00fdstava s fotografiemi Jana \u0160ib\u00edka"},"content":{"rendered":"","protected":false},"excerpt":{"rendered":"<p>V\u00fdstava o \u017eivot\u011b katolick\u00e9ho \u0159eholn\u00edka Josefa Mikl\u00edka, kn\u011bze, kter\u00fd za\u017eil posledn\u00edch n\u011bkolik m\u011bs\u00edc\u016f v\u00e1lky ve v\u011bzen\u00ed a v Terez\u00edn\u011b, prob\u00edh\u00e1 v t\u011bchto dnech v p\u0159eds\u00e1l\u00ed kina mal\u00e9 pevnosti pam\u00e1tn\u00edku Terez\u00edn. <\/p>\n","protected":false},"author":8,"featured_media":5822,"template":"","categories":[17,21,171,157],"porad":[],"region":[93,63],"kategorie":[],"class_list":["post-5761","video","type-video","status-publish","has-post-thumbnail","hentry","category-domaci","category-kultura","category-umeni","category-zpravy","region-litomericko","region-ustecky-kraj"],"acf":[],"meta_box":{"nbla_idec":"N2303133","nbla_title":"V\u00fdtvarn\u011b - dokument\u00e1rn\u00ed v\u00fdstava s fotografiemi Jana \u0160ib\u00edka v Mal\u00e9 pevnosti","nbla_subtitle":"","nbla_summary":"","nbla_description":"","nbla_transcription":"","nbla_serie":"","nbla_season":"","nbla_episode":"","nbla_duration":"203.14","nbla_genre":"","nbla_editorial_format":"","nbla_mtime":"1687870718","nbla_url":"https:\/\/origin.a11.cz\/vod\/av62w7teeovcjofjzfz27s4xi.mp4","nbla_version":"1687870718","nbla_odvysilano":"Ano","bunny_id":"ba6da072-37c9-439e-95e9-30a161a461a4","youtube_id":"","datum_vydani":"20230627","stopaz":"203.14","dokument":[{"filesize":6678,"ID":"5823","name":"av62w7teeovcjofjzfz27s4xi.docx","path":"\/home\/a11-tv\/htdocs\/tv.a11.cz\/wp-content\/uploads\/2023\/06\/av62w7teeovcjofjzfz27s4xi.docx","url":"https:\/\/tv.a11.cz\/wp-content\/uploads\/2023\/06\/av62w7teeovcjofjzfz27s4xi.docx","title":"av62w7teeovcjofjzfz27s4xi"}],"video_to":["5861"]},"_links":{"self":[{"href":"https:\/\/tv.a11.cz\/api\/wp\/v2\/video\/5761","targetHints":{"allow":["GET"]}}],"collection":[{"href":"https:\/\/tv.a11.cz\/api\/wp\/v2\/video"}],"about":[{"href":"https:\/\/tv.a11.cz\/api\/wp\/v2\/types\/video"}],"author":[{"embeddable":true,"href":"https:\/\/tv.a11.cz\/api\/wp\/v2\/users\/8"}],"wp:featuredmedia":[{"embeddable":true,"href":"https:\/\/tv.a11.cz\/api\/wp\/v2\/media\/5822"}],"wp:attachment":[{"href":"https:\/\/tv.a11.cz\/api\/wp\/v2\/media?parent=5761"}],"wp:term":[{"taxonomy":"category","embeddable":true,"href":"https:\/\/tv.a11.cz\/api\/wp\/v2\/categories?post=5761"},{"taxonomy":"porad","embeddable":true,"href":"https:\/\/tv.a11.cz\/api\/wp\/v2\/porad?post=5761"},{"taxonomy":"region","embeddable":true,"href":"https:\/\/tv.a11.cz\/api\/wp\/v2\/region?post=5761"},{"taxonomy":"kategorie","embeddable":true,"href":"https:\/\/tv.a11.cz\/api\/wp\/v2\/kategorie?post=5761"}],"curies":[{"name":"wp","href":"https:\/\/api.w.org\/{rel}","templated":true}]}}

Výtvarně dokumentární výstava s fotografiemi Jana Šibíka

<p>Výstava o životě katolického řeholníka Josefa Miklíka, kněze, který zažil posledních několik měsíců války ve vězení a v Terezíně, probíhá v těchto dnech v předsálí kina malé pevnosti památníku Terezín. </p>

Výtvarně - dokumentární výstava s fotografiemi Jana Šibíka v Malé pevnosti
