{"id":4610,"date":"2023-06-07T15:47:55","date_gmt":"2023-06-07T13:47:55","guid":{"rendered":"https:\/\/tv.a11.cz\/?post_type=video&#038;p=4610"},"modified":"2023-06-07T16:48:37","modified_gmt":"2023-06-07T14:48:37","slug":"v-jezuitskem-kostele-zacina-vystava-vladimira-skody-zrcadlo-casu","status":"publish","type":"video","link":"https:\/\/tv.a11.cz\/video\/v-jezuitskem-kostele-zacina-vystava-vladimira-skody-zrcadlo-casu\/","title":{"rendered":"V jezuitsk\u00e9m kostele za\u010d\u00edn\u00e1 v\u00fdstava Zrcadlo \u010dasu"},"content":{"rendered":"","protected":false},"excerpt":{"rendered":"<p>V b\u00fdval\u00e9m jezuitsk\u00e9m kostele v Litom\u011b\u0159ic\u00edch bude ve \u010dtvrtek 8. \u010dervna slavnostn\u011b zah\u00e1jena v\u00fdstava. Vladim\u00edr \u0160koda zde tentokr\u00e1t p\u0159edstav\u00ed sv\u00e9 Zrcadlo \u010dasu. Div\u00e1ci se mohou t\u011b\u0161it na d\u00edla francouzsk\u00e9ho socha\u0159e \u010desk\u00e9ho p\u016fvodu.<\/p>\n","protected":false},"author":8,"featured_media":4636,"template":"","categories":[17,21,171,157],"porad":[],"region":[93,63],"kategorie":[],"class_list":["post-4610","video","type-video","status-publish","has-post-thumbnail","hentry","category-domaci","category-kultura","category-umeni","category-zpravy","region-litomericko","region-ustecky-kraj"],"acf":[],"meta_box":{"nbla_idec":"N2303090","nbla_title":"V jezuitsk\u00e9m kostele za\u010d\u00edn\u00e1 v\u00fdstava Vladim\u00edra \u0160kody \"Zrcadlo \u010dasu\"","nbla_subtitle":"","nbla_summary":"","nbla_description":"","nbla_transcription":"","nbla_serie":"","nbla_season":"","nbla_episode":"","nbla_duration":"103.66","nbla_genre":"","nbla_editorial_format":"","nbla_mtime":"1686145256","nbla_url":"https:\/\/origin.a11.cz\/vod\/9sakxr2766918sgx9cbexhhdk.mp4","nbla_version":"1686145256","nbla_odvysilano":"Ano","bunny_id":"b64e004c-98ad-4663-b38d-11fd0e450514","youtube_id":"","datum_vydani":"20230607","stopaz":"103.66","dokument":[],"video_to":[]},"_links":{"self":[{"href":"https:\/\/tv.a11.cz\/api\/wp\/v2\/video\/4610","targetHints":{"allow":["GET"]}}],"collection":[{"href":"https:\/\/tv.a11.cz\/api\/wp\/v2\/video"}],"about":[{"href":"https:\/\/tv.a11.cz\/api\/wp\/v2\/types\/video"}],"author":[{"embeddable":true,"href":"https:\/\/tv.a11.cz\/api\/wp\/v2\/users\/8"}],"wp:featuredmedia":[{"embeddable":true,"href":"https:\/\/tv.a11.cz\/api\/wp\/v2\/media\/4636"}],"wp:attachment":[{"href":"https:\/\/tv.a11.cz\/api\/wp\/v2\/media?parent=4610"}],"wp:term":[{"taxonomy":"category","embeddable":true,"href":"https:\/\/tv.a11.cz\/api\/wp\/v2\/categories?post=4610"},{"taxonomy":"porad","embeddable":true,"href":"https:\/\/tv.a11.cz\/api\/wp\/v2\/porad?post=4610"},{"taxonomy":"region","embeddable":true,"href":"https:\/\/tv.a11.cz\/api\/wp\/v2\/region?post=4610"},{"taxonomy":"kategorie","embeddable":true,"href":"https:\/\/tv.a11.cz\/api\/wp\/v2\/kategorie?post=4610"}],"curies":[{"name":"wp","href":"https:\/\/api.w.org\/{rel}","templated":true}]}}

V jezuitském kostele začíná výstava Zrcadlo času

<p>V bývalém jezuitském kostele v Litoměřicích bude ve čtvrtek 8. června slavnostně zahájena výstava. Vladimír Škoda zde tentokrát představí své Zrcadlo času. Diváci se mohou těšit na díla francouzského sochaře českého původu.</p>

V jezuitském kostele začíná výstava Vladimíra Škody "Zrcadlo času"
