{"id":3857,"date":"2023-05-26T16:32:30","date_gmt":"2023-05-26T14:32:30","guid":{"rendered":"https:\/\/tv.a11.cz\/?post_type=video&#038;p=3857"},"modified":"2023-05-29T14:22:54","modified_gmt":"2023-05-29T12:22:54","slug":"terezinska-tryzna-letos-i-za-ucasti-prezidenta-pavla","status":"publish","type":"video","link":"https:\/\/tv.a11.cz\/video\/terezinska-tryzna-letos-i-za-ucasti-prezidenta-pavla\/","title":{"rendered":"Terez\u00ednsk\u00e1 tryzna za \u00fa\u010dasti prezidenta Pavla"},"content":{"rendered":"","protected":false},"excerpt":{"rendered":"<p>I v leto\u0161n\u00edm roce se uskute\u010dnila tradi\u010dn\u00ed Terez\u00ednsk\u00e1 tryzna. Vzpom\u00ednkovou akci organizuje pam\u00e1tn\u00edk Terez\u00edn ve spolupr\u00e1ci s \u00dasteck\u00fdm krajem. Z\u00e1\u0161titu nad leto\u0161n\u00ed tryznou p\u0159evzal ministr kultury. Hlavn\u00ed projev byl p\u0159ednesem Prezidentem \u010cesk\u00e9 republiky Petrem Pavlem. <\/p>\n","protected":false},"author":8,"featured_media":3923,"template":"","categories":[17,172,21,157],"porad":[],"region":[218,93,63],"kategorie":[],"class_list":["post-3857","video","type-video","status-publish","has-post-thumbnail","hentry","category-domaci","category-historie","category-kultura","category-zpravy","region-cela-cr","region-litomericko","region-ustecky-kraj"],"acf":[],"meta_box":{"nbla_idec":"N2303062","nbla_title":"Terez\u00ednsk\u00e1 tryzna letos i za \u00fa\u010dasti prezidenta Pavla","nbla_subtitle":"","nbla_summary":"","nbla_description":"","nbla_transcription":"","nbla_serie":"","nbla_season":"","nbla_episode":"","nbla_duration":"140.9","nbla_genre":"","nbla_editorial_format":"","nbla_mtime":"1685109651","nbla_url":"https:\/\/origin.a11.cz\/vod\/1nq4zcajufbm08tulwi0gsad9.mp4","nbla_version":"1685109650","nbla_odvysilano":"Ano","bunny_id":"ec84bcf7-7364-488c-beff-71b6413ceb04","youtube_id":"","datum_vydani":"20230526","stopaz":"140.9","dokument":[{"filesize":6166,"ID":"3980","name":"1nq4zcajufbm08tulwi0gsad9.docx","path":"\/home\/a11-tv\/htdocs\/tv.a11.cz\/wp-content\/uploads\/2023\/05\/1nq4zcajufbm08tulwi0gsad9.docx","url":"https:\/\/tv.a11.cz\/wp-content\/uploads\/2023\/05\/1nq4zcajufbm08tulwi0gsad9.docx","title":"1nq4zcajufbm08tulwi0gsad9"}],"video_to":["3982"]},"_links":{"self":[{"href":"https:\/\/tv.a11.cz\/api\/wp\/v2\/video\/3857","targetHints":{"allow":["GET"]}}],"collection":[{"href":"https:\/\/tv.a11.cz\/api\/wp\/v2\/video"}],"about":[{"href":"https:\/\/tv.a11.cz\/api\/wp\/v2\/types\/video"}],"author":[{"embeddable":true,"href":"https:\/\/tv.a11.cz\/api\/wp\/v2\/users\/8"}],"wp:featuredmedia":[{"embeddable":true,"href":"https:\/\/tv.a11.cz\/api\/wp\/v2\/media\/3923"}],"wp:attachment":[{"href":"https:\/\/tv.a11.cz\/api\/wp\/v2\/media?parent=3857"}],"wp:term":[{"taxonomy":"category","embeddable":true,"href":"https:\/\/tv.a11.cz\/api\/wp\/v2\/categories?post=3857"},{"taxonomy":"porad","embeddable":true,"href":"https:\/\/tv.a11.cz\/api\/wp\/v2\/porad?post=3857"},{"taxonomy":"region","embeddable":true,"href":"https:\/\/tv.a11.cz\/api\/wp\/v2\/region?post=3857"},{"taxonomy":"kategorie","embeddable":true,"href":"https:\/\/tv.a11.cz\/api\/wp\/v2\/kategorie?post=3857"}],"curies":[{"name":"wp","href":"https:\/\/api.w.org\/{rel}","templated":true}]}}

Terezínská tryzna za účasti prezidenta Pavla

<p>I v letošním roce se uskutečnila tradiční Terezínská tryzna. Vzpomínkovou akci organizuje památník Terezín ve spolupráci s Ústeckým krajem. Záštitu nad letošní tryznou převzal ministr kultury. Hlavní projev byl přednesem Prezidentem České republiky Petrem Pavlem. </p>

Terezínská tryzna letos i za účasti prezidenta Pavla
