{"id":14490,"date":"2023-12-15T13:30:19","date_gmt":"2023-12-15T12:30:19","guid":{"rendered":"https:\/\/tv.a11.cz\/?post_type=video&#038;p=14490"},"modified":"2023-12-17T19:01:14","modified_gmt":"2023-12-17T18:01:14","slug":"zus-alfonse-muchy-letohrad-se-chlubi-novym-klavirem","status":"publish","type":"video","link":"https:\/\/tv.a11.cz\/video\/zus-alfonse-muchy-letohrad-se-chlubi-novym-klavirem\/","title":{"rendered":"ZU\u0160 Alfonse Muchy Letohrad se chlub\u00ed nov\u00fdm klav\u00edrem"},"content":{"rendered":"","protected":false},"excerpt":{"rendered":"<p>Komorn\u00ed s\u00e1l Letohradsk\u00e9 z\u00e1kladn\u00ed um\u011bleck\u00e9 \u0161koly Alfonse Muchy postupn\u011b zaplnili ti, kte\u0159\u00ed pomohli dot\u00e1hnout sen o nov\u00e9m klav\u00edru do zd\u00e1rn\u00e9ho konce.<\/p>\n","protected":false},"author":8,"featured_media":14535,"template":"","categories":[17,25,157],"porad":[],"region":[104,60],"kategorie":[],"class_list":["post-14490","video","type-video","status-publish","has-post-thumbnail","hentry","category-domaci","category-vzdelavani","category-zpravy","region-orlicko","region-pardubicky-kraj"],"acf":[],"meta_box":{"nbla_idec":"N2309258","nbla_title":"ZU\u0160 Alfonse Muchy Letohrad se chlub\u00ed nov\u00fdm klav\u00edrem","nbla_subtitle":"","nbla_summary":"","nbla_description":"","nbla_transcription":"Komorn\u00ed s\u00e1lo Letohradsk\u00e9 z\u00e1kladn\u00ed um\u011bleck\u00e9 \u0161koly Alfonse Muchy postupn\u011b zaplnili ti, kte\u0159\u00ed pomohli dot\u00e1hnout sen o nov\u00e9m klav\u00edru do zd\u00e1rn\u00e9ho konce. Fanf\u00e1ri vyst\u0159\u00eddal k\u0159est tohoto hudebn\u00edho n\u00e1stroje. Klav\u00edr jsme pok\u0159itili \u0161ampa\u0148sk\u00fdm a nemus\u00ed se nikdo b\u00e1t, nep\u0159i\u0161el k \u017e\u00e1dn\u00e9 uhon\u011b, nekropili jsme cel\u00fd klav\u00edr, ale jenom jeho kl\u00ed\u010d. S t\u00edm byla spojen\u00e1 i slova p\u0159\u00e1n\u00ed. Aby na n\u011bm d\u011bti r\u00e1di hr\u00e1ly, aby se jim da\u0159ilo, aby se z nich, z n\u011bkter\u00fdch, staly virtuozy, aby toho m\u011bli v\u00edce ne\u017e j\u00e1 na klav\u00edru, j\u00e1 bych jenom m\u011bl jede po\u0161tovsk\u00fd pan\u00e1\u010dek. Koncert byl p\u0159ehl\u00eddkou r\u016fzn\u00fdch hudebn\u00edch n\u00e1stroj\u016f v pod\u00e1n\u00ed sou\u010dasn\u00fdch i b\u00fdval\u00fdch \u017e\u00e1k\u016f \u0161koly. Pr\u00fdm hr\u00e1l nov\u00fd klav\u00edr. V\u0161e odstartovala p\u0159ihl\u00e1\u0161ka do grantov\u00e9 v\u00fdzvy Piana do \u0161kol. Byli jsme \u00fasp\u011b\u0161n\u011b vybr\u00e1ni a za\u010dali jsme vyb\u00edrat pen\u00edze na nov\u00e9 Piano. Velice pozitivn\u011b n\u00e1s p\u0159ekvapilo, jak vlastn\u011b firmy i ve\u0159ejnost Letohradsk\u00e1 na to reagovalo a ve velice kr\u00e1tk\u00e9m \u010dase se n\u00e1m poda\u0159ilo pot\u0159ebnou \u010d\u00e1stku vybrat. D\u00e1rci podpo\u0159ili po\u0159\u00edzen\u00ed klav\u00edru za 1,1 milionu korun p\u011btisty tis\u00edci. M\u00e1m velikou radost a zvl\u00e1\u0161t\u011b proto\u017ee se na to slo\u017eilo m\u00edstn\u00ed podnikatelsk\u00fd prost\u0159ed\u00ed, ale i fyzick\u00e9 osoby a to je prost\u011b zn\u00e1mka toho, \u017ee maj\u00ed na\u0161i zu\u0161ku r\u00e1di. 500 tis\u00edc k tomu dorovnala nadace Karla Kom\u00e1rka a 100 tis\u00edc byla vlastn\u011b nepeni\u017en\u00ed sleva od firmy Petrov. Projekt Piana do \u0161kol spat\u0159il sv\u011btlo sv\u011bta v roce 2020. Na za\u010d\u00e1tku projektu bylo 11 \u010d\u00ednov odm\u00edtnut\u00fdch n\u00e1stroj\u016f od Petrov, kter\u00e9 se zakr\u00e1til nadace. Karl Kom\u00e1rek rozhodl koupit a v\u011bnovat \u010desk\u00fdm \u0161kol\u00e1m. Pot\u00e9 se nadace rozhodla zapojit v\u00edce um\u011bleck\u00fdch \u0161kol. V tom prvn\u00edm kole jsme podpo\u0159ili 44 \u0161kol, letos to bylo 21 a v\u017edycky t\u011bmi krit\u00e9rii pro v\u00fdb\u011br t\u00e9 \u0161koly do t\u00e9 sb\u00edrky, tak je vlastn\u011b kvalita v\u00fduky, jakou roli ta \u0161kola hraje v kulturn\u00edm \u017eivot\u011b m\u011bsta nebo obce. Dal\u0161\u00edm krit\u00e9riem je st\u00e1\u0159\u00ed n\u00e1strojov\u00e9ho vybaven\u00ed \u0161koly. Klav\u00edr v koncertn\u00edm s\u00e1le je vlastn\u011b srdcem cel\u00e9 \u0161koly, tak\u017ee ten klav\u00edr bude slou\u017eit v\u0161em solov\u00fdm klavirist\u016fm, k doprovod\u016fm, p\u0159i orchestrech, tak\u017ee vlastn\u011b je to neoceniteln\u00fd n\u00e1stroj pro celou \u0161kolu. Zu\u0161ka ta slav\u00ed letos obrovsk\u00fd \u00fasp\u011bchy, nejen\u017ee m\u00e1 n\u00e1dhern\u00fd nov\u00fd klav\u00edr za milion koruna, ale m\u00e1 nov\u00e9 n\u00e1dhern\u00e9 prostory v Dom\u011b kultury. Koncert byl tak podikov\u00e1n\u00edm d\u00e1rc\u016fm, kte\u0159\u00ed t\u00edmto zp\u016fsobem pom\u00e1haj\u00ed rozv\u00edjet hudebn\u00ed talent d\u011bt\u00ed.","nbla_serie":"","nbla_season":"","nbla_episode":"","nbla_duration":"161.96","nbla_genre":"","nbla_editorial_format":"","nbla_mtime":"1702642799","nbla_url":"https:\/\/origin.a11.cz\/vod\/9pqkq6ib7ikycvqpdtij5bmwt.mp4","nbla_version":"1702642799","nbla_odvysilano":"Ano","bunny_id":"c75959f5-3a22-4473-a799-57170c126b73","youtube_id":"","datum_vydani":"20231215","stopaz":"161.96","dokument":[],"video_to":["14536"]},"_links":{"self":[{"href":"https:\/\/tv.a11.cz\/api\/wp\/v2\/video\/14490","targetHints":{"allow":["GET"]}}],"collection":[{"href":"https:\/\/tv.a11.cz\/api\/wp\/v2\/video"}],"about":[{"href":"https:\/\/tv.a11.cz\/api\/wp\/v2\/types\/video"}],"author":[{"embeddable":true,"href":"https:\/\/tv.a11.cz\/api\/wp\/v2\/users\/8"}],"wp:featuredmedia":[{"embeddable":true,"href":"https:\/\/tv.a11.cz\/api\/wp\/v2\/media\/14535"}],"wp:attachment":[{"href":"https:\/\/tv.a11.cz\/api\/wp\/v2\/media?parent=14490"}],"wp:term":[{"taxonomy":"category","embeddable":true,"href":"https:\/\/tv.a11.cz\/api\/wp\/v2\/categories?post=14490"},{"taxonomy":"porad","embeddable":true,"href":"https:\/\/tv.a11.cz\/api\/wp\/v2\/porad?post=14490"},{"taxonomy":"region","embeddable":true,"href":"https:\/\/tv.a11.cz\/api\/wp\/v2\/region?post=14490"},{"taxonomy":"kategorie","embeddable":true,"href":"https:\/\/tv.a11.cz\/api\/wp\/v2\/kategorie?post=14490"}],"curies":[{"name":"wp","href":"https:\/\/api.w.org\/{rel}","templated":true}]}}

ZUŠ Alfonse Muchy Letohrad se chlubí novým klavírem

<p>Komorní sál Letohradské základní umělecké školy Alfonse Muchy postupně zaplnili ti, kteří pomohli dotáhnout sen o novém klavíru do zdárného konce.</p>

Komorní sálo Letohradské základní umělecké školy Alfonse Muchy postupně zaplnili ti, kteří pomohli dotáhnout sen o novém klavíru do zdárného konce. Fanfári vystřídal křest tohoto hudebního nástroje. Klavír jsme pokřitili šampaňským a nemusí se nikdo bát, nepřišel k žádné uhoně, nekropili jsme celý klavír, ale jenom jeho klíč. S tím byla spojená i slova přání. Aby na něm děti rádi hrály, aby se jim dařilo, aby se z nich, z některých, staly virtuozy, aby toho měli více než já na klavíru, já bych jenom měl jede poštovský panáček. Koncert byl přehlídkou různých hudebních nástrojů v podání současných i bývalých žáků školy. Prým hrál nový klavír. Vše odstartovala přihláška do grantové výzvy Piana do škol. Byli jsme úspěšně vybráni a začali jsme vybírat peníze na nové Piano. Velice pozitivně nás překvapilo, jak vlastně firmy i veřejnost Letohradská na to reagovalo a ve velice krátkém čase se nám podařilo potřebnou částku vybrat. Dárci podpořili pořízení klavíru za 1,1 milionu korun pětisty tisíci. Mám velikou radost a zvláště protože se na to složilo místní podnikatelský prostředí, ale i fyzické osoby a to je prostě známka toho, že mají naši zušku rádi. 500 tisíc k tomu dorovnala nadace Karla Komárka a 100 tisíc byla vlastně nepenižní sleva od firmy Petrov. Projekt Piana do škol spatřil světlo světa v roce 2020. Na začátku projektu bylo 11 čínov odmítnutých nástrojů od Petrov, které se zakrátil nadace. Karl Komárek rozhodl koupit a věnovat českým školám. Poté se nadace rozhodla zapojit více uměleckých škol. V tom prvním kole jsme podpořili 44 škol, letos to bylo 21 a vždycky těmi kritérii pro výběr té školy do té sbírky, tak je vlastně kvalita výuky, jakou roli ta škola hraje v kulturním životě města nebo obce. Dalším kritériem je stáří nástrojového vybavení školy. Klavír v koncertním sále je vlastně srdcem celé školy, takže ten klavír bude sloužit všem solovým klaviristům, k doprovodům, při orchestrech, takže vlastně je to neocenitelný nástroj pro celou školu. Zuška ta slaví letos obrovský úspěchy, nejenže má nádherný nový klavír za milion koruna, ale má nové nádherné prostory v Domě kultury. Koncert byl tak podikováním dárcům, kteří tímto způsobem pomáhají rozvíjet hudební talent dětí.
