{"id":14124,"date":"2023-11-30T14:27:37","date_gmt":"2023-11-30T13:27:37","guid":{"rendered":"https:\/\/tv.a11.cz\/?post_type=video&#038;p=14124"},"modified":"2023-12-01T12:42:51","modified_gmt":"2023-12-01T11:42:51","slug":"prosincova-nabidka-programovych-akci-ve-valasskem-mezirici-je-bohata","status":"publish","type":"video","link":"https:\/\/tv.a11.cz\/video\/prosincova-nabidka-programovych-akci-ve-valasskem-mezirici-je-bohata\/","title":{"rendered":"Prosincov\u00e1 nab\u00eddka programov\u00fdch akc\u00ed ve Vala\u0161sk\u00e9m Mezi\u0159\u00ed\u010d\u00ed je bohat\u00e1"},"content":{"rendered":"","protected":false},"excerpt":{"rendered":"<p>Ve Vala\u0161sk\u00e9m Mezi\u0159\u00ed\u010d\u00ed chystaj\u00ed bohatou programovou nab\u00eddku p\u0159edv\u00e1no\u010dn\u00edch akc\u00ed. P\u00e1tek 1. prosince se ve Vala\u0161sk\u00e9m Mezi\u0159\u00ed\u010d\u00ed ponese v tradi\u010dn\u00edm mikul\u00e1\u0161sk\u00e9m duchu. <\/p>\n","protected":false},"author":8,"featured_media":14139,"template":"","categories":[17,157],"porad":[],"region":[86,64],"kategorie":[],"class_list":["post-14124","video","type-video","status-publish","has-post-thumbnail","hentry","category-domaci","category-zpravy","region-vsetinsko","region-zlinsky-kraj"],"acf":[],"meta_box":{"nbla_idec":"N2310329","nbla_title":"Prosincov\u00e1 nab\u00eddka programov\u00fdch akc\u00ed ve Vala\u0161sk\u00e9m Mezi\u0159\u00ed\u010d\u00ed je bohat\u00e1","nbla_subtitle":"","nbla_summary":"","nbla_description":"","nbla_transcription":"Bl\u00ed\u017e\u00ed se posledn\u00ed m\u011bs\u00edc v roce. Ve Vala\u0161sk\u00e9m Mezi\u0159\u00ed\u010d\u00ed chystaj\u00ed bohatou programovou nab\u00eddku p\u0159edv\u00e1no\u010dn\u00edch akc\u00ed. P\u00e1tek 1. prosince se ve Vala\u0161sk\u00e9m Mezi\u0159\u00ed\u010d\u00ed ponese v tradi\u010dn\u00edm mikul\u00e1\u0161sk\u00e9m duchu. Ji\u017e v 9 hodin r\u00e1no odstartuje Mikul\u00e1\u0161sk\u00fd arm\u00e1rk na n\u00e1m\u011bst\u00ed. Ten bude pokra\u010dovat a\u017e do odpoledn\u00edch hodin a v 17 hodin p\u0159ijde Mikul\u00e1\u0161 z And\u011bly a z \u010certy a spole\u010dn\u011b s n\u00edm rozsv\u00edt\u00edme V\u00e1no\u010dn\u00ed strome\u010dek a tak\u00e9 nov\u00fd sv\u011bteln\u00fd prvek, kter\u00fd bude p\u0159\u00edmo v centru Vala\u0161sk\u00e9ho Mezi\u0159\u00ed\u010d\u00ed. Je to takov\u00e9 na\u0161e p\u0159ekvapen\u00ed pro ob\u010dan a pro d\u011bti. Mikul\u00e1\u0161sk\u00fdm jarmarkem odstartuje nabit\u00fd prosincov\u00fd program. O t\u00fdden pozd\u011bji potom prob\u011bhne na n\u00e1m\u011bst\u00ed od 8. To je tradi\u010dn\u00ed zab\u00edja\u010dkov\u00fd jarmark se specialitami z masn\u00e9 kuchyn\u011b a tradi\u010dn\u00ed V\u00e1no\u010dn\u00ed jarmark propukne 11. prosince. A kdo se p\u0159edstav\u00ed na podiu v kulturn\u00edm programu? V n\u011bm vystoup\u00ed nap\u0159\u00edklad Sebastian, Op\u011bt a Rade\u010dek, Poetika nebo Laura a jej\u00ed tyg\u0159i Kamil St\u0159ihavka and Leaders, Fl\u00e9ret a mnoz\u00ed dal\u0161\u00ed. Chyb\u011bt nebude a nesm\u00ed ani p\u00e1smo pro d\u011bti. Bude p\u0159ipravena d\u00edlni\u010dka v Prn\u00edkov\u00e9 chaloupce a na co se nejv\u00edc t\u011b\u0161\u00edm, to bude vystoupen\u00ed d\u011bt\u00ed z na\u0161ich mate\u0159sk\u00fdch a z\u00e1kladn\u00edch \u0161kol a nebo tak\u00e9 \u017eiv\u00fd betlem. Symbolickou te\u010dku za leto\u0161n\u00edm rokem ud\u011bl\u00e1 Silvester na n\u00e1m\u011bst\u00ed. Odstartuje jej\u00ed d\u011btsk\u00e1 diskot\u00e9ka, p\u0159\u00e1n\u00ed ob\u010dan\u016fm o dveden\u00ed m\u011bsta a v 19 hodin tradi\u010dn\u00ed oh\u0148ostroj.","nbla_serie":"","nbla_season":"","nbla_episode":"","nbla_duration":"116.84","nbla_genre":"","nbla_editorial_format":"","nbla_mtime":"1701349421","nbla_url":"https:\/\/origin.a11.cz\/vod\/7oilbzmwfy0rp0t0pt58mq1y0.mp4","nbla_version":"1701349421","nbla_odvysilano":"Ano","bunny_id":"5a84f158-4608-4b14-ac89-6fdbb408c691","youtube_id":"","datum_vydani":"20231130","stopaz":"116.84","dokument":[],"video_to":["14140"]},"_links":{"self":[{"href":"https:\/\/tv.a11.cz\/api\/wp\/v2\/video\/14124","targetHints":{"allow":["GET"]}}],"collection":[{"href":"https:\/\/tv.a11.cz\/api\/wp\/v2\/video"}],"about":[{"href":"https:\/\/tv.a11.cz\/api\/wp\/v2\/types\/video"}],"author":[{"embeddable":true,"href":"https:\/\/tv.a11.cz\/api\/wp\/v2\/users\/8"}],"wp:featuredmedia":[{"embeddable":true,"href":"https:\/\/tv.a11.cz\/api\/wp\/v2\/media\/14139"}],"wp:attachment":[{"href":"https:\/\/tv.a11.cz\/api\/wp\/v2\/media?parent=14124"}],"wp:term":[{"taxonomy":"category","embeddable":true,"href":"https:\/\/tv.a11.cz\/api\/wp\/v2\/categories?post=14124"},{"taxonomy":"porad","embeddable":true,"href":"https:\/\/tv.a11.cz\/api\/wp\/v2\/porad?post=14124"},{"taxonomy":"region","embeddable":true,"href":"https:\/\/tv.a11.cz\/api\/wp\/v2\/region?post=14124"},{"taxonomy":"kategorie","embeddable":true,"href":"https:\/\/tv.a11.cz\/api\/wp\/v2\/kategorie?post=14124"}],"curies":[{"name":"wp","href":"https:\/\/api.w.org\/{rel}","templated":true}]}}

Prosincová nabídka programových akcí ve Valašském Meziříčí je bohatá

<p>Ve Valašském Meziříčí chystají bohatou programovou nabídku předvánočních akcí. Pátek 1. prosince se ve Valašském Meziříčí ponese v tradičním mikulášském duchu. </p>

Blíží se poslední měsíc v roce. Ve Valašském Meziříčí chystají bohatou programovou nabídku předvánočních akcí. Pátek 1. prosince se ve Valašském Meziříčí ponese v tradičním mikulášském duchu. Již v 9 hodin ráno odstartuje Mikulášský armárk na náměstí. Ten bude pokračovat až do odpoledních hodin a v 17 hodin přijde Mikuláš z Anděly a z Čerty a společně s ním rozsvítíme Vánoční stromeček a také nový světelný prvek, který bude přímo v centru Valašského Meziříčí. Je to takové naše překvapení pro občan a pro děti. Mikulášským jarmarkem odstartuje nabitý prosincový program. O týden později potom proběhne na náměstí od 8. To je tradiční zabíjačkový jarmark se specialitami z masné kuchyně a tradiční Vánoční jarmark propukne 11. prosince. A kdo se představí na podiu v kulturním programu? V něm vystoupí například Sebastian, Opět a Radeček, Poetika nebo Laura a její tygři Kamil Střihavka and Leaders, Fléret a mnozí další. Chybět nebude a nesmí ani pásmo pro děti. Bude připravena dílnička v Prníkové chaloupce a na co se nejvíc těším, to bude vystoupení dětí z našich mateřských a základních škol a nebo také živý betlem. Symbolickou tečku za letošním rokem udělá Silvester na náměstí. Odstartuje její dětská diskotéka, přání občanům o dvedení města a v 19 hodin tradiční ohňostroj.
