{"id":13570,"date":"2023-11-10T14:00:14","date_gmt":"2023-11-10T13:00:14","guid":{"rendered":"https:\/\/tv.a11.cz\/?post_type=video&#038;p=13570"},"modified":"2023-11-10T16:10:58","modified_gmt":"2023-11-10T15:10:58","slug":"listopad-v-muzeu-novojicinska","status":"publish","type":"video","link":"https:\/\/tv.a11.cz\/video\/listopad-v-muzeu-novojicinska\/","title":{"rendered":"Listopad v Muzeu Novoji\u010d\u00ednska"},"content":{"rendered":"","protected":false},"excerpt":{"rendered":"<p>Tak\u00e9 v listopadu pro v\u00e1s Muzeum Novoji\u010d\u00ednska p\u0159ipravilo pestr\u00fd program. Nap\u0159\u00edklad v Muzeu n\u00e1kladn\u00edch automobil\u016f Tatra v Kop\u0159ivnici prob\u011bhnou zaj\u00edmav\u00e9 p\u0159edn\u00e1\u0161ky na t\u00e9ma, co se odehr\u00e1lo 17. listopadu 1939, nebo o historii hasi\u010d\u016f okresu Nov\u00fd Ji\u010d\u00edn.<\/p>\n","protected":false},"author":8,"featured_media":13574,"template":"","categories":[17,157],"porad":[],"region":[121,56],"kategorie":[],"class_list":["post-13570","video","type-video","status-publish","has-post-thumbnail","hentry","category-domaci","category-zpravy","region-jicinsko","region-kralovehradecky-kraj"],"acf":[],"meta_box":{"nbla_idec":"N2308216","nbla_title":"Listopad v Muzeu Novoji\u010d\u00ednska","nbla_subtitle":"","nbla_summary":"","nbla_description":"","nbla_transcription":"Tak\u00e9 v listopadu pro v\u00e1s Muzeum Novoji\u010d\u00ednska p\u0159ipravilo pestr\u00fd program. Nap\u0159\u00edklad v Muzeu n\u00e1kladn\u00edch automobil\u016f Tatra v Kop\u0159ivnici prob\u011bhnou zaj\u00edmav\u00e9 p\u0159edn\u00e1\u0161ky na t\u00e9ma, co se odehr\u00e1lo 17. listopadu 1939, nebo o historii hasi\u010d\u016f okresu Nov\u00fd Ji\u010d\u00edn. V \u017derot\u00ednsk\u00e9m z\u00e1mku prob\u011bhne tradi\u010dn\u00ed Mikul\u00e1\u0159sk\u00fd jarmark, nebo op\u011bt za\u010dne cykl z podzimn\u00edch ve\u010der\u016f zvan\u00fd Muzejn\u00ed podbaby, kde si p\u0159edev\u0161\u00edm d\u00e1my mohou zkusit rukod\u011blnou v\u00fdrobu ozdob. Muzeum \u0160ipka \u0160tramberg m\u00e1 pro v\u00e1s p\u0159ichystan\u00e9 pov\u00edd\u00e1n\u00ed s n\u00e1zvem Tajemstv\u00ed \u0161trambersk\u00fdch jeskyn\u00ed a neb co nov\u00e9ho ve \u0161trambersk\u00e9m krasu. Muzeum Fren\u0161t\u00e1d pod Rado\u0161t\u011bm bude m\u00edt p\u0159edn\u00e1\u0161ku o postop\u00e1ch \u010cech\u016f ve sv\u011bt\u011b a tak\u00e9 zde za\u010dne zaj\u00edmav\u00e1 v\u00fdstava o keramice. V centru tradi\u010dn\u00edch technologi\u00ed P\u0159\u00edbor prob\u011bhne Den se star\u00fdmi technologiemi, kde se zam\u011b\u0159\u00ed na v\u00fdrobu s kloko\u010d\u00ed, nebo Den s kutilem, co\u017e je o\u017eiven\u00ed v\u00fdstavy Urob si s\u00e1m, co dovedou kutilov\u00e9. Je toho samoz\u0159ejm\u011b mnohem v\u00edce, tak nav\u0161tivte str\u00e1nky muzeum.nojo.cz","nbla_serie":"","nbla_season":"","nbla_episode":"","nbla_duration":"65.16","nbla_genre":"","nbla_editorial_format":"","nbla_mtime":"1699621160","nbla_url":"https:\/\/origin.a11.cz\/vod\/a0rmq0dhaceqgml3t7nh0tfxy.mp4","nbla_version":"1699621160","nbla_odvysilano":"Ano","bunny_id":"b4774e66-8e59-49d7-b883-b280ba28f73c","youtube_id":"","datum_vydani":"20231110","stopaz":"65.16","dokument":[],"video_to":["13575"]},"_links":{"self":[{"href":"https:\/\/tv.a11.cz\/api\/wp\/v2\/video\/13570","targetHints":{"allow":["GET"]}}],"collection":[{"href":"https:\/\/tv.a11.cz\/api\/wp\/v2\/video"}],"about":[{"href":"https:\/\/tv.a11.cz\/api\/wp\/v2\/types\/video"}],"author":[{"embeddable":true,"href":"https:\/\/tv.a11.cz\/api\/wp\/v2\/users\/8"}],"wp:featuredmedia":[{"embeddable":true,"href":"https:\/\/tv.a11.cz\/api\/wp\/v2\/media\/13574"}],"wp:attachment":[{"href":"https:\/\/tv.a11.cz\/api\/wp\/v2\/media?parent=13570"}],"wp:term":[{"taxonomy":"category","embeddable":true,"href":"https:\/\/tv.a11.cz\/api\/wp\/v2\/categories?post=13570"},{"taxonomy":"porad","embeddable":true,"href":"https:\/\/tv.a11.cz\/api\/wp\/v2\/porad?post=13570"},{"taxonomy":"region","embeddable":true,"href":"https:\/\/tv.a11.cz\/api\/wp\/v2\/region?post=13570"},{"taxonomy":"kategorie","embeddable":true,"href":"https:\/\/tv.a11.cz\/api\/wp\/v2\/kategorie?post=13570"}],"curies":[{"name":"wp","href":"https:\/\/api.w.org\/{rel}","templated":true}]}}

Listopad v Muzeu Novojičínska

<p>Také v listopadu pro vás Muzeum Novojičínska připravilo pestrý program. Například v Muzeu nákladních automobilů Tatra v Kopřivnici proběhnou zajímavé přednášky na téma, co se odehrálo 17. listopadu 1939, nebo o historii hasičů okresu Nový Jičín.</p>

Také v listopadu pro vás Muzeum Novojičínska připravilo pestrý program. Například v Muzeu nákladních automobilů Tatra v Kopřivnici proběhnou zajímavé přednášky na téma, co se odehrálo 17. listopadu 1939, nebo o historii hasičů okresu Nový Jičín. V Žerotínském zámku proběhne tradiční Mikulářský jarmark, nebo opět začne cykl z podzimních večerů zvaný Muzejní podbaby, kde si především dámy mohou zkusit rukodělnou výrobu ozdob. Muzeum Šipka Štramberg má pro vás přichystané povídání s názvem Tajemství štramberských jeskyní a neb co nového ve štramberském krasu. Muzeum Frenštád pod Radoštěm bude mít přednášku o postopách Čechů ve světě a také zde začne zajímavá výstava o keramice. V centru tradičních technologií Příbor proběhne Den se starými technologiemi, kde se zaměří na výrobu s klokočí, nebo Den s kutilem, což je oživení výstavy Urob si sám, co dovedou kutilové. Je toho samozřejmě mnohem více, tak navštivte stránky muzeum.nojo.cz
