{"id":13150,"date":"2023-11-01T16:05:29","date_gmt":"2023-11-01T15:05:29","guid":{"rendered":"https:\/\/tv.a11.cz\/?post_type=video&#038;p=13150"},"modified":"2023-11-01T20:19:38","modified_gmt":"2023-11-01T19:19:38","slug":"olomoucti-straznici-dohlizeji-o-dusickach-na-klid-a-poradek","status":"publish","type":"video","link":"https:\/\/tv.a11.cz\/video\/olomoucti-straznici-dohlizeji-o-dusickach-na-klid-a-poradek\/","title":{"rendered":"Olomou\u010dt\u00ed str\u00e1\u017en\u00edci dohl\u00ed\u017eej\u00ed o du\u0161i\u010dk\u00e1ch na klid a po\u0159\u00e1dek"},"content":{"rendered":"","protected":false},"excerpt":{"rendered":"<p>Olomou\u010dt\u00ed m\u011bst\u0161t\u00ed policist\u00e9 dohl\u00ed\u017eej\u00ed i letos b\u011bhem sv\u00e1tku zesnul\u00fdch na klid a po\u0159\u00e1dek na h\u0159bitovech a jejich okol\u00ed. Letos du\u0161i\u010dky p\u0159ipadaj\u00ed na \u010dtvrtek. N\u00e1por poz\u016fstal\u00fdch se ale o\u010dek\u00e1v\u00e1 a\u017e do ned\u011ble 5. listopadu. <\/p>\n","protected":false},"author":8,"featured_media":13193,"template":"","categories":[17,157],"porad":[],"region":[106,59],"kategorie":[],"class_list":["post-13150","video","type-video","status-publish","has-post-thumbnail","hentry","category-domaci","category-zpravy","region-olomoucko","region-olomoucky-kraj"],"acf":[],"meta_box":{"nbla_idec":"N2306447","nbla_title":"Olomou\u010dt\u00ed str\u00e1\u017en\u00edci dohl\u00ed\u017eej\u00ed o du\u0161i\u010dk\u00e1ch na klid a po\u0159\u00e1dek","nbla_subtitle":"","nbla_summary":"","nbla_description":"","nbla_transcription":"Olomou\u010dti m\u011bst\u0161t\u00ed policist\u00e9 dohl\u00ed\u017eej\u00ed i letos b\u011bhem sv\u00e1tku ze snul\u00fdch na klid a po\u0159\u00e1dek na h\u0159bitovech a jejich okol\u00ed. Letos du\u0161i\u010dky p\u0159ipadaj\u00ed na \u010dtvrtek. N\u00e1por poz\u016fstal\u00fdch se ale o\u010dek\u00e1v\u00e1 a\u017e do ned\u011ble 5. listopadu. Str\u00e1\u017en\u00edci se zam\u011b\u0159uj\u00ed p\u0159edev\u0161\u00edm na ochranu osob a majetku, \u0159e\u0161en\u00ed dopravn\u00ed situace \u010di kontrolu st\u00e1nkov\u00e9ho prodeje. I d\u00edky prevenc\u00ed jsou kr\u00e1de\u017ee p\u0159\u00edmo na h\u0159bitovech v posledn\u00ed dob\u011b v\u00fdjime\u010dn\u00e9. Lid\u00e9 si d\u00e1vaj\u00ed na sv\u00e9 v\u011bci lep\u0161\u00ed pozor. \u017de ale auto nen\u00ed trezor ani v\u00fdloha, na to ob\u010das \u0159idi\u010di zapom\u00ednaj\u00ed. A to je p\u0159\u00edle\u017eitost, kter\u00e1, jak se \u0159\u00edk\u00e1, d\u011bl\u00e1 zlod\u011bje. Tak bu\u010fte opatrn\u00ed.","nbla_serie":"","nbla_season":"","nbla_episode":"","nbla_duration":"36.28","nbla_genre":"","nbla_editorial_format":"","nbla_mtime":"1698850077","nbla_url":"https:\/\/origin.a11.cz\/vod\/b949ngpw5yl7ya8gfwvvcpfzi.mp4","nbla_version":"1698850077","nbla_odvysilano":"Ano","bunny_id":"1798a7fa-9879-4aea-b3a4-8c775c5841c5","youtube_id":"","datum_vydani":"20231101","stopaz":"36.28","dokument":[],"video_to":["13194"]},"_links":{"self":[{"href":"https:\/\/tv.a11.cz\/api\/wp\/v2\/video\/13150","targetHints":{"allow":["GET"]}}],"collection":[{"href":"https:\/\/tv.a11.cz\/api\/wp\/v2\/video"}],"about":[{"href":"https:\/\/tv.a11.cz\/api\/wp\/v2\/types\/video"}],"author":[{"embeddable":true,"href":"https:\/\/tv.a11.cz\/api\/wp\/v2\/users\/8"}],"wp:featuredmedia":[{"embeddable":true,"href":"https:\/\/tv.a11.cz\/api\/wp\/v2\/media\/13193"}],"wp:attachment":[{"href":"https:\/\/tv.a11.cz\/api\/wp\/v2\/media?parent=13150"}],"wp:term":[{"taxonomy":"category","embeddable":true,"href":"https:\/\/tv.a11.cz\/api\/wp\/v2\/categories?post=13150"},{"taxonomy":"porad","embeddable":true,"href":"https:\/\/tv.a11.cz\/api\/wp\/v2\/porad?post=13150"},{"taxonomy":"region","embeddable":true,"href":"https:\/\/tv.a11.cz\/api\/wp\/v2\/region?post=13150"},{"taxonomy":"kategorie","embeddable":true,"href":"https:\/\/tv.a11.cz\/api\/wp\/v2\/kategorie?post=13150"}],"curies":[{"name":"wp","href":"https:\/\/api.w.org\/{rel}","templated":true}]}}

Olomoučtí strážníci dohlížejí o dušičkách na klid a pořádek

<p>Olomoučtí městští policisté dohlížejí i letos během svátku zesnulých na klid a pořádek na hřbitovech a jejich okolí. Letos dušičky připadají na čtvrtek. Nápor pozůstalých se ale očekává až do neděle 5. listopadu. </p>

Olomoučti městští policisté dohlížejí i letos během svátku ze snulých na klid a pořádek na hřbitovech a jejich okolí. Letos dušičky připadají na čtvrtek. Nápor pozůstalých se ale očekává až do neděle 5. listopadu. Strážníci se zaměřují především na ochranu osob a majetku, řešení dopravní situace či kontrolu stánkového prodeje. I díky prevencí jsou krádeže přímo na hřbitovech v poslední době výjimečné. Lidé si dávají na své věci lepší pozor. Že ale auto není trezor ani výloha, na to občas řidiči zapomínají. A to je příležitost, která, jak se říká, dělá zloděje. Tak buďte opatrní.
