{"id":12952,"date":"2023-10-27T17:18:22","date_gmt":"2023-10-27T15:18:22","guid":{"rendered":"https:\/\/tv.a11.cz\/?post_type=video&#038;p=12952"},"modified":"2023-10-30T17:20:08","modified_gmt":"2023-10-30T16:20:08","slug":"uherske-hradiste-opravi-ulici-za-dedinou-v-sadech","status":"publish","type":"video","link":"https:\/\/tv.a11.cz\/video\/uherske-hradiste-opravi-ulici-za-dedinou-v-sadech\/","title":{"rendered":"Uhersk\u00e9 Hradi\u0161t\u011b oprav\u00ed ulici Za D\u011bdinou v Sadech"},"content":{"rendered":"","protected":false},"excerpt":{"rendered":"<p>Ulice Za D\u011bdinou v Sadech projde z\u00e1sadn\u00ed rekonstrukc\u00ed. V minulosti tady do\u0161lo k oprav\u00e1m vodovodn\u00edho \u0159adu a povrch vozovky byl do posud opraven jen provizorn\u011b. <\/p>\n","protected":false},"author":8,"featured_media":13026,"template":"","categories":[17,22,159,157],"porad":[],"region":[87,64],"kategorie":[],"class_list":["post-12952","video","type-video","status-publish","has-post-thumbnail","hentry","category-domaci","category-doprava","category-stavebnictvi","category-zpravy","region-hradistsko","region-zlinsky-kraj"],"acf":[],"meta_box":{"nbla_idec":"N2307605","nbla_title":"Uhersk\u00e9 Hradi\u0161t\u011b oprav\u00ed ulici Za D\u011bdinou v Sadech","nbla_subtitle":"","nbla_summary":"","nbla_description":"","nbla_transcription":"Ulice za d\u011bdinou v Sadech projde z\u00e1sadn\u00ed rekonstrukc\u00ed. V minulosti tady do\u0161lo k oprav\u00e1m vodovodn\u00edho \u0159adu a povrch vozovky byl do posud opraven jen provizorn\u011b. Ve slep\u00e9 uli\u010dce je nav\u00edc velk\u00fdm probl\u00e9mem nedostatek prostoru pro ot\u00e1\u010den\u00ed velk\u00fdch vozidel. V r\u00e1mci stavebn\u00edch prac\u00ed bude te\u010f do\u0159e\u0161en cel\u00fd uli\u010dn\u00ed prostor, budou vym\u011bn\u011bny v\u0161echny konstruk\u010dn\u00ed vrsty za nov\u00e9, bude provedeno odvodn\u011bn\u00ed vozovky, vytvo\u0159eny nov\u00e9 spevn\u011bn\u00e9 plochy pro podeln\u00e9 st\u00e1n\u00ed na prav\u00e9 stran\u011b a dl\u00e1\u017eden\u00e1 plocha po lev\u00e9 stran\u011b. M\u011bsto m\u00e1 v pl\u00e1nu v napojen\u00ed na ulici soln\u00e1 cesta vybudovat tak\u00e9 zpomalovac\u00ed pruh a na konci ulice by nav\u00edc m\u011blo vzniknout obrati\u0161t\u011b pro velk\u00e1 vozidla popel\u00e1\u0159\u016f nebo t\u0159eba hasi\u010d\u016f. Stavba by m\u011bla b\u00fdt zah\u00e1jena v p\u016flce \u0159\u00edjna a dokon\u010dena do konce ledna p\u0159\u00ed\u0161t\u00edho roku. P\u0159edpokl\u00e1dan\u00e9 n\u00e1klady na rekonstrukci ulice jsou ve v\u00fd\u0161i 5 700 000 korun. V sou\u010dasn\u00e9 dob\u011b radnice v Sadech buduje tak\u00e9 stesku pro cyklisty i p\u011b\u0161\u00ed, kter\u00e1 tuto \u010d\u00e1st m\u011bsta propoj\u00ed s ma\u0159aticemi.","nbla_serie":"","nbla_season":"","nbla_episode":"","nbla_duration":"63.6","nbla_genre":"","nbla_editorial_format":"","nbla_mtime":"1698419022","nbla_url":"https:\/\/origin.a11.cz\/vod\/al9ghvy57na346sq52n7us13e.mp4","nbla_version":"1698419022","nbla_odvysilano":"Ano","bunny_id":"63f22a44-4da3-4131-9f20-062d63f28623","youtube_id":"","datum_vydani":"20231027","stopaz":"63.6","dokument":[],"video_to":["13027"]},"_links":{"self":[{"href":"https:\/\/tv.a11.cz\/api\/wp\/v2\/video\/12952","targetHints":{"allow":["GET"]}}],"collection":[{"href":"https:\/\/tv.a11.cz\/api\/wp\/v2\/video"}],"about":[{"href":"https:\/\/tv.a11.cz\/api\/wp\/v2\/types\/video"}],"author":[{"embeddable":true,"href":"https:\/\/tv.a11.cz\/api\/wp\/v2\/users\/8"}],"wp:featuredmedia":[{"embeddable":true,"href":"https:\/\/tv.a11.cz\/api\/wp\/v2\/media\/13026"}],"wp:attachment":[{"href":"https:\/\/tv.a11.cz\/api\/wp\/v2\/media?parent=12952"}],"wp:term":[{"taxonomy":"category","embeddable":true,"href":"https:\/\/tv.a11.cz\/api\/wp\/v2\/categories?post=12952"},{"taxonomy":"porad","embeddable":true,"href":"https:\/\/tv.a11.cz\/api\/wp\/v2\/porad?post=12952"},{"taxonomy":"region","embeddable":true,"href":"https:\/\/tv.a11.cz\/api\/wp\/v2\/region?post=12952"},{"taxonomy":"kategorie","embeddable":true,"href":"https:\/\/tv.a11.cz\/api\/wp\/v2\/kategorie?post=12952"}],"curies":[{"name":"wp","href":"https:\/\/api.w.org\/{rel}","templated":true}]}}

Uherské Hradiště opraví ulici Za Dědinou v Sadech

<p>Ulice Za Dědinou v Sadech projde zásadní rekonstrukcí. V minulosti tady došlo k opravám vodovodního řadu a povrch vozovky byl do posud opraven jen provizorně. </p>

Ulice za dědinou v Sadech projde zásadní rekonstrukcí. V minulosti tady došlo k opravám vodovodního řadu a povrch vozovky byl do posud opraven jen provizorně. Ve slepé uličce je navíc velkým problémem nedostatek prostoru pro otáčení velkých vozidel. V rámci stavebních prací bude teď dořešen celý uliční prostor, budou vyměněny všechny konstrukční vrsty za nové, bude provedeno odvodnění vozovky, vytvořeny nové spevněné plochy pro podelné stání na pravé straně a dláždená plocha po levé straně. Město má v plánu v napojení na ulici solná cesta vybudovat také zpomalovací pruh a na konci ulice by navíc mělo vzniknout obratiště pro velká vozidla popelářů nebo třeba hasičů. Stavba by měla být zahájena v půlce října a dokončena do konce ledna příštího roku. Předpokládané náklady na rekonstrukci ulice jsou ve výši 5 700 000 korun. V současné době radnice v Sadech buduje také stesku pro cyklisty i pěší, která tuto část města propojí s mařaticemi.
