{"id":12950,"date":"2023-10-27T17:14:10","date_gmt":"2023-10-27T15:14:10","guid":{"rendered":"https:\/\/tv.a11.cz\/?post_type=video&#038;p=12950"},"modified":"2023-10-30T17:48:41","modified_gmt":"2023-10-30T16:48:41","slug":"archeologove-ukazovali-lidem-jak-se-z-nalezu-stava-muzejni-exponat","status":"publish","type":"video","link":"https:\/\/tv.a11.cz\/video\/archeologove-ukazovali-lidem-jak-se-z-nalezu-stava-muzejni-exponat\/","title":{"rendered":"Archeologov\u00e9 ukazovali lidem, jak se z n\u00e1lezu st\u00e1v\u00e1 muzejn\u00ed expon\u00e1t"},"content":{"rendered":"","protected":false},"excerpt":{"rendered":"<p>Na komentovan\u00e9 prohl\u00eddce expozice Prav\u011bk Uhersko-Hradi\u0161\u0165ska pro\u0161ly \u010dty\u0159i des\u00edtky n\u00e1v\u0161t\u011bvn\u00edk\u016f pam\u00e1tn\u00edk Velk\u00e9 Moravy Cyrilometod\u011bjsk\u00e9ho centra od paleolitu a\u017e po dobu \u0159\u00edmskou. <\/p>\n","protected":false},"author":8,"featured_media":13040,"template":"","categories":[17,172,21,157],"porad":[],"region":[87,64],"kategorie":[],"class_list":["post-12950","video","type-video","status-publish","has-post-thumbnail","hentry","category-domaci","category-historie","category-kultura","category-zpravy","region-hradistsko","region-zlinsky-kraj"],"acf":[],"meta_box":{"nbla_idec":"N2307604","nbla_title":"Archeologov\u00e9 ukazovali lidem, jak se z n\u00e1lezu st\u00e1v\u00e1 muzejn\u00ed expon\u00e1t","nbla_subtitle":"","nbla_summary":"","nbla_description":"","nbla_transcription":"Na komentovan\u00e9 prohl\u00eddce expozice Prav\u011bk Uhersko-Hradiska pro\u0161ly \u010dty\u0159ides\u00edtky n\u00e1v\u0161t\u011bvn\u00edk\u016f pam\u00e1tn\u00edk\u016f Velk\u00e9 Moravy Cyrilometod\u011bjsk\u00e9ho centra od paleolitu a\u017e po dobu \u0159\u00edmskou. V r\u00e1mci Mezin\u00e1rodn\u00ed hodn\u00e9 archeologie zkoumaly, jak\u00e9 n\u00e1lezy z t\u011bchto obdob\u00ed byly v regionu objeveny a sezn\u00e1mily se i z v\u00fdsledky archeologick\u00fdch v\u00fdzkum\u016f. Za\u017e\u00edme se, aby se ve\u0159ejnost pod\u00edvala i tak na tu archeologii, jak j\u00ed nezn\u00e1, to znamen\u00e1 do z\u00e1kulis\u00ed, do dal\u0161\u00edch depozit\u00e1\u0159\u016f, do laborato\u0159\u00ed, jak se tady zpracov\u00e1vaj\u00ed n\u00e1lezy, jak se popisuj\u00ed, inventuj\u00ed, co m\u00e1me ulo\u017een\u00e9 v krabic\u00edch, jak je pom\u011brn\u011b t\u011b\u017ek\u00e9 potom t\u011bch n\u00e1lez\u00ed t\u0159eba slo\u017eit, d\u00e1t dohromady a co je v\u0161echno \u010dek\u00e1 po v\u00fdzkumu. V depozit\u00e1\u0159\u00edch m\u00e1me celou historii, archeologickou historii Slov\u00e1ck\u00e9ho muzea, to znamen\u00e1 od t\u011bch prvn\u00edch n\u00e1lez\u016f ve 20. a 30. letech a a\u017e po tu profesion\u00e1ln\u00ed archeologickou \u010dinnost muzeu, to znamen\u00e1 od 60. let po sou\u010dasnost, tak\u017ee je to n\u011bjak\u00fdch 300 tis\u00edc invent\u00e1rn\u00edch \u010d\u00edsel a v re\u00e1lu n\u011bco kolem p\u016fl milionu a\u017e t\u0159i \u010dtvrt\u011b milionu p\u0159edm\u011bt\u016f. Archeologov\u00e9 p\u0159ipravili tak\u00e9 netradi\u010dn\u00ed workshop, kdy si n\u00e1v\u0161t\u011bvn\u00edci mohli sami um\u00edt rozst\u0159\u00eddit a zaevidovat n\u00e1lezy z aktu\u00e1ln\u00edho z\u00e1chrann\u00e9ho v\u00fdzkumu. V\u0161echny ty p\u0159edm\u011bty, kter\u00e9 tady m\u00e1me, maj\u00ed samoz\u0159ejm\u011b kartu a p\u0159es digitalizaci, p\u0159es po\u010d\u00edta\u010d, m\u016f\u017eeme naj\u00edt jednotlivou lokalitu, ale jednotliv\u00fd konkr\u00e9tn\u00ed p\u0159edm\u011bt, co\u017e m\u016f\u017ee slu\u017eit jak badatel\u016fm, nebo p\u0159i r\u016fzn\u00fdch v\u00fdstav\u00e1ch, v\u00fdp\u016fj\u010dk\u00e1ch a expozic\u00edch. Archeologick\u00e9 ud\u011blen\u00ed Slov\u00e1ck\u00e9ho muzea v 1997. roce postihla velk\u00e1 povode\u0148, tak\u017ee samoz\u0159ejm\u011b s t\u00edm, jak velk\u00e1 povode\u0148 zaplavila cel\u00e9 hradi\u0161t\u011b a zanechala velk\u00e9 ztr\u00e1ty teda i na materi\u00e1ln\u00edm a lidsk\u00fdch \u017eivotech, na materi\u00e1ln\u00edm majitku, tak postihla i Slov\u00e1ck\u00e9 muzeum a postihla i deposit\u00e1\u0159. Tak\u017ee n\u00e1\u0161 deposit\u00e1\u0159 byl tedy ve franti\u0161k\u00e1nsk\u00e9m kl\u00e1\u0161te\u0159e, byl zaplaven\u00fd a samoz\u0159ejm\u011b v d\u016fsledku toho do\u0161lo i ke ztr\u00e1t\u00e1m na n\u011bkter\u00fdch artefaktech. Mezin\u00e1rodn\u00ed den archeologie je sv\u00e1tek, slaven\u00fd v\u017edy t\u0159et\u00ed sobotu v \u0159\u00edjnu, kdy muzejn\u00edci p\u0159ipravuj\u00ed spole\u010densk\u00e9 a kulturn\u00ed akce. V \u010cesk\u00e9 republice se poprv\u00e9 konal v roce 2014.","nbla_serie":"","nbla_season":"","nbla_episode":"","nbla_duration":"116.84","nbla_genre":"","nbla_editorial_format":"","nbla_mtime":"1698419100","nbla_url":"https:\/\/origin.a11.cz\/vod\/498nvgoytgmtih90zv3hiwjqy.mp4","nbla_version":"1698419100","nbla_odvysilano":"Ano","bunny_id":"ab28597c-87bf-428b-804a-e660244d6ac2","youtube_id":"","datum_vydani":"20231027","stopaz":"116.84","dokument":[],"video_to":["13041"]},"_links":{"self":[{"href":"https:\/\/tv.a11.cz\/api\/wp\/v2\/video\/12950","targetHints":{"allow":["GET"]}}],"collection":[{"href":"https:\/\/tv.a11.cz\/api\/wp\/v2\/video"}],"about":[{"href":"https:\/\/tv.a11.cz\/api\/wp\/v2\/types\/video"}],"author":[{"embeddable":true,"href":"https:\/\/tv.a11.cz\/api\/wp\/v2\/users\/8"}],"wp:featuredmedia":[{"embeddable":true,"href":"https:\/\/tv.a11.cz\/api\/wp\/v2\/media\/13040"}],"wp:attachment":[{"href":"https:\/\/tv.a11.cz\/api\/wp\/v2\/media?parent=12950"}],"wp:term":[{"taxonomy":"category","embeddable":true,"href":"https:\/\/tv.a11.cz\/api\/wp\/v2\/categories?post=12950"},{"taxonomy":"porad","embeddable":true,"href":"https:\/\/tv.a11.cz\/api\/wp\/v2\/porad?post=12950"},{"taxonomy":"region","embeddable":true,"href":"https:\/\/tv.a11.cz\/api\/wp\/v2\/region?post=12950"},{"taxonomy":"kategorie","embeddable":true,"href":"https:\/\/tv.a11.cz\/api\/wp\/v2\/kategorie?post=12950"}],"curies":[{"name":"wp","href":"https:\/\/api.w.org\/{rel}","templated":true}]}}

Archeologové ukazovali lidem, jak se z nálezu stává muzejní exponát

<p>Na komentované prohlídce expozice Pravěk Uhersko-Hradišťska prošly čtyři desítky návštěvníků památník Velké Moravy Cyrilometodějského centra od paleolitu až po dobu římskou. </p>

Na komentované prohlídce expozice Pravěk Uhersko-Hradiska prošly čtyřidesítky návštěvníků památníků Velké Moravy Cyrilometodějského centra od paleolitu až po dobu římskou. V rámci Mezinárodní hodné archeologie zkoumaly, jaké nálezy z těchto období byly v regionu objeveny a seznámily se i z výsledky archeologických výzkumů. Zažíme se, aby se veřejnost podívala i tak na tu archeologii, jak jí nezná, to znamená do zákulisí, do dalších depozitářů, do laboratoří, jak se tady zpracovávají nálezy, jak se popisují, inventují, co máme uložené v krabicích, jak je poměrně těžké potom těch nálezí třeba složit, dát dohromady a co je všechno čeká po výzkumu. V depozitářích máme celou historii, archeologickou historii Slováckého muzea, to znamená od těch prvních nálezů ve 20. a 30. letech a až po tu profesionální archeologickou činnost muzeu, to znamená od 60. let po současnost, takže je to nějakých 300 tisíc inventárních čísel a v reálu něco kolem půl milionu až tři čtvrtě milionu předmětů. Archeologové připravili také netradiční workshop, kdy si návštěvníci mohli sami umít rozstřídit a zaevidovat nálezy z aktuálního záchranného výzkumu. Všechny ty předměty, které tady máme, mají samozřejmě kartu a přes digitalizaci, přes počítač, můžeme najít jednotlivou lokalitu, ale jednotlivý konkrétní předmět, což může služit jak badatelům, nebo při různých výstavách, výpůjčkách a expozicích. Archeologické udělení Slováckého muzea v 1997. roce postihla velká povodeň, takže samozřejmě s tím, jak velká povodeň zaplavila celé hradiště a zanechala velké ztráty teda i na materiálním a lidských životech, na materiálním majitku, tak postihla i Slovácké muzeum a postihla i depositář. Takže náš depositář byl tedy ve františkánském klášteře, byl zaplavený a samozřejmě v důsledku toho došlo i ke ztrátám na některých artefaktech. Mezinárodní den archeologie je svátek, slavený vždy třetí sobotu v říjnu, kdy muzejníci připravují společenské a kulturní akce. V České republice se poprvé konal v roce 2014.
