{"id":12870,"date":"2023-10-26T12:01:23","date_gmt":"2023-10-26T10:01:23","guid":{"rendered":"https:\/\/tv.a11.cz\/?post_type=video&#038;p=12870"},"modified":"2023-10-26T15:14:33","modified_gmt":"2023-10-26T13:14:33","slug":"treti-kotel-v-brnenske-spalovne-zatim-nevznikne","status":"publish","type":"video","link":"https:\/\/tv.a11.cz\/video\/treti-kotel-v-brnenske-spalovne-zatim-nevznikne\/","title":{"rendered":"T\u0159et\u00ed kotel v brn\u011bnsk\u00e9 spalovn\u011b zat\u00edm nevznikne"},"content":{"rendered":"","protected":false},"excerpt":{"rendered":"<p>T\u0159et\u00ed kotel v brn\u011bnsk\u00e9 spalovn\u011b zat\u00edm nevznikne, rozhodli brn\u011bn\u0161t\u00ed zastupitel\u00e9. Politici se p\u0159ou, zda m\u00e1 p\u00e1lit jen brn\u011bnsk\u00fd odpad. <\/p>\n","protected":false},"author":8,"featured_media":12884,"template":"","categories":[17,223,157],"porad":[],"region":[134,53],"kategorie":[],"class_list":["post-12870","video","type-video","status-publish","has-post-thumbnail","hentry","category-domaci","category-ekologie","category-zpravy","region-brnensko","region-jihomoravsky-kraj"],"acf":[],"meta_box":{"nbla_idec":"N2301126","nbla_title":"T\u0159et\u00ed kotel v brn\u011bnsk\u00e9 spalovn\u011b zat\u00edm nevznikne","nbla_subtitle":"","nbla_summary":"","nbla_description":"","nbla_transcription":"T\u0159et\u00ed kotel v brn\u011bnsk\u00e9 spalovn\u011b zat\u00edm nevznikne, rozhodli brn\u011bnsk\u00ed zastupitel\u00e9. Politici se p\u0159ou, zda m\u00e1 p\u00e1lit jen brn\u011bnsk\u00fd odpad. Projekt na stavbu ve spalovn\u011b m\u011bstsk\u00e9 firmy Sakoje t\u0159eba znovu p\u0159epracovat, schv\u00e1lilo 32 z 38 zastupitel\u016f. Hlasov\u00e1n\u00ed se nez\u00fa\u010dastnila opozice Pir\u00e1t\u016f a Zelen\u00fdch s hnut\u00edm \u017d\u00edt Brno, kte\u0159\u00ed vybudov\u00e1n\u00ed kotle podporovali a byli proti tajn\u00e9mu hlasov\u00e1n\u00ed. S\u00e1l opustili tak\u00e9 z\u00e1stupci koale\u010dn\u00ed KDU \u010cSL. Vypad\u00e1 n\u00e1m to daleko demokrati\u010dt\u011bj\u0161\u00ed, d\u00e1v\u00e1 to svobodu ka\u017ed\u00e9mu zastupiteli, aby se nec\u00edtil b\u00fdt pod \u017e\u00e1dn\u00fdm tlakem a mohl se rozhodnout svobodn\u011b a hlasoval podle sv\u00e9ho nejlep\u0161\u00edho sv\u011bdom\u00ed a v\u011bdom\u00ed. My jsme se nec\u00edtili pod tlakem, to je samoz\u0159ejm\u011b obecn\u011b \u0159e\u010deno. V\u017edycky si mysl\u00edme, \u017ee tajn\u00e9 hlasov\u00e1n\u00ed v\u00e1s zbavuje jak\u00e9koliv tlaku, i toho hypotetick\u00e9ho, ale ten tady samoz\u0159ejm\u011b nebyl. T\u0159et\u00ed kotel za 4,6 miliardy v Brn\u011bnsk\u00e9 spalovn\u011b zat\u00edm nevznikne. Projekt zastavili s t\u00edm, \u017ee ho d\u00e1l prov\u011b\u0159\u00ed. T\u00edm, \u017ee se to odhlasovalo zru\u0161en\u00ed v\u00fdstavby toho t\u0159et\u00edho kotle, tak pravd\u011bpodobn\u011b vznikla m\u011bstu \u0160koda ve v\u00fd\u0161i a\u017e dv\u011b miliardy a my pravd\u011bpodobn\u011b budeme nuceni podat trestn\u00ed ozn\u00e1men\u00ed na nezn\u00e1m\u00e9ho pachatele. Nov\u00fd kotel pro Brn\u011bnskou spalovnu Sako m\u011bl \u0159e\u0161it je u zav\u0159en\u00ed skl\u00e1dek po roce 2030. K projektu se vyj\u00e1d\u0159il i zakladatel p\u0159\u00edsahy Robert \u010clachta. Dnes to bylo zejm\u00e9no o dostavb\u011b t\u0159et\u00edho kotle v Saku v m\u011bstsk\u00e9 firm\u011b, s t\u00edm, \u017ee zak\u00e1zka byla ji\u017e 10 let p\u0159ipravovan\u00e1. P\u0159ipravovan\u00e1 i tou garniturou, kter\u00e1 je te\u010f u moci a dne\u0161ek m\u011blo doj\u00edt k tomu. A nejsp\u00ed\u0161 o\u010dek\u00e1v\u00e1me je\u0161t\u011b v\u00fdsledek, jestli k tomu do\u0161lo, \u017ee se m\u011bla tato dostavba zajazit toho t\u0159et\u00edho kotle. A my s t\u00edm naprosto nesouvlas\u00edme. \u0158\u00edk\u00e1me, \u017ee zak\u00e1zka byla rozb\u011bhla a byla to vlastn\u011b zak\u00e1zka kolem p\u011bti miliard, tak je v tom tolik podivnosti, \u017ee jsme cht\u011bli i tady \u0159\u00edct sv\u016fj n\u00e1zor a cht\u011bli jsme \u0159\u00edct stanovisko p\u0159\u00edsahy. Brn\u011bnsk\u00e1 spalovna nyn\u00ed provozuje dv\u011b linky K2 a K3, kter\u00e9 spaluj\u00ed odpad a vyr\u00e1b\u00ed z n\u011bj teplo a elekt\u0159inu. Ro\u010dn\u00ed kapacita kotlu je 240 tis\u00edc tun. T\u0159et\u00ed kotel by ji nav\u00fd\u0161il na 352 tis\u00edc tun. Z Brna pro televizi A11. Ji\u0159\u00ed V\u00fdn\u00e9r.","nbla_serie":"","nbla_season":"","nbla_episode":"","nbla_duration":"134.36","nbla_genre":"","nbla_editorial_format":"","nbla_mtime":"1698314318","nbla_url":"https:\/\/origin.a11.cz\/vod\/3xcul8vti0e8msk10garznmyw.mp4","nbla_version":"1698314318","nbla_odvysilano":"Ne","bunny_id":"da38dbe1-9573-4ff1-b684-cb146dafe2c6","youtube_id":"","datum_vydani":"20231026","stopaz":"134.36","dokument":[],"video_to":["12885"]},"_links":{"self":[{"href":"https:\/\/tv.a11.cz\/api\/wp\/v2\/video\/12870","targetHints":{"allow":["GET"]}}],"collection":[{"href":"https:\/\/tv.a11.cz\/api\/wp\/v2\/video"}],"about":[{"href":"https:\/\/tv.a11.cz\/api\/wp\/v2\/types\/video"}],"author":[{"embeddable":true,"href":"https:\/\/tv.a11.cz\/api\/wp\/v2\/users\/8"}],"wp:featuredmedia":[{"embeddable":true,"href":"https:\/\/tv.a11.cz\/api\/wp\/v2\/media\/12884"}],"wp:attachment":[{"href":"https:\/\/tv.a11.cz\/api\/wp\/v2\/media?parent=12870"}],"wp:term":[{"taxonomy":"category","embeddable":true,"href":"https:\/\/tv.a11.cz\/api\/wp\/v2\/categories?post=12870"},{"taxonomy":"porad","embeddable":true,"href":"https:\/\/tv.a11.cz\/api\/wp\/v2\/porad?post=12870"},{"taxonomy":"region","embeddable":true,"href":"https:\/\/tv.a11.cz\/api\/wp\/v2\/region?post=12870"},{"taxonomy":"kategorie","embeddable":true,"href":"https:\/\/tv.a11.cz\/api\/wp\/v2\/kategorie?post=12870"}],"curies":[{"name":"wp","href":"https:\/\/api.w.org\/{rel}","templated":true}]}}

Třetí kotel v brněnské spalovně zatím nevznikne

<p>Třetí kotel v brněnské spalovně zatím nevznikne, rozhodli brněnští zastupitelé. Politici se přou, zda má pálit jen brněnský odpad. </p>

Třetí kotel v brněnské spalovně zatím nevznikne, rozhodli brněnskí zastupitelé. Politici se přou, zda má pálit jen brněnský odpad. Projekt na stavbu ve spalovně městské firmy Sakoje třeba znovu přepracovat, schválilo 32 z 38 zastupitelů. Hlasování se nezúčastnila opozice Pirátů a Zelených s hnutím Žít Brno, kteří vybudování kotle podporovali a byli proti tajnému hlasování. Sál opustili také zástupci koaleční KDU ČSL. Vypadá nám to daleko demokratičtější, dává to svobodu každému zastupiteli, aby se necítil být pod žádným tlakem a mohl se rozhodnout svobodně a hlasoval podle svého nejlepšího svědomí a vědomí. My jsme se necítili pod tlakem, to je samozřejmě obecně řečeno. Vždycky si myslíme, že tajné hlasování vás zbavuje jakékoliv tlaku, i toho hypotetického, ale ten tady samozřejmě nebyl. Třetí kotel za 4,6 miliardy v Brněnské spalovně zatím nevznikne. Projekt zastavili s tím, že ho dál prověří. Tím, že se to odhlasovalo zrušení výstavby toho třetího kotle, tak pravděpodobně vznikla městu Škoda ve výši až dvě miliardy a my pravděpodobně budeme nuceni podat trestní oznámení na neznámého pachatele. Nový kotel pro Brněnskou spalovnu Sako měl řešit je u zavření skládek po roce 2030. K projektu se vyjádřil i zakladatel přísahy Robert Člachta. Dnes to bylo zejméno o dostavbě třetího kotle v Saku v městské firmě, s tím, že zakázka byla již 10 let připravovaná. Připravovaná i tou garniturou, která je teď u moci a dnešek mělo dojít k tomu. A nejspíš očekáváme ještě výsledek, jestli k tomu došlo, že se měla tato dostavba zajazit toho třetího kotle. A my s tím naprosto nesouvlasíme. Říkáme, že zakázka byla rozběhla a byla to vlastně zakázka kolem pěti miliard, tak je v tom tolik podivnosti, že jsme chtěli i tady říct svůj názor a chtěli jsme říct stanovisko přísahy. Brněnská spalovna nyní provozuje dvě linky K2 a K3, které spalují odpad a vyrábí z něj teplo a elektřinu. Roční kapacita kotlu je 240 tisíc tun. Třetí kotel by ji navýšil na 352 tisíc tun. Z Brna pro televizi A11. Jiří Výnér.
