{"id":12759,"date":"2023-10-24T16:07:17","date_gmt":"2023-10-24T14:07:17","guid":{"rendered":"https:\/\/tv.a11.cz\/?post_type=video&#038;p=12759"},"modified":"2023-10-25T19:58:57","modified_gmt":"2023-10-25T17:58:57","slug":"ms-husova-v-uherskem-hradisti-ma-o-tridu-vic","status":"publish","type":"video","link":"https:\/\/tv.a11.cz\/video\/ms-husova-v-uherskem-hradisti-ma-o-tridu-vic\/","title":{"rendered":"M\u0160 Husova v Uhersk\u00e9m Hradi\u0161ti m\u00e1 o t\u0159\u00eddu v\u00edc"},"content":{"rendered":"","protected":false},"excerpt":{"rendered":"<p>Kapacita Mate\u0159sk\u00e9 \u0161koly Husova je o jednu t\u0159\u00eddu bohat\u0161\u00ed. B\u011bhem l\u00e9ta se toti\u017e poda\u0159ilo v suter\u00e9nu budovy vytvo\u0159it prostor pro hran\u00ed, lo\u017enici i nezbytn\u00e9 z\u00e1zem\u00ed. Rekonstrukce prob\u00edhala v pr\u016fb\u011bhu leto\u0161n\u00edch pr\u00e1zdnin.<\/p>\n","protected":false},"author":8,"featured_media":12828,"template":"","categories":[17,25,157],"porad":[],"region":[87,64],"kategorie":[],"class_list":["post-12759","video","type-video","status-publish","has-post-thumbnail","hentry","category-domaci","category-vzdelavani","category-zpravy","region-hradistsko","region-zlinsky-kraj"],"acf":[],"meta_box":{"nbla_idec":"N2307592","nbla_title":"M\u0160 Husova v Uhersk\u00e9m Hradi\u0161ti m\u00e1 o t\u0159\u00eddu v\u00edc","nbla_subtitle":"","nbla_summary":"","nbla_description":"","nbla_transcription":"Kapacita Mate\u0159sk\u00e9 \u0161koly Husova je o jednu t\u0159\u00eddu bohat\u0161\u00ed. B\u011bhem l\u00e9ta se toti\u017e poda\u0159ilo v suter\u00e9nu budovy vytvo\u0159it prostor pro hran\u00ed, lo\u017enici i nezbytn\u00e9 z\u00e1zem\u00ed. Rekonstrukce prob\u00edhala v pr\u016fb\u011bhu leto\u0161n\u00edch pr\u00e1zdn\u00edn a cel\u00e1 st\u00e1la 2,8 milion\u016f korun. Krom\u011b toho samotn\u00e9ho p\u0159ebudov\u00e1n\u00ed t\u011bch prostor do\u0161lo k v\u00fdm\u011bn\u011b podlahov\u00e9 krytiny, p\u0159ebudov\u00e1n\u00ed z\u00e1zem\u00ed, tak\u017ee do\u0161lo skute\u010dn\u011b k tomu, \u017ee ta nov\u00e1 t\u0159\u00edda m\u00e1 plnohodnotn\u00e9 z\u00e1zem\u00ed, tak jak v\u0161echny ostatn\u00ed. Do nov\u00fdch prostor se nast\u011bhovala logopedick\u00e1 t\u0159\u00edda. Ty na \u00fazem\u00ed m\u011bsta funguj\u00ed jen dv\u011b. Jedna je v Jaro\u0161ov\u011b a druh\u00e1 pr\u00e1v\u011b v Mate\u0159sk\u00e9 \u0161kole Husova. Tyto specializovan\u00e9 t\u0159\u00eddy maj\u00ed podle vyhl\u00e1\u0161ky ni\u017e\u0161\u00ed kapacitu, \u010deho\u017e \u0161kolka \u0161ikovn\u011b vyu\u017eila. Vzhledem k tomu, \u017ee ten suteren byl men\u0161\u00ed, tak ta t\u0159\u00edda byla povolena kapacitn\u011b pouze pro 15 d\u011bt\u00ed. A to n\u00e1m umo\u017enilo p\u0159esunout d\u011bti z logopedick\u00e9 t\u0159\u00eddy do t\u011bchto men\u0161\u00edch prostor, proto\u017ee podle vyhl\u00e1\u0161ky v logopedick\u00e9 t\u0159\u00edd\u011b m\u016f\u017ee b\u00fdt maxim\u00e1ln\u011b 14 d\u011bt\u00ed. Tak tyto d\u011bti v\u0161echny p\u0159e\u0161ly do t\u011bchto nov\u00fdch, kr\u00e1sn\u011b vybudovan\u00fdch prostor a uvolnili jsme si t\u0159\u00eddu pro 24 d\u011bt\u00ed. Mate\u0159sk\u00e9 \u0161koly Uhersk\u00e9 hradi\u0161t\u011b tak maj\u00ed celkov\u011b u\u017e 30 t\u0159\u00edd. Kapacita je v sou\u010dasn\u00e9 chv\u00edli prakticky napln\u011bn\u00e1. Podle starosty Stanislava Blahy m\u00e1 ale m\u011bsto, pokud bude pot\u0159eba, p\u0159ipraven\u00e9 sc\u00e9n\u00e1\u0159e i pro dal\u0161\u00ed navy\u0161ov\u00e1n\u00ed po\u010dtu m\u00edst.","nbla_serie":"","nbla_season":"","nbla_episode":"","nbla_duration":"93.44","nbla_genre":"","nbla_editorial_format":"","nbla_mtime":"1698155749","nbla_url":"https:\/\/origin.a11.cz\/vod\/9ksd9w34ew9gsrjdtcl8cynzq.mp4","nbla_version":"1698155749","nbla_odvysilano":"Ano","bunny_id":"12c39289-1926-4fbb-81cc-f2f3b9dd548c","youtube_id":"","datum_vydani":"20231024","stopaz":"93.44","dokument":[],"video_to":["12829"]},"_links":{"self":[{"href":"https:\/\/tv.a11.cz\/api\/wp\/v2\/video\/12759","targetHints":{"allow":["GET"]}}],"collection":[{"href":"https:\/\/tv.a11.cz\/api\/wp\/v2\/video"}],"about":[{"href":"https:\/\/tv.a11.cz\/api\/wp\/v2\/types\/video"}],"author":[{"embeddable":true,"href":"https:\/\/tv.a11.cz\/api\/wp\/v2\/users\/8"}],"wp:featuredmedia":[{"embeddable":true,"href":"https:\/\/tv.a11.cz\/api\/wp\/v2\/media\/12828"}],"wp:attachment":[{"href":"https:\/\/tv.a11.cz\/api\/wp\/v2\/media?parent=12759"}],"wp:term":[{"taxonomy":"category","embeddable":true,"href":"https:\/\/tv.a11.cz\/api\/wp\/v2\/categories?post=12759"},{"taxonomy":"porad","embeddable":true,"href":"https:\/\/tv.a11.cz\/api\/wp\/v2\/porad?post=12759"},{"taxonomy":"region","embeddable":true,"href":"https:\/\/tv.a11.cz\/api\/wp\/v2\/region?post=12759"},{"taxonomy":"kategorie","embeddable":true,"href":"https:\/\/tv.a11.cz\/api\/wp\/v2\/kategorie?post=12759"}],"curies":[{"name":"wp","href":"https:\/\/api.w.org\/{rel}","templated":true}]}}

MŠ Husova v Uherském Hradišti má o třídu víc

<p>Kapacita Mateřské školy Husova je o jednu třídu bohatší. Během léta se totiž podařilo v suterénu budovy vytvořit prostor pro hraní, ložnici i nezbytné zázemí. Rekonstrukce probíhala v průběhu letošních prázdnin.</p>

Kapacita Mateřské školy Husova je o jednu třídu bohatší. Během léta se totiž podařilo v suterénu budovy vytvořit prostor pro hraní, ložnici i nezbytné zázemí. Rekonstrukce probíhala v průběhu letošních prázdnín a celá stála 2,8 milionů korun. Kromě toho samotného přebudování těch prostor došlo k výměně podlahové krytiny, přebudování zázemí, takže došlo skutečně k tomu, že ta nová třída má plnohodnotné zázemí, tak jak všechny ostatní. Do nových prostor se nastěhovala logopedická třída. Ty na území města fungují jen dvě. Jedna je v Jarošově a druhá právě v Mateřské škole Husova. Tyto specializované třídy mají podle vyhlášky nižší kapacitu, čehož školka šikovně využila. Vzhledem k tomu, že ten suteren byl menší, tak ta třída byla povolena kapacitně pouze pro 15 dětí. A to nám umožnilo přesunout děti z logopedické třídy do těchto menších prostor, protože podle vyhlášky v logopedické třídě může být maximálně 14 dětí. Tak tyto děti všechny přešly do těchto nových, krásně vybudovaných prostor a uvolnili jsme si třídu pro 24 dětí. Mateřské školy Uherské hradiště tak mají celkově už 30 tříd. Kapacita je v současné chvíli prakticky naplněná. Podle starosty Stanislava Blahy má ale město, pokud bude potřeba, připravené scénáře i pro další navyšování počtu míst.
