{"id":12749,"date":"2023-10-24T15:44:37","date_gmt":"2023-10-24T13:44:37","guid":{"rendered":"https:\/\/tv.a11.cz\/?post_type=video&#038;p=12749"},"modified":"2023-10-25T16:19:49","modified_gmt":"2023-10-25T14:19:49","slug":"opravy-na-smutecni-sini-ve-vsetine-pokracuji","status":"publish","type":"video","link":"https:\/\/tv.a11.cz\/video\/opravy-na-smutecni-sini-ve-vsetine-pokracuji\/","title":{"rendered":"Opravy na smute\u010dn\u00ed s\u00edni ve Vset\u00edn\u011b pokra\u010duj\u00ed"},"content":{"rendered":"","protected":false},"excerpt":{"rendered":"<p>Vset\u00ednsk\u00e1 smute\u010dn\u00ed s\u00ed\u0148, dominanta Vset\u00ednsk\u00e9ho h\u0159bitova byla kompletn\u011b zrekonstruov\u00e1na p\u0159ed 15 lety. V kv\u011btnu leto\u0161n\u00edch roku Vset\u00ednsk\u00e9 technick\u00e9 slu\u017eby p\u0159istoupili k oprav\u00e1m, kter\u00e9 si vy\u017e\u00e1dal zub \u010dasu.<\/p>\n","protected":false},"author":8,"featured_media":12815,"template":"","categories":[17,159,157],"porad":[],"region":[86,64],"kategorie":[],"class_list":["post-12749","video","type-video","status-publish","has-post-thumbnail","hentry","category-domaci","category-stavebnictvi","category-zpravy","region-vsetinsko","region-zlinsky-kraj"],"acf":[],"meta_box":{"nbla_idec":"N2310280","nbla_title":"Opravy na smute\u010dn\u00ed s\u00edni ve Vset\u00edn\u011b pokra\u010duj\u00ed","nbla_subtitle":"","nbla_summary":"","nbla_description":"","nbla_transcription":"Set\u00ednsk\u00e1 smute\u010dn\u00ed s\u00ed\u0148 dominanta v Set\u00ednsk\u00e9ho h\u0159bitov\u00e9 byla kompletn\u011b zrekonstruov\u00e1na p\u0159ed 15 lety. V kv\u011btnu leto\u0161n\u00edch roku v Set\u00ednsk\u00e9 technick\u00e9 slu\u017eby p\u0159istoupili k oprav\u00e1m, kter\u00e9 si vy\u017e\u00e1dal zub \u010dasu v podob\u011b zat\u00e9k\u00e1n\u00ed a dal\u0161\u00edch probl\u00e9m\u016f. Na za\u010d\u00e1tku opravy byla v pl\u00e1nu vym\u011bna vytahu a oprava schodi\u0161t\u011b, v\u010detn\u011b izolace a z\u00e1bradly. P\u0159i odstran\u011bn\u00ed schodi\u0161t\u011b se zjistilo, \u017ee zat\u00e9k\u00e1 podstatn\u011b v\u00edce ne\u017e se p\u0159edpokl\u00e1dalo a to nejen pod schodi\u0161t\u011b, ale i do z\u00e1kladu stavby. Se\u010dteno, podtr\u017eeno, rozsah prac\u00ed se v\u00fdznamn\u011b roz\u0161\u00ed\u0159il a to m\u00e1 vliv na d\u00e9lku realizace a t\u00edm i na cenu oprav. Krom\u011b zm\u00edn\u011bn\u00fdch v\u00edce prac\u00ed se museli \u0159e\u0161it i dal\u0161\u00ed dlouhodob\u00e9 probl\u00e9my. Znamen\u00e1 to odkopat a odizolovat stavbu a mimo to je\u0161t\u011b se p\u0159i\u0161lo nejeden velk\u00fd probl\u00e9m a to je, \u017ee na z\u00e1chodech je mal\u00fd sp\u00e1d odpadu a z\u00e1chod se p\u0159icp\u00e1v\u00e1. Tak\u017ee i toto budeme \u0159e\u0161it. Aktu\u00e1ln\u011b prob\u00edhaj\u00ed pr\u00e1ce na t\u011blu schodi\u0161t\u011b a jeho nov\u00e9 izolaci. S t\u00edm souvis\u00ed i nov\u00e9 odvodn\u011bn\u00ed de\u0161\u0165ov\u00e9 vody, kter\u00e9 by j\u00ed m\u011blo l\u00e9pe odv\u00e1d\u011bt. S bl\u00ed\u017e\u00edc\u00edmi se du\u0161i\u010dkami by technick\u00e9 slu\u017eby cht\u011bly m\u00edt co nejv\u00edc prac\u00ed na oprav\u00e1ch smute\u010dn\u00ed s\u00edn\u011b hotov\u00fdch. Vy byste to cht\u011bli m\u00edt \u00fapln\u011b hotovo na 100%. J\u00e1 ide\u00e1ln\u011b, kdyby se to poda\u0159ilo tady zvenku s vytahem do t\u011bch du\u0161i\u010dek, aby ob\u010dan\u00e9 mohli to pln\u011b vyu\u017e\u00edvat nebo n\u00e1v\u0161t\u011bvn\u00edci H\u0159bitova mohli pln\u011b vyu\u017e\u00edvat. Ale mysl\u00edm si, \u017ee to kap\u00e1nek prot\u00e1hne s t\u00edm, \u017ee ten odpad pl\u00e1nujeme opravit, aby v p\u0159\u00ed\u0161t\u00ed rok fungoval bez probl\u00e9mu.","nbla_serie":"","nbla_season":"","nbla_episode":"","nbla_duration":"92.68","nbla_genre":"","nbla_editorial_format":"","nbla_mtime":"1698154689","nbla_url":"https:\/\/origin.a11.cz\/vod\/876hqeuv32mzp4f6ue105de3f.mp4","nbla_version":"1698154321","nbla_odvysilano":"Ano","bunny_id":"aa515ac1-7b96-494c-b584-0e5bb192e16a","youtube_id":"","datum_vydani":"20231024","stopaz":"92.68","dokument":[],"video_to":["12816"]},"_links":{"self":[{"href":"https:\/\/tv.a11.cz\/api\/wp\/v2\/video\/12749","targetHints":{"allow":["GET"]}}],"collection":[{"href":"https:\/\/tv.a11.cz\/api\/wp\/v2\/video"}],"about":[{"href":"https:\/\/tv.a11.cz\/api\/wp\/v2\/types\/video"}],"author":[{"embeddable":true,"href":"https:\/\/tv.a11.cz\/api\/wp\/v2\/users\/8"}],"wp:featuredmedia":[{"embeddable":true,"href":"https:\/\/tv.a11.cz\/api\/wp\/v2\/media\/12815"}],"wp:attachment":[{"href":"https:\/\/tv.a11.cz\/api\/wp\/v2\/media?parent=12749"}],"wp:term":[{"taxonomy":"category","embeddable":true,"href":"https:\/\/tv.a11.cz\/api\/wp\/v2\/categories?post=12749"},{"taxonomy":"porad","embeddable":true,"href":"https:\/\/tv.a11.cz\/api\/wp\/v2\/porad?post=12749"},{"taxonomy":"region","embeddable":true,"href":"https:\/\/tv.a11.cz\/api\/wp\/v2\/region?post=12749"},{"taxonomy":"kategorie","embeddable":true,"href":"https:\/\/tv.a11.cz\/api\/wp\/v2\/kategorie?post=12749"}],"curies":[{"name":"wp","href":"https:\/\/api.w.org\/{rel}","templated":true}]}}

Opravy na smuteční síni ve Vsetíně pokračují

<p>Vsetínská smuteční síň, dominanta Vsetínského hřbitova byla kompletně zrekonstruována před 15 lety. V květnu letošních roku Vsetínské technické služby přistoupili k opravám, které si vyžádal zub času.</p>

Setínská smuteční síň dominanta v Setínského hřbitové byla kompletně zrekonstruována před 15 lety. V květnu letošních roku v Setínské technické služby přistoupili k opravám, které si vyžádal zub času v podobě zatékání a dalších problémů. Na začátku opravy byla v plánu vyměna vytahu a oprava schodiště, včetně izolace a zábradly. Při odstranění schodiště se zjistilo, že zatéká podstatně více než se předpokládalo a to nejen pod schodiště, ale i do základu stavby. Sečteno, podtrženo, rozsah prací se významně rozšířil a to má vliv na délku realizace a tím i na cenu oprav. Kromě zmíněných více prací se museli řešit i další dlouhodobé problémy. Znamená to odkopat a odizolovat stavbu a mimo to ještě se přišlo nejeden velký problém a to je, že na záchodech je malý spád odpadu a záchod se přicpává. Takže i toto budeme řešit. Aktuálně probíhají práce na tělu schodiště a jeho nové izolaci. S tím souvisí i nové odvodnění dešťové vody, které by jí mělo lépe odvádět. S blížícími se dušičkami by technické služby chtěly mít co nejvíc prací na opravách smuteční síně hotových. Vy byste to chtěli mít úplně hotovo na 100%. Já ideálně, kdyby se to podařilo tady zvenku s vytahem do těch dušiček, aby občané mohli to plně využívat nebo návštěvníci Hřbitova mohli plně využívat. Ale myslím si, že to kapánek protáhne s tím, že ten odpad plánujeme opravit, aby v příští rok fungoval bez problému.
