{"id":12735,"date":"2023-10-24T22:06:40","date_gmt":"2023-10-24T20:06:40","guid":{"rendered":"https:\/\/tv.a11.cz\/?post_type=video&#038;p=12735"},"modified":"2023-10-25T20:47:48","modified_gmt":"2023-10-25T18:47:48","slug":"mezi-nami-vaclav-nemec-politolog","status":"publish","type":"video","link":"https:\/\/tv.a11.cz\/video\/mezi-nami-vaclav-nemec-politolog\/","title":{"rendered":"V\u00e1clav N\u011bmec &#8211; filozof a politick\u00fd monstrolog"},"content":{"rendered":"","protected":false},"excerpt":{"rendered":"<p>V dne\u0161n\u00edm d\u00edlu v\u00edt\u00e1me pana profesora a docenta filozofick\u00e9 fakulty, V\u00e1clava N\u011bmce. K \u010demu je lidem filozofie? V \u010dem je p\u0159\u00ednosn\u00e1? Pov\u00eddat si ale budeme nejen o n\u00ed. P\u0159ijde \u0159e\u010d i na politiku.<\/p>\n","protected":false},"author":8,"featured_media":12772,"template":"","categories":[175,174,173],"porad":[241],"region":[],"kategorie":[],"class_list":["post-12735","video","type-video","status-publish","has-post-thumbnail","hentry","category-osobnosti","category-rozhovory","category-ze-spolecnosti","porad-mezi-nami"],"acf":[],"meta_box":{"nbla_idec":"A2303156","nbla_title":"Mezi N\u00e1mi","nbla_subtitle":"V\u00e1clav N\u011bmec, politolog","nbla_summary":"Obl\u00edben\u00fd podcast Ond\u0159eje F\u00e9ra p\u0159enesen\u00fd na televizn\u00ed obrazovky. Inspirativn\u00ed vhledy na zaj\u00edmav\u00e1 t\u00e9mata. V\u017edy s humorem, nadhledem a po\u0159\u00e1dnou d\u00e1vkou z\u00e1kulisn\u00edch informac\u00ed o v\u011bd\u011b, politice a byznysu, pravideln\u011b za \u00fa\u010dasti zaj\u00edmav\u00fdch osobnost\u00ed.","nbla_description":"","nbla_transcription":"","nbla_serie":"4236","nbla_season":"2023","nbla_episode":"6","nbla_duration":"2559.84","nbla_genre":"3.5.16","nbla_editorial_format":"2.1.5","nbla_mtime":"1698152261","nbla_url":"https:\/\/origin.a11.cz\/vod\/05fmdl6dvm7qgaixi217rosbq.mp4","nbla_version":"1698152036","nbla_odvysilano":"Ano","bunny_id":"39b325f2-b93c-425a-a4ed-4393fef9551d","youtube_id":"","datum_vydani":"20231024","stopaz":"2559.84","dokument":[],"video_to":[]},"_links":{"self":[{"href":"https:\/\/tv.a11.cz\/api\/wp\/v2\/video\/12735","targetHints":{"allow":["GET"]}}],"collection":[{"href":"https:\/\/tv.a11.cz\/api\/wp\/v2\/video"}],"about":[{"href":"https:\/\/tv.a11.cz\/api\/wp\/v2\/types\/video"}],"author":[{"embeddable":true,"href":"https:\/\/tv.a11.cz\/api\/wp\/v2\/users\/8"}],"wp:featuredmedia":[{"embeddable":true,"href":"https:\/\/tv.a11.cz\/api\/wp\/v2\/media\/12772"}],"wp:attachment":[{"href":"https:\/\/tv.a11.cz\/api\/wp\/v2\/media?parent=12735"}],"wp:term":[{"taxonomy":"category","embeddable":true,"href":"https:\/\/tv.a11.cz\/api\/wp\/v2\/categories?post=12735"},{"taxonomy":"porad","embeddable":true,"href":"https:\/\/tv.a11.cz\/api\/wp\/v2\/porad?post=12735"},{"taxonomy":"region","embeddable":true,"href":"https:\/\/tv.a11.cz\/api\/wp\/v2\/region?post=12735"},{"taxonomy":"kategorie","embeddable":true,"href":"https:\/\/tv.a11.cz\/api\/wp\/v2\/kategorie?post=12735"}],"curies":[{"name":"wp","href":"https:\/\/api.w.org\/{rel}","templated":true}]}}

Václav Němec &#8211; filozof a politický monstrolog

<p>V dnešním dílu vítáme pana profesora a docenta filozofické fakulty, Václava Němce. K čemu je lidem filozofie? V čem je přínosná? Povídat si ale budeme nejen o ní. Přijde řeč i na politiku.</p>

Mezi Námi

Václav Němec, politolog

Oblíbený podcast Ondřeje Féra přenesený na televizní obrazovky. Inspirativní vhledy na zajímavá témata. Vždy s humorem, nadhledem a pořádnou dávkou zákulisních informací o vědě, politice a byznysu, pravidelně za účasti zajímavých osobností.
