{"id":12598,"date":"2023-10-23T14:40:46","date_gmt":"2023-10-23T12:40:46","guid":{"rendered":"https:\/\/tv.a11.cz\/?post_type=video&#038;p=12598"},"modified":"2023-10-24T08:52:38","modified_gmt":"2023-10-24T06:52:38","slug":"film-vezeni-dejin-presune-premieru-na-jaro-2024","status":"publish","type":"video","link":"https:\/\/tv.a11.cz\/video\/film-vezeni-dejin-presune-premieru-na-jaro-2024\/","title":{"rendered":"Film V\u011bzen\u00ed d\u011bjin p\u0159esune premi\u00e9ru na jaro 2024"},"content":{"rendered":"","protected":false},"excerpt":{"rendered":"<p>Film o Uhersko-Hradi\u0161tsk\u00e9 v\u011bznici a jej\u00ed pohnut\u00e9 minulosti se nat\u00e1\u010del dva roky. 30. \u010dervence 2023 padla posledn\u00ed klapka. V sou\u010dasnosti se ve St\u0159i\u017en\u011b Zl\u00ednsk\u00fdch filmov\u00fdch ateli\u00e9r\u016f st\u0159\u00edh\u00e1 trailer k filmu V\u011bzen\u00ed d\u011bjin.<\/p>\n","protected":false},"author":8,"featured_media":12673,"template":"","categories":[17,21,167,157],"porad":[],"region":[87,64],"kategorie":[],"class_list":["post-12598","video","type-video","status-publish","has-post-thumbnail","hentry","category-domaci","category-kultura","category-tv-a-film","category-zpravy","region-hradistsko","region-zlinsky-kraj"],"acf":[],"meta_box":{"nbla_idec":"N2307583","nbla_title":"Film V\u011bzen\u00ed d\u011bjin p\u0159esune premi\u00e9ru na jaro 2024","nbla_subtitle":"","nbla_summary":"","nbla_description":"","nbla_transcription":"Film o uhersko-hradi\u0161tsk\u00e9 v\u011bznici a jej\u00ed pohnut\u00e9 minulosti se nat\u00e1\u010del dva roky. 30. \u010dervence 2023 padla posledn\u00ed klapka. V sou\u010dasnosti se ve St\u0159i\u017en\u011b z l\u00ednsk\u00fdch filmov\u00fdch ateli\u00e9r\u016f st\u0159\u00edh\u00e1 trailer k filmu V\u011bzen\u00ed d\u011bjin, kter\u00fd bude p\u0159edstaven spole\u010dn\u011b s filmem div\u00e1k\u016fm na Mezin\u00e1rodn\u00edm filmov\u00e9m festivalu v Jihlav\u011b. Film se bude prom\u00edtat v r\u00e1mci sekce \u010cesk\u00e1 radost. To nat\u00e1\u010den\u00ed v jist\u00e9m slova smyslu trv\u00e1 des\u00edtky let, proto\u017ee j\u00e1 jsem z Uhersk\u00e9ho hradi\u0161t\u011b a do are\u00e1lu t\u00e9 v\u011bznice jsem chodil jako d\u00edt\u011b do dru\u017einy. M\u00e1m k tomu prostoru bezprost\u0159edn\u00ed vztah a po roce 1989 ve mn\u011b postupn\u011b r\u016fstala skepse z toho, \u017ee ten are\u00e1l u\u017e je 30 let opu\u0161t\u011bn\u00fd, pr\u00e1zdn\u00fd a zd\u00e1 se mn\u011b, \u017ee t\u00edm prozrazuje o n\u00e1s n\u011bjakou takovou pr\u00e1zdnotu v na\u0161\u00ed pam\u011bti a ve vztahu k minulosti a \u017ee i ta moje generace vlastn\u011b dopustila to, \u017ee k tomu to do\u0161lo. \u010cili beru tento film i jako snahu zaplnit tu pr\u00e1zdnotu toho are\u00e1lu na\u0161im sou\u010dasn\u00fdm vn\u00edm\u00e1n\u00edm d\u011bjin. Ve filmu uvid\u00edte ty, jejich \u017eivot byl v ur\u010dit\u00e9 dob\u011b s v\u011bznic\u00ed spjat\u00fd. Nap\u0159\u00edklad Vlastu \u010cernou, kter\u00e1 byla ve v\u011bznici v pouh\u00fdch 17 letech v\u011bzn\u011bna. Filmov\u00e9ho re\u017eis\u00e9ra Ji\u0159\u00edho Svobodu, kter\u00fd zde nat\u00e1\u010del na p\u0159elomu 80. a 90. let film o politick\u00fdch procesech z 50. let. Za velmi d\u016fle\u017eit\u00e9 pova\u017euji to, \u017ee tak, jak n\u00e1m \u0161lo o to, aby ta r\u016fznorodost t\u011bch lid\u00ed byla p\u0159ed kamerou, tak mn\u011b \u0161lo o to, aby byla i za kamerou. J\u00e1 u\u010d\u00edm na Univerzit\u011b Tom\u00e1\u0161e Baty ve Zd\u00edn\u011b na fakult\u011b multimedi\u00e1ln\u00edch komunikac\u00ed na oboru ateli\u00e9r audiovizu\u00e1ln\u00ed tvorby a cel\u00fd \u0161t\u00e1b je sestaven\u00fd ze studentstva. To se t\u00fdk\u00e1 i m\u00e9ho spolure\u017eis\u00e9ra, jednoho z na\u0161ich student\u016f re\u017eie, Mat\u011bje Hrudi\u010dky, ale i st\u0159\u00edha\u010dky, kameramana, zvuka\u0159e, produk\u010dn\u00ed. Je to studentsk\u00fd \u0161t\u00e1b, proto\u017ee n\u00e1m \u0161lo o to, aby ten mezigenera\u010dn\u00ed rozhovor se vedl pr\u00e1v\u011b i za kamerou. Z\u00e1m\u011brem filmu je propustit d\u011bjiny na svobodu. Slavnostn\u00ed premi\u00e9ra filmu V\u011bzen\u00ed d\u011bjin bude v Uhersk\u00e9m hradi\u0161ti po\u010d\u00e1tkem roku 2024. Pot\u00e9 hlavn\u00ed protagoniste nav\u0161t\u00edv\u00ed s filmem i besedou k n\u011bmu dal\u0161\u00ed m\u011bsta \u010cesk\u00e9 republiky.","nbla_serie":"","nbla_season":"","nbla_episode":"","nbla_duration":"144.44","nbla_genre":"","nbla_editorial_format":"","nbla_mtime":"1698064213","nbla_url":"https:\/\/origin.a11.cz\/vod\/dt6gh4rpi5rj7x78m3ikae33v.mp4","nbla_version":"1698064213","nbla_odvysilano":"Ano","bunny_id":"e4adb36e-0b38-429d-96c6-9324665c8f62","youtube_id":"","datum_vydani":"20231023","stopaz":"144.44","dokument":[],"video_to":["12674"]},"_links":{"self":[{"href":"https:\/\/tv.a11.cz\/api\/wp\/v2\/video\/12598","targetHints":{"allow":["GET"]}}],"collection":[{"href":"https:\/\/tv.a11.cz\/api\/wp\/v2\/video"}],"about":[{"href":"https:\/\/tv.a11.cz\/api\/wp\/v2\/types\/video"}],"author":[{"embeddable":true,"href":"https:\/\/tv.a11.cz\/api\/wp\/v2\/users\/8"}],"wp:featuredmedia":[{"embeddable":true,"href":"https:\/\/tv.a11.cz\/api\/wp\/v2\/media\/12673"}],"wp:attachment":[{"href":"https:\/\/tv.a11.cz\/api\/wp\/v2\/media?parent=12598"}],"wp:term":[{"taxonomy":"category","embeddable":true,"href":"https:\/\/tv.a11.cz\/api\/wp\/v2\/categories?post=12598"},{"taxonomy":"porad","embeddable":true,"href":"https:\/\/tv.a11.cz\/api\/wp\/v2\/porad?post=12598"},{"taxonomy":"region","embeddable":true,"href":"https:\/\/tv.a11.cz\/api\/wp\/v2\/region?post=12598"},{"taxonomy":"kategorie","embeddable":true,"href":"https:\/\/tv.a11.cz\/api\/wp\/v2\/kategorie?post=12598"}],"curies":[{"name":"wp","href":"https:\/\/api.w.org\/{rel}","templated":true}]}}

Film Vězení dějin přesune premiéru na jaro 2024

<p>Film o Uhersko-Hradištské věznici a její pohnuté minulosti se natáčel dva roky. 30. července 2023 padla poslední klapka. V současnosti se ve Střižně Zlínských filmových ateliérů stříhá trailer k filmu Vězení dějin.</p>

Film o uhersko-hradištské věznici a její pohnuté minulosti se natáčel dva roky. 30. července 2023 padla poslední klapka. V současnosti se ve Střižně z línských filmových ateliérů stříhá trailer k filmu Vězení dějin, který bude představen společně s filmem divákům na Mezinárodním filmovém festivalu v Jihlavě. Film se bude promítat v rámci sekce Česká radost. To natáčení v jistém slova smyslu trvá desítky let, protože já jsem z Uherského hradiště a do areálu té věznice jsem chodil jako dítě do družiny. Mám k tomu prostoru bezprostřední vztah a po roce 1989 ve mně postupně růstala skepse z toho, že ten areál už je 30 let opuštěný, prázdný a zdá se mně, že tím prozrazuje o nás nějakou takovou prázdnotu v naší paměti a ve vztahu k minulosti a že i ta moje generace vlastně dopustila to, že k tomu to došlo. Čili beru tento film i jako snahu zaplnit tu prázdnotu toho areálu našim současným vnímáním dějin. Ve filmu uvidíte ty, jejich život byl v určité době s věznicí spjatý. Například Vlastu Černou, která byla ve věznici v pouhých 17 letech vězněna. Filmového režiséra Jiřího Svobodu, který zde natáčel na přelomu 80. a 90. let film o politických procesech z 50. let. Za velmi důležité považuji to, že tak, jak nám šlo o to, aby ta různorodost těch lidí byla před kamerou, tak mně šlo o to, aby byla i za kamerou. Já učím na Univerzitě Tomáše Baty ve Zdíně na fakultě multimediálních komunikací na oboru ateliér audiovizuální tvorby a celý štáb je sestavený ze studentstva. To se týká i mého spolurežiséra, jednoho z našich studentů režie, Matěje Hrudičky, ale i stříhačky, kameramana, zvukaře, produkční. Je to studentský štáb, protože nám šlo o to, aby ten mezigenerační rozhovor se vedl právě i za kamerou. Záměrem filmu je propustit dějiny na svobodu. Slavnostní premiéra filmu Vězení dějin bude v Uherském hradišti počátkem roku 2024. Poté hlavní protagoniste navštíví s filmem i besedou k němu další města České republiky.
