{"id":12592,"date":"2023-10-23T14:34:57","date_gmt":"2023-10-23T12:34:57","guid":{"rendered":"https:\/\/tv.a11.cz\/?post_type=video&#038;p=12592"},"modified":"2023-10-23T20:53:36","modified_gmt":"2023-10-23T18:53:36","slug":"santovka-slavila-desate-narozeniny","status":"publish","type":"video","link":"https:\/\/tv.a11.cz\/video\/santovka-slavila-desate-narozeniny\/","title":{"rendered":"\u0160antovka slavila des\u00e1t\u00e9 narozeniny"},"content":{"rendered":"","protected":false},"excerpt":{"rendered":"<p>Atraktivn\u00ed hudebn\u00ed program, slavn\u00e9 osobnosti, sv\u011bteln\u00e1 a akrobatick\u00e1 show, interaktivn\u00ed instalace, virtu\u00e1ln\u00ed st\u011bny. To v\u0161echno si pro sv\u00e9 n\u00e1v\u0161t\u011bvn\u00edky p\u0159ipravila na sobotn\u00ed den Galerie \u0160antovka v r\u00e1mci oslav sv\u00fdch des\u00e1t\u00fdch narozenin.<\/p>\n","protected":false},"author":8,"featured_media":12632,"template":"","categories":[17,157],"porad":[],"region":[106,59],"kategorie":[],"class_list":["post-12592","video","type-video","status-publish","has-post-thumbnail","hentry","category-domaci","category-zpravy","region-olomoucko","region-olomoucky-kraj"],"acf":[],"meta_box":{"nbla_idec":"N2306421","nbla_title":"\u0160antovka slavila des\u00e1t\u00e9 narozeniny","nbla_subtitle":"","nbla_summary":"","nbla_description":"","nbla_transcription":"Atraktivn\u00ed hudebn\u00ed program, slavn\u00e9 osobnosti, sv\u011bteln\u00e1 a akrobatick\u00e1 show, interaktivn\u00ed instalace, virtu\u00e1ln\u00ed st\u011bny. To v\u0161echno si pro sv\u00e9 n\u00e1v\u0161t\u011bvn\u00edky p\u0159ipravila na sobotn\u00ed den Galerie \u0160antovka v r\u00e1mci oslav sv\u00fdch des\u00e1t\u00fdch narozenin. Na oslav\u011b nechyb\u011bly ani fotbalist\u00e9 Sigmy, v\u010detn\u011b hr\u00e1\u010d\u016f A\u010dka. Besedovalo se a rozd\u00e1vali se autogramy. J\u00e1 osobn\u011b mus\u00edm \u0159\u00edct, c\u00edt\u00edm z Galerie \u0160antovka takov\u00e9 souzn\u011bn\u00ed s m\u00edstn\u00edma organizacema, se sportovn\u00edmi kluby, tak\u017ee jsme za tu spolupr\u00e1ci moc r\u00e1di. Konec konc\u016f kav\u00e1rna tady \u010d\u00e1ste\u010dn\u011b nese n\u00e1\u0161 brand, tak\u017ee \u00fapln\u011b se nab\u00edzilo, aby i ta dne\u0161n\u00ed akce se odehr\u00e1vala tady. U p\u0159\u00edle\u017eitosti des\u00e1t\u00fdch oslav jsme p\u0159ipravili historickou v\u00fdstavu, kter\u00e1 reflektuje historickou etapu t\u00e9to lokality. Ta v\u00fdstava u\u017e za\u010d\u00edn\u00e1 na p\u0159\u00edlomu 18. a 19. stolet\u00ed a je a\u017e do sou\u010dasnosti, tak\u017ee lid\u00e9 se mohou pod\u00edvat na to, jak se ta lokalita prom\u011b\u0148ovala, jak r\u016fzn\u011b m\u011bnila vyu\u017eit\u00ed a\u017e do sou\u010dasn\u00e9ho stavu. V m\u00edste, kde kdysi st\u00e1vala tov\u00e1rna Milo, p\u0159esn\u011b p\u0159ed deseti lety takhle za\u010dala nov\u00e1 etapa. 18. \u0159\u00edjna 2013 se otev\u0159ely br\u00e1ny z Brusunov\u00e9 obchodn\u00ed galerie v centru Olomouce a dovnit\u0159 se s nasazen\u00edm zdrav\u00ed \u0159\u00edt\u00ed prvn\u00ed n\u00e1v\u0161t\u011bvn\u00edci ba\u017e\u00edc\u00ed po sl\u00edben\u00fdch slev\u00e1ch. Hned \u00favodn\u00ed den p\u0159i\u0161lo do \u0160antovky 50 tis\u00edc lid\u00ed a chod\u00ed st\u00e1le. \u0160antovci se ur\u010dit\u011b da\u0159\u00ed dob\u0159e. My v r\u00e1mci celorepublikov\u00e9ho sledov\u00e1n\u00ed, jak se da\u0159\u00ed obchodn\u00edm centrum, tak se mus\u00edm pochlubit, proto\u017ee v Olomouck\u00e9m kraji a pota\u017emo na Morav\u011b pat\u0159\u00edme jedno z nejnav\u0161t\u011bvovan\u011bj\u0161\u00edch obchodn\u00edch centr v r\u00e1mci Moravy a ur\u010dit\u011b se n\u00e1m da\u0159\u00ed dob\u0159e. Loni jsme zaznamenali n\u00e1v\u0161t\u011bvnost v\u011bt\u0161\u00ed, jak 8 milion\u016f lid\u00ed p\u0159i\u0161lo za rok do n\u00e1kupn\u00edho centra galerie \u0160antovka a mysl\u00edm si, \u017ee to nen\u00ed jenom o tom, \u017ee jsme obchodn\u00ed pas\u00e1\u017ei, ale p\u0159edev\u0161\u00edm i kulturn\u011b spole\u010densk\u00fdm centrem. A velk\u00e9 pl\u00e1ny m\u00e1 \u0160antovka i do budoucna. Chyst\u00e1 se modernizace pas\u00e1\u017e\u00ed a v\u00fdstavba \u0160antovky 2 na prostranstv\u00ed za Ml\u00ednsk\u00fdm potokem. Vizualizaci p\u0159edstav\u00ed veden\u00ed \u0160antovky v nejbli\u017e\u0161\u00edch dnech.","nbla_serie":"","nbla_season":"","nbla_episode":"","nbla_duration":"134.08","nbla_genre":"","nbla_editorial_format":"","nbla_mtime":"1698063842","nbla_url":"https:\/\/origin.a11.cz\/vod\/133kgbwyf2h7o91kpx26fns4t.mp4","nbla_version":"1698063841","nbla_odvysilano":"Ano","bunny_id":"7f06eea6-3f60-4af2-8ef4-2e3b2f5ee618","youtube_id":"","datum_vydani":"20231023","stopaz":"134.08","dokument":[],"video_to":["12633"]},"_links":{"self":[{"href":"https:\/\/tv.a11.cz\/api\/wp\/v2\/video\/12592","targetHints":{"allow":["GET"]}}],"collection":[{"href":"https:\/\/tv.a11.cz\/api\/wp\/v2\/video"}],"about":[{"href":"https:\/\/tv.a11.cz\/api\/wp\/v2\/types\/video"}],"author":[{"embeddable":true,"href":"https:\/\/tv.a11.cz\/api\/wp\/v2\/users\/8"}],"wp:featuredmedia":[{"embeddable":true,"href":"https:\/\/tv.a11.cz\/api\/wp\/v2\/media\/12632"}],"wp:attachment":[{"href":"https:\/\/tv.a11.cz\/api\/wp\/v2\/media?parent=12592"}],"wp:term":[{"taxonomy":"category","embeddable":true,"href":"https:\/\/tv.a11.cz\/api\/wp\/v2\/categories?post=12592"},{"taxonomy":"porad","embeddable":true,"href":"https:\/\/tv.a11.cz\/api\/wp\/v2\/porad?post=12592"},{"taxonomy":"region","embeddable":true,"href":"https:\/\/tv.a11.cz\/api\/wp\/v2\/region?post=12592"},{"taxonomy":"kategorie","embeddable":true,"href":"https:\/\/tv.a11.cz\/api\/wp\/v2\/kategorie?post=12592"}],"curies":[{"name":"wp","href":"https:\/\/api.w.org\/{rel}","templated":true}]}}

Šantovka slavila desáté narozeniny

<p>Atraktivní hudební program, slavné osobnosti, světelná a akrobatická show, interaktivní instalace, virtuální stěny. To všechno si pro své návštěvníky připravila na sobotní den Galerie Šantovka v rámci oslav svých desátých narozenin.</p>

Atraktivní hudební program, slavné osobnosti, světelná a akrobatická show, interaktivní instalace, virtuální stěny. To všechno si pro své návštěvníky připravila na sobotní den Galerie Šantovka v rámci oslav svých desátých narozenin. Na oslavě nechyběly ani fotbalisté Sigmy, včetně hráčů Ačka. Besedovalo se a rozdávali se autogramy. Já osobně musím říct, cítím z Galerie Šantovka takové souznění s místníma organizacema, se sportovními kluby, takže jsme za tu spolupráci moc rádi. Konec konců kavárna tady částečně nese náš brand, takže úplně se nabízilo, aby i ta dnešní akce se odehrávala tady. U příležitosti desátých oslav jsme připravili historickou výstavu, která reflektuje historickou etapu této lokality. Ta výstava už začíná na přílomu 18. a 19. století a je až do současnosti, takže lidé se mohou podívat na to, jak se ta lokalita proměňovala, jak různě měnila využití až do současného stavu. V míste, kde kdysi stávala továrna Milo, přesně před deseti lety takhle začala nová etapa. 18. října 2013 se otevřely brány z Brusunové obchodní galerie v centru Olomouce a dovnitř se s nasazením zdraví řítí první návštěvníci bažící po slíbených slevách. Hned úvodní den přišlo do Šantovky 50 tisíc lidí a chodí stále. Šantovci se určitě daří dobře. My v rámci celorepublikového sledování, jak se daří obchodním centrum, tak se musím pochlubit, protože v Olomouckém kraji a potažmo na Moravě patříme jedno z nejnavštěvovanějších obchodních centr v rámci Moravy a určitě se nám daří dobře. Loni jsme zaznamenali návštěvnost větší, jak 8 milionů lidí přišlo za rok do nákupního centra galerie Šantovka a myslím si, že to není jenom o tom, že jsme obchodní pasáži, ale především i kulturně společenským centrem. A velké plány má Šantovka i do budoucna. Chystá se modernizace pasáží a výstavba Šantovky 2 na prostranství za Mlínským potokem. Vizualizaci představí vedení Šantovky v nejbližších dnech.
