{"id":12580,"date":"2023-10-23T14:20:24","date_gmt":"2023-10-23T12:20:24","guid":{"rendered":"https:\/\/tv.a11.cz\/?post_type=video&#038;p=12580"},"modified":"2023-10-24T14:26:39","modified_gmt":"2023-10-24T12:26:39","slug":"mladi-basketbaliste-slavoje-si-v-celostatni-lize-vedou-dobre","status":"publish","type":"video","link":"https:\/\/tv.a11.cz\/video\/mladi-basketbaliste-slavoje-si-v-celostatni-lize-vedou-dobre\/","title":{"rendered":"Mlad\u00ed basketbalist\u00e9 Slavoje si v celost\u00e1tn\u00ed lize vedou dob\u0159e"},"content":{"rendered":"","protected":false},"excerpt":{"rendered":"<p>Kadeti kategorie U17 litom\u011b\u0159ick\u00e9ho basketbalov\u00e9ho Slavoje sehr\u00e1li u minul\u00e9m v\u00edkendu dv\u011b utk\u00e1n\u00ed celost\u00e1tn\u00ed sout\u011b\u017ee, kde si zat\u00edm vedou velmi dob\u0159e. V sobotu na dom\u00e1c\u00ed palubovce v hale u stadionu p\u0159iv\u00edtali podobn\u011b \u00fasp\u011b\u0161n\u00e9 mlad\u00edky z Liberce. <\/p>\n","protected":false},"author":8,"featured_media":12715,"template":"","categories":[17,28,184,157],"porad":[],"region":[93,63],"kategorie":[],"class_list":["post-12580","video","type-video","status-publish","has-post-thumbnail","hentry","category-domaci","category-sport","category-z-regionu","category-zpravy","region-litomericko","region-ustecky-kraj"],"acf":[],"meta_box":{"nbla_idec":"N2303320","nbla_title":"Mlad\u00ed basketbalist\u00e9 Slavoje si v celost\u00e1tn\u00ed lize vedou dob\u0159e","nbla_subtitle":"","nbla_summary":"","nbla_description":"","nbla_transcription":"Kadeti kategorie U17 litom h\u0159eck\u00e9ho basketbalov\u00e9ho Slavuje sehr\u00e1li u minul\u00e9m v\u00edkendu dv\u011b utk\u00e1n\u00ed celost\u00e1tn\u00ed sout\u011b\u017ee, kde se zat\u00edm vedou velmi dob\u0159e. V sobotu na dom\u00e1c\u00ed palubovce v hale u stadionu p\u0159iv\u00edtali podobn\u011b \u00fasp\u011b\u0161n\u00e9 mlad\u00edky z Liberce. Je to v\u00edcem\u00e9n\u011b souboj o vrchn\u00ed p\u0159\u00ed\u010dky t\u00e9to sout\u011b\u017ee, pon\u011bvad\u017e n\u00e1\u0161 t\u00fdm m\u00e1 moment\u00e1ln\u011b jednu prohru a t\u00fdm Liberce je bez prohry. Tato liga se hraje na v\u00edce skupin, tak\u017ee tady to je jako na\u0161e skupina, ale bojujeme a chceme postoupit do vlastn\u011b \u00fapln\u011b nejvy\u0161\u0161\u00ed extraligy. T\u00fdm je slo\u017een v\u00edcem\u00e9n\u011b p\u0159ev\u00e1\u017en\u011b z litom h\u0159eck\u00fdch odchovanc\u016f, kter\u00fd dopl\u0148ujeme o kluky, kte\u0159\u00ed se nedostali ve sv\u00fdch klubech tady po okol\u00ed do t\u00e9 nejvy\u0161\u0161\u00ed sout\u011b\u017ee, tak\u017ee m\u016f\u017eou dost\u00e1vat tu \u0161anci u n\u00e1s. St\u00e1le ta sezona je na za\u010d\u00e1tku, moment\u00e1ln\u011b jsou odehran\u00e9 dv\u011b kola, tak\u017ee \u010dty\u0159i z\u00e1pasy. Liberec to m\u00e1 4-0, my v 3-1, tak\u017ee furt je ta sezona na za\u010d\u00e1tku a st\u00e1t se m\u016f\u017ee cokoliv. M\u016f\u017ee se to \u00fapln\u011b oto\u010dit, m\u016f\u017eou ten t\u00fdbek skon\u010dit se \u010dty\u0159ma v\u00fdhrama \u00fapln\u011b na konci sez\u00f3ny a zbytek prohr\u00e1t. Tak\u017ee vlastn\u011b tady ty z\u00e1pasy jsou d\u016fle\u017eit\u00fd, ka\u017ed\u00fd z\u00e1pas je d\u016fle\u017eit\u00fd, ale nen\u00ed to z\u00e1pas, kter\u00fd by rozhodoval v\u0161echno. Ta sezona je dlouh\u00e1 a z\u00e1le\u017e\u00ed, jak se to odhraje i na zdravotn\u00edm stavu hr\u00e1\u010d\u016f samoz\u0159ejm\u011b. Sobotn\u00ed z\u00e1pas kadet\u016fm nevy\u0161el a Liber si nakonec podlehli celkem vysoko 46-73, chu\u0165 si ale zpravil hned v ned\u011bli s pra\u017eskou Spartou, kdy v infarktov\u00e9m z\u00e1pase oto\u010dili 20-bodov\u00e9 Manco a dok\u00e1zali zv\u00edt\u011bzit v pom\u011bru 60-58. Aktu\u00e1ln\u011b jim tak pat\u0159\u00ed \u010dtvrt\u00e1 p\u0159\u00ed\u010dka tabulky skupiny A a na prvn\u00ed Liberec str\u00e1ce j\u00ed pouh\u00fd bod. Jak potvrzujete prv\u00fd patn\u00e1ctilet\u00fd Filip Koval, maj\u00ed litovn\u011b \u0159e\u0161\u00ed mlad\u00edci jen ty nejvy\u0161\u0161\u00ed c\u00edle. Tato je druh\u00e1 nejvy\u0161\u0161\u00ed sout\u011b\u017e a je to pro n\u00e1s d\u016fle\u017eit\u00fd, proto\u017ee chceme postoupit do excelogy. U\u017e to hraju des\u00e1t\u00fdm rokem a hraju to, proto\u017ee m\u011b to bav\u00ed a jednou bych cht\u011bl hr\u00e1t i profesion\u00e1ln\u011b. Basketbalist\u016fm slavuje leto\u0161n\u00ed sez\u00f3na, zat\u00edm obecn\u011b celkem vych\u00e1z\u00ed. A t\u00fdm mu\u017e\u016f je v prvn\u00ed lize jen oskor na druh\u00e9 p\u0159\u00ed\u010dce. Hr\u00e1t za Slavoj Basketball mohou v litom\u011b\u0159ic\u00edch skute\u010dn\u011b v\u0161echny v\u011bkov\u00e9 kategorie. U n\u00e1s se tr\u00e9nuje ka\u017ed\u00fd den. V \u00fater\u00fd a st\u0159eda a \u010dtvrtek m\u00e1me i rank tr\u00e9ninky. Od t\u0159i \u010dtvrty na sedm do t\u0159i \u010dtvrty na osm, aby to zvl\u00e1dali se \u0161kolou. M\u00e1me tady kategorie u\u017e od \u00fapln\u011b nejmlad\u0161\u00ed p\u0159\u00edpravky a krou\u017eku, co\u017e jsou d\u011bti ze \u0161kolky. Taky po\u0159\u00e1d\u00e1me i tr\u00e9ninky pro \u0161kolkov\u00e9 d\u011bti v z\u00e1mci n\u00e1borov\u00fdch akc\u00ed. A tr\u00e9nujeme vlastn\u011b v ml\u00e1de\u017ei a\u017e do kategorie U19, kde hrajeme extra ligu. A mu\u017ei, kte\u0159\u00ed hraj\u00ed severo\u010deskou ligu, druhou ligu a prvn\u00ed ligu.","nbla_serie":"","nbla_season":"","nbla_episode":"","nbla_duration":"160.76","nbla_genre":"","nbla_editorial_format":"","nbla_mtime":"1698063057","nbla_url":"https:\/\/origin.a11.cz\/vod\/7kmhdx4o3og20wqco878kowlp.mp4","nbla_version":"1698063057","nbla_odvysilano":"Ano","bunny_id":"3d059fb1-5908-4616-afd5-91384b24e9cf","youtube_id":"","datum_vydani":"20231023","stopaz":"160.76","dokument":[],"video_to":["12717"]},"_links":{"self":[{"href":"https:\/\/tv.a11.cz\/api\/wp\/v2\/video\/12580","targetHints":{"allow":["GET"]}}],"collection":[{"href":"https:\/\/tv.a11.cz\/api\/wp\/v2\/video"}],"about":[{"href":"https:\/\/tv.a11.cz\/api\/wp\/v2\/types\/video"}],"author":[{"embeddable":true,"href":"https:\/\/tv.a11.cz\/api\/wp\/v2\/users\/8"}],"wp:featuredmedia":[{"embeddable":true,"href":"https:\/\/tv.a11.cz\/api\/wp\/v2\/media\/12715"}],"wp:attachment":[{"href":"https:\/\/tv.a11.cz\/api\/wp\/v2\/media?parent=12580"}],"wp:term":[{"taxonomy":"category","embeddable":true,"href":"https:\/\/tv.a11.cz\/api\/wp\/v2\/categories?post=12580"},{"taxonomy":"porad","embeddable":true,"href":"https:\/\/tv.a11.cz\/api\/wp\/v2\/porad?post=12580"},{"taxonomy":"region","embeddable":true,"href":"https:\/\/tv.a11.cz\/api\/wp\/v2\/region?post=12580"},{"taxonomy":"kategorie","embeddable":true,"href":"https:\/\/tv.a11.cz\/api\/wp\/v2\/kategorie?post=12580"}],"curies":[{"name":"wp","href":"https:\/\/api.w.org\/{rel}","templated":true}]}}

Mladí basketbalisté Slavoje si v celostátní lize vedou dobře

<p>Kadeti kategorie U17 litoměřického basketbalového Slavoje sehráli u minulém víkendu dvě utkání celostátní soutěže, kde si zatím vedou velmi dobře. V sobotu na domácí palubovce v hale u stadionu přivítali podobně úspěšné mladíky z Liberce. </p>

Kadeti kategorie U17 litom hřeckého basketbalového Slavuje sehráli u minulém víkendu dvě utkání celostátní soutěže, kde se zatím vedou velmi dobře. V sobotu na domácí palubovce v hale u stadionu přivítali podobně úspěšné mladíky z Liberce. Je to víceméně souboj o vrchní příčky této soutěže, poněvadž náš tým má momentálně jednu prohru a tým Liberce je bez prohry. Tato liga se hraje na více skupin, takže tady to je jako naše skupina, ale bojujeme a chceme postoupit do vlastně úplně nejvyšší extraligy. Tým je složen víceméně převážně z litom hřeckých odchovanců, který doplňujeme o kluky, kteří se nedostali ve svých klubech tady po okolí do té nejvyšší soutěže, takže můžou dostávat tu šanci u nás. Stále ta sezona je na začátku, momentálně jsou odehrané dvě kola, takže čtyři zápasy. Liberec to má 4-0, my v 3-1, takže furt je ta sezona na začátku a stát se může cokoliv. Může se to úplně otočit, můžou ten týbek skončit se čtyřma výhrama úplně na konci sezóny a zbytek prohrát. Takže vlastně tady ty zápasy jsou důležitý, každý zápas je důležitý, ale není to zápas, který by rozhodoval všechno. Ta sezona je dlouhá a záleží, jak se to odhraje i na zdravotním stavu hráčů samozřejmě. Sobotní zápas kadetům nevyšel a Liber si nakonec podlehli celkem vysoko 46-73, chuť si ale zpravil hned v neděli s pražskou Spartou, kdy v infarktovém zápase otočili 20-bodové Manco a dokázali zvítězit v poměru 60-58. Aktuálně jim tak patří čtvrtá příčka tabulky skupiny A a na první Liberec stráce jí pouhý bod. Jak potvrzujete prvý patnáctiletý Filip Koval, mají litovně řeší mladíci jen ty nejvyšší cíle. Tato je druhá nejvyšší soutěž a je to pro nás důležitý, protože chceme postoupit do excelogy. Už to hraju desátým rokem a hraju to, protože mě to baví a jednou bych chtěl hrát i profesionálně. Basketbalistům slavuje letošní sezóna, zatím obecně celkem vychází. A tým mužů je v první lize jen oskor na druhé příčce. Hrát za Slavoj Basketball mohou v litoměřicích skutečně všechny věkové kategorie. U nás se trénuje každý den. V úterý a středa a čtvrtek máme i rank tréninky. Od tři čtvrty na sedm do tři čtvrty na osm, aby to zvládali se školou. Máme tady kategorie už od úplně nejmladší přípravky a kroužku, což jsou děti ze školky. Taky pořádáme i tréninky pro školkové děti v zámci náborových akcí. A trénujeme vlastně v mládeži až do kategorie U19, kde hrajeme extra ligu. A muži, kteří hrají severočeskou ligu, druhou ligu a první ligu.
