{"id":12577,"date":"2023-10-23T14:15:35","date_gmt":"2023-10-23T12:15:35","guid":{"rendered":"https:\/\/tv.a11.cz\/?post_type=video&#038;p=12577"},"modified":"2023-10-24T14:41:50","modified_gmt":"2023-10-24T12:41:50","slug":"meganapady-nahradi-nove-projekty-pro-mesto","status":"publish","type":"video","link":"https:\/\/tv.a11.cz\/video\/meganapady-nahradi-nove-projekty-pro-mesto\/","title":{"rendered":"Megan\u00e1pady nahrad\u00ed nov\u00e9 Projekty pro m\u011bsto"},"content":{"rendered":"","protected":false},"excerpt":{"rendered":"<p>Projekty pro m\u011bsto je nov\u00fd n\u00e1zev pro chebsk\u00fd participativn\u00ed rozpo\u010det. B\u00fdval\u00e9 Megan\u00e1pady i sou\u010dasn\u00e9 n\u00e1vrhy umo\u017e\u0148uj\u00ed, aby se ob\u010dan\u00e9 zapojili do rozhodov\u00e1n\u00ed o rozvoji sv\u00e9 obce. N\u00e1klady akce se zv\u00fd\u0161\u00ed pro p\u0159\u00ed\u0161t\u00ed rok z p\u011bti na \u0161est milion\u016f korun. <\/p>\n","protected":false},"author":8,"featured_media":12726,"template":"","categories":[17,157],"porad":[],"region":[130,54],"kategorie":[],"class_list":["post-12577","video","type-video","status-publish","has-post-thumbnail","hentry","category-domaci","category-zpravy","region-chebsko","region-karlovarsky-kraj"],"acf":[],"meta_box":{"nbla_idec":"N2302137","nbla_title":"Megan\u00e1pady nahrad\u00ed nov\u00e9 Projekty pro m\u011bsto","nbla_subtitle":"","nbla_summary":"","nbla_description":"","nbla_transcription":"Projekty pro m\u011bsto je nov\u00fd n\u00e1zev Prochebsk\u00fd participativn\u00ed rozpo\u010det. B\u00fdval\u00e9 megan\u00e1pady i sou\u010dasn\u00e9 n\u00e1vrhy umo\u017e\u0148uj\u00ed, aby se ob\u010dan\u00e9 zapojili do rozhodov\u00e1n\u00ed o rozvoji sv\u00e9 obce. N\u00e1klady akce se zv\u00fd\u0161\u00ed pro p\u0159\u00ed\u0161t\u00ed rok z 5 na 6 milion\u016f korun. Tam z\u00e1kladn\u00ed \u00faprava spo\u010d\u00edv\u00e1 v tom, \u017ee m\u011bsto nab\u00eddne ob\u010dan\u016fm, aby vybrali z p\u0159edp\u0159ipraven\u00fdch projekt\u016f, kde je mo\u017enost realizace, kdy\u017e byla prov\u011b\u0159ena z hlediska finan\u010dn\u00edho, stavebn\u00edho \u0159\u00edzen\u00ed a v\u0161eho ostatn\u00edho, aby vybrali projekty, kter\u00e9 si mysl\u00ed, \u017ee je dobr\u00e9 realizovat, kter\u00e9 budou m\u00edt z\u00e1jem. To je takov\u00e1 z\u00e1kladn\u00ed zm\u011bna, kdy se nevych\u00e1z\u00ed z toho, \u017ee ob\u010dan\u00e9 na za\u010d\u00e1tku n\u00e1voduj\u00ed v\u0161echno a pak to m\u011bsto zpracov\u00e1v\u00e1. My sou\u010dasn\u011b ob\u010dan\u016fm po\u017e\u00e1d\u00e1me o dal\u0161\u00ed podn\u011bty a n\u00e1m\u011bty, co by se mohlo ve m\u011bst\u011b ud\u011blat, kter\u00e9 m\u011bsto zpracuje n\u011bjak\u00fdm zp\u016fsobem a u\u017e bude jasno p\u0159edem, p\u0159ed rozhodov\u00e1n\u00edm o tom, kter\u00fd vybrat, kolik to p\u0159ibli\u017en\u011b bude st\u00e1t a jak to bude pracn\u00e9 a jestli to je v\u016fbec realizovateln\u00e9. U t\u011bch megan\u00e1pad\u016f toho d\u0159\u00edv\u011bj\u0161\u00edho p\u0159\u00edstupu se st\u00e1valo, \u017ee n\u011bkter\u00e9 odsouhasen\u00e9 ob\u010dany vybran\u00e9 projekty bylo obt\u00ed\u017en\u00e9 realizovat, zvy\u0161ovaly se realiza\u010dn\u00ed ceny, ale i se za\u0165a\u017eoval apar\u00e1t m\u011bsta s p\u0159\u00edpravou t\u011bch staveb. Zatiska stavebn\u00edch \u0159\u00edzen\u00ed, kter\u00e9 museli letzdy proj\u00edt i n\u011bjakou tou n\u00e1zorem pam\u00e1tk\u00e1\u0159\u016f na t\u00e9 v\u011bci a dneska to byly projekty, kter\u00e9 u\u017e budou p\u0159edp\u0159ipraven\u00e9 a na lidech bude, aby rozhodli, co z toho je dobr\u00e9 a co z toho mo\u017en\u00e1 ne. T\u0159eba se to nikdy neud\u011bl\u00e1. My jsme te\u010f vy\u0161li z toho, \u017ee jsme m\u011bli n\u00e1sobn\u00edk ur\u010dit\u00fdch projekt\u016f p\u0159ipraven\u00fdch, v\u010detn\u011b stavebn\u00edch povolen\u00ed i t\u011bch n\u00e1klad\u016f a nikdy nebylo ani politicky jasno, jestli se to m\u00e1 d\u011blat nebo ne. Tak a\u0165 si ob\u010dany rozhodnou. Hlasov\u00e1n\u00ed dal\u0161\u00edho ro\u010dn\u00edku bude zah\u00e1jeno v pond\u011bl\u00ed 20. listopadu. B\u011bhem 14 dn\u016f do ned\u011ble 3. prosince se na nov\u00fdch str\u00e1nk\u00e1ch www.projektyprom\u011bsto.cz p\u0159edstav\u00ed v\u0161echny zva\u017eovan\u00e9 akce. Ji\u017e v sou\u010dasn\u00e9 dob\u011b jsou na webu zve\u0159ejn\u011bn\u00e9 podrobn\u00e9 informace a pravidla prohlasov\u00e1n\u00ed.","nbla_serie":"","nbla_season":"","nbla_episode":"","nbla_duration":"140.52","nbla_genre":"","nbla_editorial_format":"","nbla_mtime":"1698062797","nbla_url":"https:\/\/origin.a11.cz\/vod\/bx03y9snvmvy8lls89im8obqh.mp4","nbla_version":"1698062797","nbla_odvysilano":"Ano","bunny_id":"945be0b2-0958-4a58-bbde-18c56fcf0acf","youtube_id":"","datum_vydani":"20231023","stopaz":"140.52","dokument":[],"video_to":["12727"]},"_links":{"self":[{"href":"https:\/\/tv.a11.cz\/api\/wp\/v2\/video\/12577","targetHints":{"allow":["GET"]}}],"collection":[{"href":"https:\/\/tv.a11.cz\/api\/wp\/v2\/video"}],"about":[{"href":"https:\/\/tv.a11.cz\/api\/wp\/v2\/types\/video"}],"author":[{"embeddable":true,"href":"https:\/\/tv.a11.cz\/api\/wp\/v2\/users\/8"}],"wp:featuredmedia":[{"embeddable":true,"href":"https:\/\/tv.a11.cz\/api\/wp\/v2\/media\/12726"}],"wp:attachment":[{"href":"https:\/\/tv.a11.cz\/api\/wp\/v2\/media?parent=12577"}],"wp:term":[{"taxonomy":"category","embeddable":true,"href":"https:\/\/tv.a11.cz\/api\/wp\/v2\/categories?post=12577"},{"taxonomy":"porad","embeddable":true,"href":"https:\/\/tv.a11.cz\/api\/wp\/v2\/porad?post=12577"},{"taxonomy":"region","embeddable":true,"href":"https:\/\/tv.a11.cz\/api\/wp\/v2\/region?post=12577"},{"taxonomy":"kategorie","embeddable":true,"href":"https:\/\/tv.a11.cz\/api\/wp\/v2\/kategorie?post=12577"}],"curies":[{"name":"wp","href":"https:\/\/api.w.org\/{rel}","templated":true}]}}

Meganápady nahradí nové Projekty pro město

<p>Projekty pro město je nový název pro chebský participativní rozpočet. Bývalé Meganápady i současné návrhy umožňují, aby se občané zapojili do rozhodování o rozvoji své obce. Náklady akce se zvýší pro příští rok z pěti na šest milionů korun. </p>

Projekty pro město je nový název Prochebský participativní rozpočet. Bývalé meganápady i současné návrhy umožňují, aby se občané zapojili do rozhodování o rozvoji své obce. Náklady akce se zvýší pro příští rok z 5 na 6 milionů korun. Tam základní úprava spočívá v tom, že město nabídne občanům, aby vybrali z předpřipravených projektů, kde je možnost realizace, když byla prověřena z hlediska finančního, stavebního řízení a všeho ostatního, aby vybrali projekty, které si myslí, že je dobré realizovat, které budou mít zájem. To je taková základní změna, kdy se nevychází z toho, že občané na začátku návodují všechno a pak to město zpracovává. My současně občanům požádáme o další podněty a náměty, co by se mohlo ve městě udělat, které město zpracuje nějakým způsobem a už bude jasno předem, před rozhodováním o tom, který vybrat, kolik to přibližně bude stát a jak to bude pracné a jestli to je vůbec realizovatelné. U těch meganápadů toho dřívějšího přístupu se stávalo, že některé odsouhasené občany vybrané projekty bylo obtížné realizovat, zvyšovaly se realizační ceny, ale i se zaťažoval aparát města s přípravou těch staveb. Zatiska stavebních řízení, které museli letzdy projít i nějakou tou názorem památkářů na té věci a dneska to byly projekty, které už budou předpřipravené a na lidech bude, aby rozhodli, co z toho je dobré a co z toho možná ne. Třeba se to nikdy neudělá. My jsme teď vyšli z toho, že jsme měli násobník určitých projektů připravených, včetně stavebních povolení i těch nákladů a nikdy nebylo ani politicky jasno, jestli se to má dělat nebo ne. Tak ať si občany rozhodnou. Hlasování dalšího ročníku bude zahájeno v pondělí 20. listopadu. Během 14 dnů do neděle 3. prosince se na nových stránkách www.projektyproměsto.cz představí všechny zvažované akce. Již v současné době jsou na webu zveřejněné podrobné informace a pravidla prohlasování.
