{"id":12573,"date":"2023-10-23T14:10:17","date_gmt":"2023-10-23T12:10:17","guid":{"rendered":"https:\/\/tv.a11.cz\/?post_type=video&#038;p=12573"},"modified":"2023-10-23T16:52:14","modified_gmt":"2023-10-23T14:52:14","slug":"beneficni-hudebni-vecer-strakonickych-rodaku-vynesl-19-600-korun","status":"publish","type":"video","link":"https:\/\/tv.a11.cz\/video\/beneficni-hudebni-vecer-strakonickych-rodaku-vynesl-19-600-korun\/","title":{"rendered":"Benefi\u010dn\u00ed Hudebn\u00ed ve\u010der strakonick\u00fdch rod\u00e1k\u016f vynesl 19 600 korun"},"content":{"rendered":"","protected":false},"excerpt":{"rendered":"<p>V s\u00edni Strakonick\u00e9ho hradu se konal benefi\u010dn\u00ed hudebn\u00ed ve\u010der. Skladby hudebn\u00edch klasik\u016f si mohli milovn\u00edci v\u00e1\u017en\u00e9 hudby vyslechnout v proveden\u00ed hudebn\u00edho uskupen\u00ed slo\u017een\u00e9ho ze strakonick\u00fdch rod\u00e1k\u016f. <\/p>\n","protected":false},"author":8,"featured_media":12615,"template":"","categories":[17,169,21,157],"porad":[],"region":[52,83],"kategorie":[],"class_list":["post-12573","video","type-video","status-publish","has-post-thumbnail","hentry","category-domaci","category-hudba","category-kultura","category-zpravy","region-jihocesky-kraj","region-strakonicko"],"acf":[],"meta_box":{"nbla_idec":"N2313123","nbla_title":"Benefi\u010dn\u00ed Hudebn\u00ed ve\u010der strakonick\u00fdch rod\u00e1k\u016f vynesl 19 600 korun","nbla_subtitle":"","nbla_summary":"","nbla_description":"","nbla_transcription":"Kapituln\u00ed s\u00edn\u011b Strakunick\u00e9ho hradu se konal beneficn\u00ed hudebn\u00ed ve\u010der Strakunick\u00fdch rod\u00e1k\u016f. Skladby Giuseppe Verdiho, Volganga Amadea Mozarta a dal\u0161\u00edch hudebn\u00edch klasik\u016f si mohli milovn\u00edci v\u00e1\u017en\u00e9 hudby vyslechnout v proveden\u00ed hudebn\u00edho uskupen\u00ed slo\u017een\u00e9ho ze Strakunick\u00fdch rod\u00e1k\u016f Aleny Svobodov\u00e9, Jan\u00e1\u010dka, Lindy Kunslov\u00e9, Jitky Nest\u0159ebov\u00e9 a Radka \u017ditn\u00e9ho. P\u0159ekvapen\u00fdm ve\u010dera bylo dechberouc\u00ed vystoupen\u00ed klienta domova pro zdravotn\u011b posti\u017een\u00e9 \u0160t\u011bp\u00e1na Klaboucha. Po skon\u010den\u00ed koncertu p\u0159evzali je\u0161t\u011b v kapituln\u00ed s\u00edni v\u00edt\u011b\u017eek z koncertu 19 600 korun \u0159editel domova pro osoby se zdravotn\u00edm posti\u017een\u00edm Jan H\u00e1jek spolu s vedouc\u00ed soci\u00e1ln\u00edho \u00faseku Ivanou Z\u00e1hrubovou. Benefi\u010dn\u00ed koncert na podporu domova pro zdravotn\u011b posti\u017een\u00e9 Foseku uspo\u0159\u00e1d\u00e1 v\u00fdsledkov\u00e9 hudebn\u00ed hudebn\u00ed hudebn\u00ed klasiky V\u00fdsledkov\u00e9 hudebn\u00ed hudebn\u00ed hudebn\u00ed klasiky","nbla_serie":"","nbla_season":"","nbla_episode":"","nbla_duration":"96.72","nbla_genre":"","nbla_editorial_format":"","nbla_mtime":"1698062542","nbla_url":"https:\/\/origin.a11.cz\/vod\/bwv2jxferyfwrsiku4zp4nmae.mp4","nbla_version":"1698062542","nbla_odvysilano":"Ano","bunny_id":"3915e49b-8b73-405d-bc85-b25528068d92","youtube_id":"","datum_vydani":"20231023","stopaz":"96.72","dokument":[],"video_to":["12616"]},"_links":{"self":[{"href":"https:\/\/tv.a11.cz\/api\/wp\/v2\/video\/12573","targetHints":{"allow":["GET"]}}],"collection":[{"href":"https:\/\/tv.a11.cz\/api\/wp\/v2\/video"}],"about":[{"href":"https:\/\/tv.a11.cz\/api\/wp\/v2\/types\/video"}],"author":[{"embeddable":true,"href":"https:\/\/tv.a11.cz\/api\/wp\/v2\/users\/8"}],"wp:featuredmedia":[{"embeddable":true,"href":"https:\/\/tv.a11.cz\/api\/wp\/v2\/media\/12615"}],"wp:attachment":[{"href":"https:\/\/tv.a11.cz\/api\/wp\/v2\/media?parent=12573"}],"wp:term":[{"taxonomy":"category","embeddable":true,"href":"https:\/\/tv.a11.cz\/api\/wp\/v2\/categories?post=12573"},{"taxonomy":"porad","embeddable":true,"href":"https:\/\/tv.a11.cz\/api\/wp\/v2\/porad?post=12573"},{"taxonomy":"region","embeddable":true,"href":"https:\/\/tv.a11.cz\/api\/wp\/v2\/region?post=12573"},{"taxonomy":"kategorie","embeddable":true,"href":"https:\/\/tv.a11.cz\/api\/wp\/v2\/kategorie?post=12573"}],"curies":[{"name":"wp","href":"https:\/\/api.w.org\/{rel}","templated":true}]}}

Benefiční Hudební večer strakonických rodáků vynesl 19 600 korun

<p>V síni Strakonického hradu se konal benefiční hudební večer. Skladby hudebních klasiků si mohli milovníci vážné hudby vyslechnout v provedení hudebního uskupení složeného ze strakonických rodáků. </p>

Kapitulní síně Strakunického hradu se konal beneficní hudební večer Strakunických rodáků. Skladby Giuseppe Verdiho, Volganga Amadea Mozarta a dalších hudebních klasiků si mohli milovníci vážné hudby vyslechnout v provedení hudebního uskupení složeného ze Strakunických rodáků Aleny Svobodové, Janáčka, Lindy Kunslové, Jitky Nestřebové a Radka Žitného. Překvapeným večera bylo dechberoucí vystoupení klienta domova pro zdravotně postižené Štěpána Klaboucha. Po skončení koncertu převzali ještě v kapitulní síni vítěžek z koncertu 19 600 korun ředitel domova pro osoby se zdravotním postižením Jan Hájek spolu s vedoucí sociálního úseku Ivanou Záhrubovou. Benefiční koncert na podporu domova pro zdravotně postižené Foseku uspořádá výsledkové hudební hudební hudební klasiky Výsledkové hudební hudební hudební klasiky
