{"id":12567,"date":"2023-10-23T14:00:18","date_gmt":"2023-10-23T12:00:18","guid":{"rendered":"https:\/\/tv.a11.cz\/?post_type=video&#038;p=12567"},"modified":"2023-10-24T14:51:44","modified_gmt":"2023-10-24T12:51:44","slug":"burza-skol-byla-zamerena-na-zaky-9-trid-zakladnich-skol","status":"publish","type":"video","link":"https:\/\/tv.a11.cz\/video\/burza-skol-byla-zamerena-na-zaky-9-trid-zakladnich-skol\/","title":{"rendered":"Burza \u0161kol byla zam\u011b\u0159ena na \u017e\u00e1ky 9. t\u0159\u00edd z\u00e1kladn\u00edch \u0161kol"},"content":{"rendered":"","protected":false},"excerpt":{"rendered":"<p>Burza \u0161kol. Akce zam\u011b\u0159en\u00e1 na \u017e\u00e1ky dev\u00e1t\u00fdch t\u0159\u00edd z\u00e1kladn\u00edch \u0161kol, kte\u0159\u00ed se budou u\u017e brzy rozhodovat o sv\u00e9m dal\u0161\u00edm studiu. Na Vset\u00edn\u011b se konala 11. a 12. \u0159\u00edjna. Organiz\u00e1torem byla Vset\u00ednsk\u00e1 pobo\u010dka \u00fa\u0159adu pr\u00e1ce. <\/p>\n","protected":false},"author":8,"featured_media":12732,"template":"","categories":[17,25,157],"porad":[],"region":[86,64],"kategorie":[],"class_list":["post-12567","video","type-video","status-publish","has-post-thumbnail","hentry","category-domaci","category-vzdelavani","category-zpravy","region-vsetinsko","region-zlinsky-kraj"],"acf":[],"meta_box":{"nbla_idec":"N2310275","nbla_title":"Burza \u0161kol byla zam\u011b\u0159ena na \u017e\u00e1ky 9. t\u0159\u00edd z\u00e1kladn\u00edch \u0161kol","nbla_subtitle":"","nbla_summary":"","nbla_description":"","nbla_transcription":"Burza \u0161kol. Akce zam\u011b\u0159en\u00e1 na \u017e\u00e1ky dev\u00e1t\u00fdch t\u0159\u00edc z\u00e1kladn\u00edch \u0161kol, kte\u0159\u00ed se budou u\u017e brzy rozhodovat o sv\u00e9m dal\u0161\u00edm studiu. Na Vset\u00edn\u011b se konala 11. a 12. \u0159\u00edjna. Organiz\u00e1torem byla Vset\u00ednsk\u00e1 pobo\u010dka \u00fa\u0159adu pr\u00e1ce. Z\u00e1jemc\u016fm o studium se tu p\u0159edstavila necel\u00e1 \u010dty\u0159ic\u00edtka \u0161kol a p\u0159ibli\u017en\u011b dv\u011b des\u00edtky zam\u011bstnavatel\u016f. St\u0159edn\u00ed \u0161koly tady nab\u00edz\u00ed pr\u016f\u0159ezov\u011b od stroj\u00edrensk\u00fdch obor\u016f p\u0159es pedikury, manikury, kade\u0159n\u00edky. M\u00e1me tady t\u0159eba i policejn\u00ed \u0161kolu, m\u00e1me tady voj\u00e1ky, tak\u017ee to portfolio t\u011bch obor\u016f je velmi \u0161irok\u00e9. V Lod\u011bnsk\u00e9m hruze jsem byl smutn\u00fd, proto\u017ee jsme nevzali ke studiu spoustu \u0161ikovn\u00fdch student\u016f z kapacitn\u00edch d\u016fvod\u016f. Ve v\u0161ech t\u0159\u00edd\u00e1ch, kde to bylo je\u0161t\u011b mo\u017en\u00e9, tak jsme u\u010dili a p\u0159idali jsme studenty vlastn\u011b tak, abychom je\u0161t\u011b jednick\u00e9 normy a ty dal\u0161\u00ed v\u011bci splnili. Ale mrzlo m\u011b, \u017ee spousta student\u016f, kte\u0159\u00ed byly skute\u010dn\u011b vynikaj\u00edc\u00ed, musela hledat n\u011bjakou jinou \u0161kolu. Nab\u00eddku p\u0159edstaven\u00ed st\u0159edn\u00edch \u0161kol vyu\u017eili \u017e\u00e1ci a rodi\u010de z cel\u00e9ho okresu. Dost mo\u017en\u00e1 i kv\u016fli tomu, jak v leto\u0161n\u00edm roce prob\u011bhly p\u0159ij\u00edmac\u00ed zkou\u0161ky. Po\u010dty m\u00edst u n\u011bkter\u00fdch obor\u016f toti\u017e praskaly ve \u0161vech. A set\u00edn\u011b se p\u0159etlak student\u016f projevil u dvou st\u0159edn\u00edch \u0161kol. My jsme na to reagovali drobnou \u00fapravou kapacity v jednotliv\u00fdch t\u0159\u00edd\u00e1ch, tak\u017ee jsme celkov\u011b jak do gymn\u00e1zia, tak do zdravotnick\u00e9 \u0161koly p\u0159ijali o zhruba 10 student\u016f v\u00edce, ne\u017e v p\u0159edchoz\u00edm roce. My jsme \u0161kola v\u00fdb\u011brov\u00e1, plat\u00ed to jak pro gymn\u00e1zium, tak pro zdravotnickou \u0161kolu. To znamen\u00e1, pro n\u00e1s je tento stav p\u0159irozen\u00fd. Probl\u00e9m nebyl v absolutn\u00edch po\u010dtech m\u00edst na st\u0159edn\u00edch \u0161kol\u00e1ch v \u010cesku, t\u011bch bylo dostatek. Kamenem \u00farazu byl z\u00e1jem o konkr\u00e9tn\u00ed obory a \u0161koly. I kdy\u017e po\u010dty dev\u00e1\u0165\u00e1k\u016f v roce 2024 oproti jaru 2023 nepatrn\u011b klesnou, podobn\u00fd sc\u00e9n\u00e1\u0159 se m\u016f\u017ee opakovat. A n\u011bkter\u00e9 \u0161koly se na to p\u0159ipravuj\u00ed. M\u016f\u017eeme p\u0159ij\u00edmat stoprocentn\u011b o jednu t\u0159\u00eddu v\u00edce pedagogick\u00e9ho licea, kde je nejv\u011bt\u0161\u00ed z\u00e1jem o zam\u011b\u0159en\u00ed psychologie a humanitn\u00ed v\u011bdy. Tak\u017ee tam m\u00edsto jedn\u00e9 t\u0159\u00eddy budou dv\u011b t\u0159\u00eddy, co\u017e znamen\u00e1 n\u00e1r\u016fst zhruba o t\u0159icet lid\u00ed, z t\u0159icet\u00ed na \u0161edes\u00e1t a budeme je\u0161t\u011b otv\u00edrat se na nov\u00fd obor \u0161ty\u0159let\u00e9 gymn\u00e1zium. O n\u011bco kapacity nav\u00fd\u0161\u00edme, nen\u00ed to nic extra, ale mysl\u00edm si, \u017ee tro\u0161inku tomu pnut\u00ed pom\u016f\u017eeme. Postupn\u011b by ale m\u011blo doch\u00e1zet k dal\u0161\u00edmu poklesu, ten trend toho poklesu, t\u011bch po\u010dtu uchaze\u010d\u016f je setrval\u00fd a n\u011bkdy kolem roku 2027 bychom m\u011bli b\u00fdt zp\u00e1tky na \u00farovni kolem roku 2021. Setinsk\u00e1 burza \u0161kol byla ur\u010dit\u011b u\u017eite\u010dnou akc\u00ed pro ty, kte\u0159\u00ed krom\u011b informac\u00ed z internetu pot\u0159ebuj\u00ed doplnit poznatky, podle kter\u00fdch se pak d\u00e1l budou v\u00edce zaj\u00edmat o tu \u010di onu \u0161kolu nebo studijn\u00ed obor.","nbla_serie":"","nbla_season":"","nbla_episode":"","nbla_duration":"185.92","nbla_genre":"","nbla_editorial_format":"","nbla_mtime":"1698062208","nbla_url":"https:\/\/origin.a11.cz\/vod\/3fpns3a8e5qkw3y3lr7y5pgbr.mp4","nbla_version":"1698062208","nbla_odvysilano":"Ano","bunny_id":"889c3430-658b-4e78-b81b-ddc5135edbe7","youtube_id":"","datum_vydani":"20231023","stopaz":"185.92","dokument":[],"video_to":["12733"]},"_links":{"self":[{"href":"https:\/\/tv.a11.cz\/api\/wp\/v2\/video\/12567","targetHints":{"allow":["GET"]}}],"collection":[{"href":"https:\/\/tv.a11.cz\/api\/wp\/v2\/video"}],"about":[{"href":"https:\/\/tv.a11.cz\/api\/wp\/v2\/types\/video"}],"author":[{"embeddable":true,"href":"https:\/\/tv.a11.cz\/api\/wp\/v2\/users\/8"}],"wp:featuredmedia":[{"embeddable":true,"href":"https:\/\/tv.a11.cz\/api\/wp\/v2\/media\/12732"}],"wp:attachment":[{"href":"https:\/\/tv.a11.cz\/api\/wp\/v2\/media?parent=12567"}],"wp:term":[{"taxonomy":"category","embeddable":true,"href":"https:\/\/tv.a11.cz\/api\/wp\/v2\/categories?post=12567"},{"taxonomy":"porad","embeddable":true,"href":"https:\/\/tv.a11.cz\/api\/wp\/v2\/porad?post=12567"},{"taxonomy":"region","embeddable":true,"href":"https:\/\/tv.a11.cz\/api\/wp\/v2\/region?post=12567"},{"taxonomy":"kategorie","embeddable":true,"href":"https:\/\/tv.a11.cz\/api\/wp\/v2\/kategorie?post=12567"}],"curies":[{"name":"wp","href":"https:\/\/api.w.org\/{rel}","templated":true}]}}

Burza škol byla zaměřena na žáky 9. tříd základních škol

<p>Burza škol. Akce zaměřená na žáky devátých tříd základních škol, kteří se budou už brzy rozhodovat o svém dalším studiu. Na Vsetíně se konala 11. a 12. října. Organizátorem byla Vsetínská pobočka úřadu práce. </p>

Burza škol. Akce zaměřená na žáky devátých tříc základních škol, kteří se budou už brzy rozhodovat o svém dalším studiu. Na Vsetíně se konala 11. a 12. října. Organizátorem byla Vsetínská pobočka úřadu práce. Zájemcům o studium se tu představila necelá čtyřicítka škol a přibližně dvě desítky zaměstnavatelů. Střední školy tady nabízí průřezově od strojírenských oborů přes pedikury, manikury, kadeřníky. Máme tady třeba i policejní školu, máme tady vojáky, takže to portfolio těch oborů je velmi široké. V Loděnském hruze jsem byl smutný, protože jsme nevzali ke studiu spoustu šikovných studentů z kapacitních důvodů. Ve všech třídách, kde to bylo ještě možné, tak jsme učili a přidali jsme studenty vlastně tak, abychom ještě jednické normy a ty další věci splnili. Ale mrzlo mě, že spousta studentů, kteří byly skutečně vynikající, musela hledat nějakou jinou školu. Nabídku představení středních škol využili žáci a rodiče z celého okresu. Dost možná i kvůli tomu, jak v letošním roce proběhly přijímací zkoušky. Počty míst u některých oborů totiž praskaly ve švech. A setíně se přetlak studentů projevil u dvou středních škol. My jsme na to reagovali drobnou úpravou kapacity v jednotlivých třídách, takže jsme celkově jak do gymnázia, tak do zdravotnické školy přijali o zhruba 10 studentů více, než v předchozím roce. My jsme škola výběrová, platí to jak pro gymnázium, tak pro zdravotnickou školu. To znamená, pro nás je tento stav přirozený. Problém nebyl v absolutních počtech míst na středních školách v Česku, těch bylo dostatek. Kamenem úrazu byl zájem o konkrétní obory a školy. I když počty deváťáků v roce 2024 oproti jaru 2023 nepatrně klesnou, podobný scénář se může opakovat. A některé školy se na to připravují. Můžeme přijímat stoprocentně o jednu třídu více pedagogického licea, kde je největší zájem o zaměření psychologie a humanitní vědy. Takže tam místo jedné třídy budou dvě třídy, což znamená nárůst zhruba o třicet lidí, z třicetí na šedesát a budeme ještě otvírat se na nový obor štyřleté gymnázium. O něco kapacity navýšíme, není to nic extra, ale myslím si, že trošinku tomu pnutí pomůžeme. Postupně by ale mělo docházet k dalšímu poklesu, ten trend toho poklesu, těch počtu uchazečů je setrvalý a někdy kolem roku 2027 bychom měli být zpátky na úrovni kolem roku 2021. Setinská burza škol byla určitě užitečnou akcí pro ty, kteří kromě informací z internetu potřebují doplnit poznatky, podle kterých se pak dál budou více zajímat o tu či onu školu nebo studijní obor.
