{"id":12331,"date":"2023-10-18T16:04:24","date_gmt":"2023-10-18T14:04:24","guid":{"rendered":"https:\/\/tv.a11.cz\/?post_type=video&#038;p=12331"},"modified":"2023-10-19T10:23:43","modified_gmt":"2023-10-19T08:23:43","slug":"tyden-turistickych-center-probehne-v-prostejove","status":"publish","type":"video","link":"https:\/\/tv.a11.cz\/video\/tyden-turistickych-center-probehne-v-prostejove\/","title":{"rendered":"T\u00fdden turistick\u00fdch center prob\u011bhne v Prost\u011bjov\u011b"},"content":{"rendered":"","protected":false},"excerpt":{"rendered":"<p>T\u00e9m\u011b\u0159 dv\u011b st\u011b t\u0159icet turistick\u00fdch informa\u010dn\u00edch center zviditeln\u00ed svou \u010dinnost a zapoj\u00ed se do celorepublikov\u00e9 akce pro propagaci sm\u011brem k ve\u0159ejnosti. Programy jsou pestr\u00e9 a r\u016fznorod\u00e9. <\/p>\n","protected":false},"author":8,"featured_media":12374,"template":"","categories":[17,157],"porad":[],"region":[59,107],"kategorie":[],"class_list":["post-12331","video","type-video","status-publish","has-post-thumbnail","hentry","category-domaci","category-zpravy","region-olomoucky-kraj","region-prostejovsko"],"acf":[],"meta_box":{"nbla_idec":"N2306414","nbla_title":"T\u00fdden turistick\u00fdch center prob\u011bhne v Prost\u011bjov\u011b","nbla_subtitle":"","nbla_summary":"","nbla_description":"","nbla_transcription":"T\u00e9m\u011b\u0159 230 turistick\u00fdch informa\u010dn\u00edch centr zviditeln\u00ed svou \u010dinnost a zapoj\u00ed se do celorepublikov\u00e9 akce pro propagaci sm\u011brem k ve\u0159ejnosti. Programy jsou pestr\u00e9 a r\u016fznorod\u00e9. Leto\u0161n\u00ed oslavy turistick\u00fdch informa\u010dn\u00edch centr prob\u011bhnou v posledn\u00edm \u0159\u00edjnov\u00e9m t\u00fddnu. Do akce se samoz\u0159ejm\u011b zapoj\u00ed tak\u00e9 Prost\u011bjov. U n\u00e1s v Prost\u011bjov\u011b p\u0159iv\u00edt\u00e1me n\u00e1v\u0161t\u011bvn\u00edky informa\u010dn\u00edho centra ve st\u0159edu 25. \u0159\u00edjna. V 10 a ve 14 hodin budou pro n\u011b p\u0159ipraveny komentovan\u00e9 prohl\u00eddky Prost\u011bjovsk\u00e9 radnice, d\u00e1le po cel\u00fd den bude prob\u00edhat doprovodn\u00fd program pro d\u011bti, ra\u017een\u00ed minc\u00ed, p\u0159edstaven\u00ed nejatraktivn\u011bj\u0161\u00edch turistick\u00fdch c\u00edl\u016f a budeme samoz\u0159ejm\u011b rozd\u00e1vat i drobn\u00e9 d\u00e1re\u010dky. V Prost\u011bjovsk\u00e9m turistick\u00e9m informa\u010dn\u00edm centru p\u0159ipravili tak\u00e9 n\u011bco zaj\u00edmav\u00e9ho pro nejmen\u0161\u00ed. P\u0159ed \u010dasem jsme um\u00edstili do interi\u00e9ru turistick\u00e9ho informa\u010dn\u00edho centra koutek pro d\u011bti, kde si budou moci malovat, k dispozici budou m\u00edt o malov\u00e1nky kocou a prost\u011bje. Budeme tedy moc r\u00e1di, kdy\u017e za n\u00e1mi p\u0159ijdou z\u00e1jemci se pod\u00edvat do t\u011bchto kr\u00e1sn\u00fdch prostor. Akce se kon\u00e1 p\u0159i Sv\u011btov\u00e9m dn\u00ed rozvoje informac\u00ed, kter\u00fd vyhl\u00e1silo OSN v roce 1972 a p\u0159ipad\u00e1 na 24. \u0159\u00edjna. C\u00edlem je nejen zpest\u0159en\u00ed n\u00e1v\u0161t\u011bvy infocentra, ale zejm\u00e9na zd\u016fraznit d\u016fle\u017eitost fungov\u00e1n\u00ed turistick\u00fdch informa\u010dn\u00edch center a jejich zviditeln\u011bn\u00ed.","nbla_serie":"","nbla_season":"","nbla_episode":"","nbla_duration":"81","nbla_genre":"","nbla_editorial_format":"","nbla_mtime":"1697637267","nbla_url":"https:\/\/origin.a11.cz\/vod\/9jkyrvcmox6js0gg3u4dlq79g.mp4","nbla_version":"1697637190","nbla_odvysilano":"Ano","bunny_id":"f9754f2e-da0f-4174-80af-3d7ae7048940","youtube_id":"","datum_vydani":"20231018","stopaz":"81","dokument":[],"video_to":["12375"]},"_links":{"self":[{"href":"https:\/\/tv.a11.cz\/api\/wp\/v2\/video\/12331","targetHints":{"allow":["GET"]}}],"collection":[{"href":"https:\/\/tv.a11.cz\/api\/wp\/v2\/video"}],"about":[{"href":"https:\/\/tv.a11.cz\/api\/wp\/v2\/types\/video"}],"author":[{"embeddable":true,"href":"https:\/\/tv.a11.cz\/api\/wp\/v2\/users\/8"}],"wp:featuredmedia":[{"embeddable":true,"href":"https:\/\/tv.a11.cz\/api\/wp\/v2\/media\/12374"}],"wp:attachment":[{"href":"https:\/\/tv.a11.cz\/api\/wp\/v2\/media?parent=12331"}],"wp:term":[{"taxonomy":"category","embeddable":true,"href":"https:\/\/tv.a11.cz\/api\/wp\/v2\/categories?post=12331"},{"taxonomy":"porad","embeddable":true,"href":"https:\/\/tv.a11.cz\/api\/wp\/v2\/porad?post=12331"},{"taxonomy":"region","embeddable":true,"href":"https:\/\/tv.a11.cz\/api\/wp\/v2\/region?post=12331"},{"taxonomy":"kategorie","embeddable":true,"href":"https:\/\/tv.a11.cz\/api\/wp\/v2\/kategorie?post=12331"}],"curies":[{"name":"wp","href":"https:\/\/api.w.org\/{rel}","templated":true}]}}

Týden turistických center proběhne v Prostějově

<p>Téměř dvě stě třicet turistických informačních center zviditelní svou činnost a zapojí se do celorepublikové akce pro propagaci směrem k veřejnosti. Programy jsou pestré a různorodé. </p>

Téměř 230 turistických informačních centr zviditelní svou činnost a zapojí se do celorepublikové akce pro propagaci směrem k veřejnosti. Programy jsou pestré a různorodé. Letošní oslavy turistických informačních centr proběhnou v posledním říjnovém týdnu. Do akce se samozřejmě zapojí také Prostějov. U nás v Prostějově přivítáme návštěvníky informačního centra ve středu 25. října. V 10 a ve 14 hodin budou pro ně připraveny komentované prohlídky Prostějovské radnice, dále po celý den bude probíhat doprovodný program pro děti, ražení mincí, představení nejatraktivnějších turistických cílů a budeme samozřejmě rozdávat i drobné dárečky. V Prostějovském turistickém informačním centru připravili také něco zajímavého pro nejmenší. Před časem jsme umístili do interiéru turistického informačního centra koutek pro děti, kde si budou moci malovat, k dispozici budou mít o malovánky kocou a prostěje. Budeme tedy moc rádi, když za námi přijdou zájemci se podívat do těchto krásných prostor. Akce se koná při Světovém dní rozvoje informací, který vyhlásilo OSN v roce 1972 a připadá na 24. října. Cílem je nejen zpestření návštěvy infocentra, ale zejména zdůraznit důležitost fungování turistických informačních center a jejich zviditelnění.
