{"id":12325,"date":"2023-10-18T15:53:17","date_gmt":"2023-10-18T13:53:17","guid":{"rendered":"https:\/\/tv.a11.cz\/?post_type=video&#038;p=12325"},"modified":"2023-10-19T09:26:24","modified_gmt":"2023-10-19T07:26:24","slug":"nocni-prochazka-strakonicemi-pri-uplnku","status":"publish","type":"video","link":"https:\/\/tv.a11.cz\/video\/nocni-prochazka-strakonicemi-pri-uplnku\/","title":{"rendered":"No\u010dn\u00ed proch\u00e1zka Strakonicemi p\u0159i \u00fapl\u0148ku"},"content":{"rendered":"","protected":false},"excerpt":{"rendered":"<p>V leto\u0161n\u00edm roce p\u0159ipravila prohl\u00eddku m\u011bsta podp\u016frn\u00e1 jednota Karla Havl\u00ed\u010dka Borovsk\u00e9ho Strakonice, kter\u00e1 napl\u00e1novala proch\u00e1zku m\u011bstem p\u0159i \u00fapl\u0148ku, vedouc\u00ed z Renerov\u00fdch sad\u016f na Strakonick\u00fd hrad. <\/p>\n","protected":false},"author":8,"featured_media":12356,"template":"","categories":[17,172,21,157],"porad":[],"region":[52,83],"kategorie":[],"class_list":["post-12325","video","type-video","status-publish","has-post-thumbnail","hentry","category-domaci","category-historie","category-kultura","category-zpravy","region-jihocesky-kraj","region-strakonicko"],"acf":[],"meta_box":{"nbla_idec":"N2313122","nbla_title":"No\u010dn\u00ed proch\u00e1zka Strakonicemi p\u0159i \u00fapl\u0148ku","nbla_subtitle":"","nbla_summary":"","nbla_description":"","nbla_transcription":"V leto\u0161n\u00edm roce p\u0159ipravila prohl\u00eddku m\u011bsta podp\u016frn\u00e1 jednota Karla Havl\u00ed\u010dka Borovsk\u00e9ho Strakonice, kter\u00e1 napl\u00e1novala proch\u00e1zku m\u011bstem P\u0159i\u00fapl\u0148ku, vedouc\u00ed z Renerov\u00fdch sad\u016f na Strakonick\u00fd hrad. Po cest\u011b bylo n\u011bkolik zastaven\u00ed, doprov\u00e1zen\u00fdch vzpom\u00ednkami na v\u00fdznamn\u00e9 strakonick\u00e9 rod\u00e1ky a osobnosti, kter\u00e9 ve Strakonic\u00edch p\u016fsobili a zanechali zde svou stopu. P\u0159edn\u00ed program byl doprov\u00e1zen nejen pou\u010dn\u00edm v\u00fdkladem, ale nechyb\u011bly ani ochotnice a hudebn\u00ed doprovo. Pravda a slovo bo\u017e\u00ed jedno jsou, jmenuj si polibosti, v\u0161ak v\u011bc z\u00e1le\u017e\u00ed v tom, jak obstoj\u00ed\u0161. V odvypr\u00e1v\u011bn\u00fdch p\u0159\u00edb\u011bz\u00edch o\u017eily Anton\u00edn Renner, Franti\u0161ek Ladislav \u010celakovsk\u00fd, P\u00e1ter Jozef Schmidinger, Jozef Skupa, Jarko Dvo\u0159\u00e1k-\u0160umavsk\u00fd, Valent\u00edn Kochant Sprachov\u00e9 \u010di Jan Vlastislav Pl\u00e1nek. Cesta ve\u010dern\u00edm m\u011bstem za\u010dala v Renerov\u00fdch sadech a pokra\u010dovala p\u0159es velk\u00e9 n\u00e1m\u011bst\u00ed, kolem ulice Kochana Sprachov\u00e9. \u00da\u010dastn\u00edci proch\u00e1zky pro\u0161ly d\u00e1le ulic\u00ed Podskalskou a dostaly se po l\u00e1vce p\u0159es otavu na kr\u00e1sn\u00e9 osv\u011btlen\u00e9 n\u00e1dvo\u0159\u00ed Strakonick\u00e9ho hradu. Prohl\u00eddka m\u011bsta p\u0159i \u00faplinku se strakonick\u00fdmi divadeln\u00edky a muzikanty spln\u011bla sv\u016fj \u00fa\u010del. Atmosf\u00e9ru ve\u010dern\u00edho m\u011bsta si u\u017eili dosp\u011bl\u00ed i d\u011bti.","nbla_serie":"","nbla_season":"","nbla_episode":"","nbla_duration":"96.8","nbla_genre":"","nbla_editorial_format":"","nbla_mtime":"1697636887","nbla_url":"https:\/\/origin.a11.cz\/vod\/evcmpi15k71ub8f7emmzgwd0h.mp4","nbla_version":"1697636887","nbla_odvysilano":"Ano","bunny_id":"10c3298f-c7cc-49e9-a941-88c7bdd87c4a","youtube_id":"","datum_vydani":"20231018","stopaz":"96.8","dokument":[],"video_to":["12357"]},"_links":{"self":[{"href":"https:\/\/tv.a11.cz\/api\/wp\/v2\/video\/12325","targetHints":{"allow":["GET"]}}],"collection":[{"href":"https:\/\/tv.a11.cz\/api\/wp\/v2\/video"}],"about":[{"href":"https:\/\/tv.a11.cz\/api\/wp\/v2\/types\/video"}],"author":[{"embeddable":true,"href":"https:\/\/tv.a11.cz\/api\/wp\/v2\/users\/8"}],"wp:featuredmedia":[{"embeddable":true,"href":"https:\/\/tv.a11.cz\/api\/wp\/v2\/media\/12356"}],"wp:attachment":[{"href":"https:\/\/tv.a11.cz\/api\/wp\/v2\/media?parent=12325"}],"wp:term":[{"taxonomy":"category","embeddable":true,"href":"https:\/\/tv.a11.cz\/api\/wp\/v2\/categories?post=12325"},{"taxonomy":"porad","embeddable":true,"href":"https:\/\/tv.a11.cz\/api\/wp\/v2\/porad?post=12325"},{"taxonomy":"region","embeddable":true,"href":"https:\/\/tv.a11.cz\/api\/wp\/v2\/region?post=12325"},{"taxonomy":"kategorie","embeddable":true,"href":"https:\/\/tv.a11.cz\/api\/wp\/v2\/kategorie?post=12325"}],"curies":[{"name":"wp","href":"https:\/\/api.w.org\/{rel}","templated":true}]}}

Noční procházka Strakonicemi při úplňku

<p>V letošním roce připravila prohlídku města podpůrná jednota Karla Havlíčka Borovského Strakonice, která naplánovala procházku městem při úplňku, vedoucí z Renerových sadů na Strakonický hrad. </p>

V letošním roce připravila prohlídku města podpůrná jednota Karla Havlíčka Borovského Strakonice, která naplánovala procházku městem Přiúplňku, vedoucí z Renerových sadů na Strakonický hrad. Po cestě bylo několik zastavení, doprovázených vzpomínkami na významné strakonické rodáky a osobnosti, které ve Strakonicích působili a zanechali zde svou stopu. Přední program byl doprovázen nejen poučním výkladem, ale nechyběly ani ochotnice a hudební doprovo. Pravda a slovo boží jedno jsou, jmenuj si polibosti, však věc záleží v tom, jak obstojíš. V odvyprávěných příbězích ožily Antonín Renner, František Ladislav Čelakovský, Páter Jozef Schmidinger, Jozef Skupa, Jarko Dvořák-Šumavský, Valentín Kochant Sprachové či Jan Vlastislav Plánek. Cesta večerním městem začala v Renerových sadech a pokračovala přes velké náměstí, kolem ulice Kochana Sprachové. Účastníci procházky prošly dále ulicí Podskalskou a dostaly se po lávce přes otavu na krásné osvětlené nádvoří Strakonického hradu. Prohlídka města při úplinku se strakonickými divadelníky a muzikanty splněla svůj účel. Atmosféru večerního města si užili dospělí i děti.
