{"id":12253,"date":"2023-10-17T17:50:49","date_gmt":"2023-10-17T15:50:49","guid":{"rendered":"https:\/\/tv.a11.cz\/?post_type=video&#038;p=12253"},"modified":"2023-10-18T11:32:45","modified_gmt":"2023-10-18T09:32:45","slug":"ve-vsetine-probiha-podzimni-deratizace-zelenych-ploch","status":"publish","type":"video","link":"https:\/\/tv.a11.cz\/video\/ve-vsetine-probiha-podzimni-deratizace-zelenych-ploch\/","title":{"rendered":"Ve Vset\u00edn\u011b prob\u00edh\u00e1 podzimn\u00ed deratizace zelen\u00fdch ploch"},"content":{"rendered":"","protected":false},"excerpt":{"rendered":"<p>V pr\u016fb\u011bhu druh\u00e9 poloviny \u0159\u00edjna a listopadu bude specializovan\u00e1 firma prov\u00e1d\u011bt pravidelnou deratizaci ve\u0159ejn\u00fdch zelen\u00fdch ploch. Jedn\u00e1 se hlavn\u011b o s\u00eddli\u0161tn\u00ed zele\u0148. V p\u0159\u00edpad\u011b z\u00e1jmu m\u016f\u017ee m\u011bsto zajistit likvidaci \u0161k\u016fdc\u016f i majitel\u016fm nemovitost\u00ed. <\/p>\n","protected":false},"author":8,"featured_media":12301,"template":"","categories":[17,223,157],"porad":[],"region":[86,64],"kategorie":[],"class_list":["post-12253","video","type-video","status-publish","has-post-thumbnail","hentry","category-domaci","category-ekologie","category-zpravy","region-vsetinsko","region-zlinsky-kraj"],"acf":[],"meta_box":{"nbla_idec":"N2310270","nbla_title":"Ve Vset\u00edn\u011b prob\u00edh\u00e1 podzimn\u00ed deratizace zelen\u00fdch ploch","nbla_subtitle":"","nbla_summary":"","nbla_description":"","nbla_transcription":"V pr\u016fb\u011bhu 2. poloviny \u0159\u00edjna a listopadu bude specializovan\u00e1 firma prov\u00e1d\u011bt pravidelnou deratizaci ve\u0159ejn\u00fdch zelen\u00fdch ploch. Jedn\u00e1 se hlavn\u011b o s\u00eddli\u0161tn\u00ed zele\u0148. V p\u0159\u00edpad\u011b z\u00e1jmu m\u016f\u017ee m\u011bsto zajistit likvidaci \u0161k\u016fdc\u016f i majitel\u016fm nemovitost\u00ed. Radnice z\u00e1rove\u0148 \u017e\u00e1d\u00e1 obyvatelem m\u011bsta, aby zv\u00fd\u0161en\u00fd v\u00fdskyt potkan\u016f a jejich nor hl\u00e1sili na kontakty uveden\u00e9 v titulku. Prvn\u00ed pokl\u00e1dka n\u00e1strah se uskute\u010dnila 17. \u0159\u00edjna. Dal\u0161\u00ed term\u00edny jsou pond\u011bl\u00ed 23. \u0159\u00edjna a p\u00e1tek 3. listopadu. Na ulo\u017een\u00ed n\u00e1strah upozor\u0148uj\u00ed v\u00fdstra\u017en\u00e9 n\u00e1lepky. Lid\u00e9 by si tak\u00e9 m\u011bli hl\u00eddat sv\u00e9 psy, aby n\u00e1strahu ze zem\u011b nevyhrabali a neotr\u00e1vili se tak.","nbla_serie":"","nbla_season":"","nbla_episode":"","nbla_duration":"45","nbla_genre":"","nbla_editorial_format":"","nbla_mtime":"1697557381","nbla_url":"https:\/\/origin.a11.cz\/vod\/bi1kws719tjfxyicvjgoenc2t.mp4","nbla_version":"1697557380","nbla_odvysilano":"Ano","bunny_id":"366ce57f-3b66-4acb-8411-ff1c24e91fed","youtube_id":"","datum_vydani":"20231017","stopaz":"45","dokument":[],"video_to":["12302"]},"_links":{"self":[{"href":"https:\/\/tv.a11.cz\/api\/wp\/v2\/video\/12253","targetHints":{"allow":["GET"]}}],"collection":[{"href":"https:\/\/tv.a11.cz\/api\/wp\/v2\/video"}],"about":[{"href":"https:\/\/tv.a11.cz\/api\/wp\/v2\/types\/video"}],"author":[{"embeddable":true,"href":"https:\/\/tv.a11.cz\/api\/wp\/v2\/users\/8"}],"wp:featuredmedia":[{"embeddable":true,"href":"https:\/\/tv.a11.cz\/api\/wp\/v2\/media\/12301"}],"wp:attachment":[{"href":"https:\/\/tv.a11.cz\/api\/wp\/v2\/media?parent=12253"}],"wp:term":[{"taxonomy":"category","embeddable":true,"href":"https:\/\/tv.a11.cz\/api\/wp\/v2\/categories?post=12253"},{"taxonomy":"porad","embeddable":true,"href":"https:\/\/tv.a11.cz\/api\/wp\/v2\/porad?post=12253"},{"taxonomy":"region","embeddable":true,"href":"https:\/\/tv.a11.cz\/api\/wp\/v2\/region?post=12253"},{"taxonomy":"kategorie","embeddable":true,"href":"https:\/\/tv.a11.cz\/api\/wp\/v2\/kategorie?post=12253"}],"curies":[{"name":"wp","href":"https:\/\/api.w.org\/{rel}","templated":true}]}}

Ve Vsetíně probíhá podzimní deratizace zelených ploch

<p>V průběhu druhé poloviny října a listopadu bude specializovaná firma provádět pravidelnou deratizaci veřejných zelených ploch. Jedná se hlavně o sídlištní zeleň. V případě zájmu může město zajistit likvidaci škůdců i majitelům nemovitostí. </p>

V průběhu 2. poloviny října a listopadu bude specializovaná firma provádět pravidelnou deratizaci veřejných zelených ploch. Jedná se hlavně o sídlištní zeleň. V případě zájmu může město zajistit likvidaci škůdců i majitelům nemovitostí. Radnice zároveň žádá obyvatelem města, aby zvýšený výskyt potkanů a jejich nor hlásili na kontakty uvedené v titulku. První pokládka nástrah se uskutečnila 17. října. Další termíny jsou pondělí 23. října a pátek 3. listopadu. Na uložení nástrah upozorňují výstražné nálepky. Lidé by si také měli hlídat své psy, aby nástrahu ze země nevyhrabali a neotrávili se tak.
