{"id":12247,"date":"2023-10-17T17:44:46","date_gmt":"2023-10-17T15:44:46","guid":{"rendered":"https:\/\/tv.a11.cz\/?post_type=video&#038;p=12247"},"modified":"2023-10-18T11:36:04","modified_gmt":"2023-10-18T09:36:04","slug":"ceska-trebova-otevrela-novy-podnikatelsky-inkubator","status":"publish","type":"video","link":"https:\/\/tv.a11.cz\/video\/ceska-trebova-otevrela-novy-podnikatelsky-inkubator\/","title":{"rendered":"\u010cesk\u00e1 T\u0159ebov\u00e1 otev\u0159ela nov\u00fd podnikatelsk\u00fd inkub\u00e1tor"},"content":{"rendered":"","protected":false},"excerpt":{"rendered":"<p>\u010ceskot\u0159ebovsk\u00fd podnikatelsk\u00fd inkub\u00e1tor neboli \u010cETEPING na\u0161el sv\u00e9 m\u00edsto v are\u00e1lu Skalka v objektu ve vlastnictv\u00ed Pardubick\u00e9ho kraje. P\u016fvodn\u011b zde s\u00eddlila jedna z m\u00edstn\u00edch firem, kter\u00e1 ukon\u010dila \u010dinnost lo\u0148sk\u00fd rok. <\/p>\n","protected":false},"author":8,"featured_media":12304,"template":"","categories":[17,157],"porad":[],"region":[104,60],"kategorie":[],"class_list":["post-12247","video","type-video","status-publish","has-post-thumbnail","hentry","category-domaci","category-zpravy","region-orlicko","region-pardubicky-kraj"],"acf":[],"meta_box":{"nbla_idec":"N2309187","nbla_title":"\u010cesk\u00e1 T\u0159ebov\u00e1 otev\u0159ela nov\u00fd podnikatelsk\u00fd inkub\u00e1tor","nbla_subtitle":"","nbla_summary":"","nbla_description":"","nbla_transcription":"\u010ceskot\u0159ebovsk\u00fd podnikatelsk\u00fd inkub\u00e1tor neboli \u010cETEPING na\u0161el sv\u00e9 m\u00edsto v are\u00e1lu Skalka v objektu ve vlastnictv\u00ed Pardubick\u00e9ho kraje. P\u016fvodn\u011b zde s\u00eddla jedna z m\u00edstn\u00edch firm, kter\u00e1 v Loni ukon\u010dila \u010dinnost. My jsme se rozhodli, \u017ee p\u016fjdeme jinou cestou a to je, \u017ee tyto prostory nab\u00eddneme pr\u00e1v\u011b za\u010d\u00ednaj\u00edc\u00edm podnikatel\u016fm a roz\u0161\u00ed\u0159\u00edme \u010dinnost podnikatelsk\u00e9ho inkub\u00e1toru v Pardubic\u00edch a to do v\u00fdchodn\u00ed \u010d\u00e1sti kraje. Zd\u00edl oproti Pardubic\u016fm je ten, \u017ee tady m\u00e1me d\u00edlny a sem budeme sm\u011b\u0159ovat projekty, kter\u00e9 budou n\u011bco vyr\u00e1b\u011bt, aby si tady byli schopni vyrobit t\u0159eba svoji prvn\u00ed s\u00e9rii. Slavnostn\u00ed otev\u0159en\u00ed prob\u011bhlo symbolicky vypu\u0161t\u011bn\u00edm pap\u00edrov\u00fdch val\u0161tovek. V inkub\u00e1toru vid\u00ed p\u0159\u00ednos i sousedn\u00ed st\u0159edn\u00ed \u0161kola technick\u00e1 a dopravn\u00ed Gustava Habermana. Pro m\u011b osobn\u011b byla slo\u017eit\u00e1 p\u0159edstava, \u017ee by sem p\u0159i\u0161la jin\u00e1 firma, kter\u00e1 by zase v tomhle are\u00e1lu, kter\u00fd je \u0161koln\u00ed, vedle je sportovn\u00ed hala, zimn\u00ed stadion, za\u0159\u00ed\u017edila n\u011bjakou v\u00fdrobu a to\u010dili by se n\u00e1m tady kamiony. Tak\u017ee toto bych \u0159ekl, \u017ee je pro \u0161kolu, pro m\u011bsto i pro kraj v\u00fdhra. P\u0159\u00edle\u017eitost prohl\u00e9dnout si prostory vyu\u017eili i starostov\u00e9 okoln\u00edch m\u011bst. Tak\u00e9 jejich obyvatele budou toti\u017e moci vyu\u017e\u00edvat slu\u017eby inkub\u00e1toru. J\u00e1 to budu pak pepliv\u011b sledovat, jestli opravdu to m\u00e1 p\u0159esah i za hranice m\u011bsta, proto\u017ee \u00fapln\u011b si neum\u00edm p\u0159edstavit, jak se budou doj\u00ed\u017ed\u011bt, vyu\u017e\u00edvat prostory, dejme tomu za\u010d\u00ednaj\u00edc\u00ed podnikatele z Letohradsk\u00e1, Kr\u00e1lick\u00e1 a podobn\u011b. Ale jsem velmi zv\u011bdav\u00fd a fand\u00edm tomu. L\u00edb\u00ed se mi, \u017ee to je kousek odchocn\u011b, j\u00e1 jsem tady byl autem za, nev\u00edm, 30 minut. Mysl\u00edm si, \u017ee vlakem se sem dostanou choce\u0148\u00e1ci taky. A mysl\u00edm si, \u017ee to je ur\u010dit\u011b super mo\u017enost, jak\u00fdm zp\u016fsobem nastartovat sv\u016fj biznis. Hon\u00ed se mi hlavou, jestli by nebylo mo\u017en\u00e9 p\u0159em\u00fd\u0161let o n\u011bjak\u00e9m deta\u0161ovan\u00e9m pracovi\u0161ti v \u017damberku. A samoz\u0159ejm\u011b mysl\u00edm si, \u017ee pro ty konzultace a pro za\u010d\u00e1tek mlad\u00fdch podnikaj\u00edc\u00edch lid\u00ed to bude skv\u011bl\u00e1 p\u0159\u00edle\u017eitost. V sou\u010dasnosti zde doch\u00e1z\u00ed k um\u00edstov\u00e1n\u00ed s\u00eddel asi \u0161estice firm. M\u00e1me tu vlastn\u011b hudebn\u00ed zku\u0161ebnu a nahr\u00e1vac\u00ed studio. Naho\u0159e je um\u011bleck\u00fd ateli\u00e9r, v jednom prostoru n\u00e1m tady vznikla tak tro\u0161i\u010dku spont\u00e1nn\u011b \u0161erm\u00edrna. Budovu \u010dek\u00e1 kompletn\u00ed rekonstrukce, schv\u00e1len byl u\u017e investi\u010dn\u00ed z\u00e1m\u011br. Pokud se v\u0161e poda\u0159\u00ed tak, jako \u010dek\u00e1v\u00e1me, tak zhruba 40 % n\u00e1kladu rekonstrukce by mohla b\u00fdt z evropsk\u00fdch fond\u016f. To, \u017ee se pohybujeme \u0159\u00e1dov\u00e9 p\u0159es 100 milion\u016f korun, je z\u00e1le\u017eitost samoz\u0159ejm\u011b nep\u0159\u00edjemn\u00e1. Vznik inkub\u00e1toru na p\u016fd\u011b m\u011bsta v\u00edta tak\u00e9 m\u00edstn\u00ed starosta. Myslenka to je zaj\u00edmav\u00e1, je v podstat\u011b realizov\u00e1na, by\u0165 se nach\u00e1z\u00edme stejn\u011b neust\u00e1le ve star\u00e9 budov\u011b, ale vzhledem k tomu, \u017ee jsem vid\u011bl projekt, kter\u00fd je p\u0159ipravov\u00e1n a kter\u00fd je opravdu hezk\u00fd, tak se t\u011b\u0161\u00edm na tu realizaci. Realizace by mohla b\u00fdt n\u011bkdy nejpozd\u011bji do roku 2026. V roce 2024 bychom pr\u00e1v\u011b zde cht\u011bli zah\u00e1jit rekonstrukci. Uvid\u00edme, zda to bude re\u00e1ln\u00e9, z hlediska p\u0159\u00edprav. Nicm\u00e9n\u011b na podzim p\u0159\u00ed\u0161t\u00edho roku by se zde mohlo za\u010d\u00edt n\u011bco d\u00edt. Do t\u00e9 doby si kraj m\u016f\u017ee prov\u011b\u0159it re\u00e1ln\u00fd z\u00e1jem o slu\u017eby inkub\u00e1toru ze strany za\u010d\u00ednaj\u00edc\u00edch podnikatel\u016f.","nbla_serie":"","nbla_season":"","nbla_episode":"","nbla_duration":"193.64","nbla_genre":"","nbla_editorial_format":"","nbla_mtime":"1697556909","nbla_url":"https:\/\/origin.a11.cz\/vod\/0nfgmpq89lpr6wt7p97nur9ce.mp4","nbla_version":"1697556909","nbla_odvysilano":"Ano","bunny_id":"30f6ca34-065d-420a-9e0f-05b47779be8b","youtube_id":"","datum_vydani":"20231017","stopaz":"193.64","dokument":[],"video_to":["12305"]},"_links":{"self":[{"href":"https:\/\/tv.a11.cz\/api\/wp\/v2\/video\/12247","targetHints":{"allow":["GET"]}}],"collection":[{"href":"https:\/\/tv.a11.cz\/api\/wp\/v2\/video"}],"about":[{"href":"https:\/\/tv.a11.cz\/api\/wp\/v2\/types\/video"}],"author":[{"embeddable":true,"href":"https:\/\/tv.a11.cz\/api\/wp\/v2\/users\/8"}],"wp:featuredmedia":[{"embeddable":true,"href":"https:\/\/tv.a11.cz\/api\/wp\/v2\/media\/12304"}],"wp:attachment":[{"href":"https:\/\/tv.a11.cz\/api\/wp\/v2\/media?parent=12247"}],"wp:term":[{"taxonomy":"category","embeddable":true,"href":"https:\/\/tv.a11.cz\/api\/wp\/v2\/categories?post=12247"},{"taxonomy":"porad","embeddable":true,"href":"https:\/\/tv.a11.cz\/api\/wp\/v2\/porad?post=12247"},{"taxonomy":"region","embeddable":true,"href":"https:\/\/tv.a11.cz\/api\/wp\/v2\/region?post=12247"},{"taxonomy":"kategorie","embeddable":true,"href":"https:\/\/tv.a11.cz\/api\/wp\/v2\/kategorie?post=12247"}],"curies":[{"name":"wp","href":"https:\/\/api.w.org\/{rel}","templated":true}]}}

Česká Třebová otevřela nový podnikatelský inkubátor

<p>Českotřebovský podnikatelský inkubátor neboli ČETEPING našel své místo v areálu Skalka v objektu ve vlastnictví Pardubického kraje. Původně zde sídlila jedna z místních firem, která ukončila činnost loňský rok. </p>

Českotřebovský podnikatelský inkubátor neboli ČETEPING našel své místo v areálu Skalka v objektu ve vlastnictví Pardubického kraje. Původně zde sídla jedna z místních firm, která v Loni ukončila činnost. My jsme se rozhodli, že půjdeme jinou cestou a to je, že tyto prostory nabídneme právě začínajícím podnikatelům a rozšíříme činnost podnikatelského inkubátoru v Pardubicích a to do východní části kraje. Zdíl oproti Pardubicům je ten, že tady máme dílny a sem budeme směřovat projekty, které budou něco vyrábět, aby si tady byli schopni vyrobit třeba svoji první sérii. Slavnostní otevření proběhlo symbolicky vypuštěním papírových valštovek. V inkubátoru vidí přínos i sousední střední škola technická a dopravní Gustava Habermana. Pro mě osobně byla složitá představa, že by sem přišla jiná firma, která by zase v tomhle areálu, který je školní, vedle je sportovní hala, zimní stadion, zaříždila nějakou výrobu a točili by se nám tady kamiony. Takže toto bych řekl, že je pro školu, pro město i pro kraj výhra. Příležitost prohlédnout si prostory využili i starostové okolních měst. Také jejich obyvatele budou totiž moci využívat služby inkubátoru. Já to budu pak peplivě sledovat, jestli opravdu to má přesah i za hranice města, protože úplně si neumím představit, jak se budou dojíždět, využívat prostory, dejme tomu začínající podnikatele z Letohradská, Králická a podobně. Ale jsem velmi zvědavý a fandím tomu. Líbí se mi, že to je kousek odchocně, já jsem tady byl autem za, nevím, 30 minut. Myslím si, že vlakem se sem dostanou choceňáci taky. A myslím si, že to je určitě super možnost, jakým způsobem nastartovat svůj biznis. Honí se mi hlavou, jestli by nebylo možné přemýšlet o nějakém detašovaném pracovišti v Žamberku. A samozřejmě myslím si, že pro ty konzultace a pro začátek mladých podnikajících lidí to bude skvělá příležitost. V současnosti zde dochází k umístování sídel asi šestice firm. Máme tu vlastně hudební zkušebnu a nahrávací studio. Nahoře je umělecký ateliér, v jednom prostoru nám tady vznikla tak trošičku spontánně šermírna. Budovu čeká kompletní rekonstrukce, schválen byl už investiční záměr. Pokud se vše podaří tak, jako čekáváme, tak zhruba 40 % nákladu rekonstrukce by mohla být z evropských fondů. To, že se pohybujeme řádové přes 100 milionů korun, je záležitost samozřejmě nepříjemná. Vznik inkubátoru na půdě města víta také místní starosta. Myslenka to je zajímavá, je v podstatě realizována, byť se nacházíme stejně neustále ve staré budově, ale vzhledem k tomu, že jsem viděl projekt, který je připravován a který je opravdu hezký, tak se těším na tu realizaci. Realizace by mohla být někdy nejpozději do roku 2026. V roce 2024 bychom právě zde chtěli zahájit rekonstrukci. Uvidíme, zda to bude reálné, z hlediska příprav. Nicméně na podzim příštího roku by se zde mohlo začít něco dít. Do té doby si kraj může prověřit reálný zájem o služby inkubátoru ze strany začínajících podnikatelů.
