{"id":12110,"date":"2023-10-13T19:38:53","date_gmt":"2023-10-13T17:38:53","guid":{"rendered":"https:\/\/tv.a11.cz\/?post_type=video&#038;p=12110"},"modified":"2023-10-16T19:39:36","modified_gmt":"2023-10-16T17:39:36","slug":"dopravni-omezeni-v-prostejovske-brnenske-ulici","status":"publish","type":"video","link":"https:\/\/tv.a11.cz\/video\/dopravni-omezeni-v-prostejovske-brnenske-ulici\/","title":{"rendered":"Dopravn\u00ed omezen\u00ed v prost\u011bjovsk\u00e9 Brn\u011bnsk\u00e9 ulici"},"content":{"rendered":"","protected":false},"excerpt":{"rendered":"<p>P\u0159i pr\u016fjezdu Brn\u011bnskou ulic\u00ed by m\u011bli \u0159idi\u010di db\u00e1t z v\u00fd\u0161en\u00e9 opatrnosti. Je zde toti\u017e omezen\u00e1 doprava vzhledem k \u00faprav\u00e1m plochy p\u0159ed hlavn\u00edm vchodem na h\u0159bitov. <\/p>\n","protected":false},"author":8,"featured_media":12177,"template":"","categories":[17,22,159,157],"porad":[],"region":[59,107],"kategorie":[],"class_list":["post-12110","video","type-video","status-publish","has-post-thumbnail","hentry","category-domaci","category-doprava","category-stavebnictvi","category-zpravy","region-olomoucky-kraj","region-prostejovsko"],"acf":[],"meta_box":{"nbla_idec":"N2306405","nbla_title":"Dopravn\u00ed omezen\u00ed v prost\u011bjovsk\u00e9 Brn\u011bnsk\u00e9 ulici","nbla_subtitle":"","nbla_summary":"","nbla_description":"","nbla_transcription":"P\u0159i pr\u016fjezdu Brn\u011bnskou ulic\u00ed by m\u011bli \u0159idi\u010di db\u00e1t z v\u00fd\u0161en\u00e9 opatrnosti. Je zde toti\u017e omezen\u00e1 doprava vzhledem k \u00faprav\u00e1m plochy p\u0159ed hlavn\u00edm vchodem na H\u0159bitov. V \u00faseku zhruba 100 metr\u016f je zachovan obousm\u011brn\u00fd provoz se \u0161\u00ed\u0159kou ka\u017ed\u00e9ho j\u00edzdn\u00edho pruhu 3 metry. Ov\u0161em v pr\u016fb\u011bhu rekonstrukce bude n\u00e1sledn\u011b, po dobu dvou dn\u016f, \u00fapln\u011b uzav\u0159en jeden j\u00edzdn\u00ed pruh a provoz \u0159\u00edzen sv\u011bteln\u00fdm signaliza\u010dn\u00edm za\u0159\u00edzen\u00edm. Dopravn\u00ed omezen\u00ed potrv\u00e1 a\u017e do 30. listopadu. Vzhledem k prob\u00edhaj\u00edc\u00edm stavebn\u00edm prac\u00edm je v m\u00edst\u011b tak\u00e9 do\u010dasn\u011b omezen\u00e1 mo\u017enost parkov\u00e1n\u00ed.","nbla_serie":"","nbla_season":"","nbla_episode":"","nbla_duration":"35.48","nbla_genre":"","nbla_editorial_format":"","nbla_mtime":"1697217629","nbla_url":"https:\/\/origin.a11.cz\/vod\/dxd41dxlz4dpfvuanwmpy9fdi.mp4","nbla_version":"1697217629","nbla_odvysilano":"Ano","bunny_id":"175b70cd-dd0d-40d0-b75f-2ba628bc6803","youtube_id":"","datum_vydani":"20231013","stopaz":"35.48","dokument":[],"video_to":["12178"]},"_links":{"self":[{"href":"https:\/\/tv.a11.cz\/api\/wp\/v2\/video\/12110","targetHints":{"allow":["GET"]}}],"collection":[{"href":"https:\/\/tv.a11.cz\/api\/wp\/v2\/video"}],"about":[{"href":"https:\/\/tv.a11.cz\/api\/wp\/v2\/types\/video"}],"author":[{"embeddable":true,"href":"https:\/\/tv.a11.cz\/api\/wp\/v2\/users\/8"}],"wp:featuredmedia":[{"embeddable":true,"href":"https:\/\/tv.a11.cz\/api\/wp\/v2\/media\/12177"}],"wp:attachment":[{"href":"https:\/\/tv.a11.cz\/api\/wp\/v2\/media?parent=12110"}],"wp:term":[{"taxonomy":"category","embeddable":true,"href":"https:\/\/tv.a11.cz\/api\/wp\/v2\/categories?post=12110"},{"taxonomy":"porad","embeddable":true,"href":"https:\/\/tv.a11.cz\/api\/wp\/v2\/porad?post=12110"},{"taxonomy":"region","embeddable":true,"href":"https:\/\/tv.a11.cz\/api\/wp\/v2\/region?post=12110"},{"taxonomy":"kategorie","embeddable":true,"href":"https:\/\/tv.a11.cz\/api\/wp\/v2\/kategorie?post=12110"}],"curies":[{"name":"wp","href":"https:\/\/api.w.org\/{rel}","templated":true}]}}

Dopravní omezení v prostějovské Brněnské ulici

<p>Při průjezdu Brněnskou ulicí by měli řidiči dbát z výšené opatrnosti. Je zde totiž omezená doprava vzhledem k úpravám plochy před hlavním vchodem na hřbitov. </p>

Při průjezdu Brněnskou ulicí by měli řidiči dbát z výšené opatrnosti. Je zde totiž omezená doprava vzhledem k úpravám plochy před hlavním vchodem na Hřbitov. V úseku zhruba 100 metrů je zachovan obousměrný provoz se šířkou každého jízdního pruhu 3 metry. Ovšem v průběhu rekonstrukce bude následně, po dobu dvou dnů, úplně uzavřen jeden jízdní pruh a provoz řízen světelným signalizačním zařízením. Dopravní omezení potrvá až do 30. listopadu. Vzhledem k probíhajícím stavebním pracím je v místě také dočasně omezená možnost parkování.
