{"id":12081,"date":"2023-10-13T19:01:17","date_gmt":"2023-10-13T17:01:17","guid":{"rendered":"https:\/\/tv.a11.cz\/?post_type=video&#038;p=12081"},"modified":"2023-10-13T21:07:11","modified_gmt":"2023-10-13T19:07:11","slug":"zaverecne-hodnotici-setkani-mistniho-akcniho-planu-iii","status":"publish","type":"video","link":"https:\/\/tv.a11.cz\/video\/zaverecne-hodnotici-setkani-mistniho-akcniho-planu-iii\/","title":{"rendered":"Z\u00e1v\u011bre\u010dn\u00e9 hodnot\u00edc\u00ed setk\u00e1n\u00ed M\u00edstn\u00edho ak\u010dn\u00edho pl\u00e1nu III."},"content":{"rendered":"","protected":false},"excerpt":{"rendered":"<p>Z\u00e1v\u011bre\u010dn\u00e9 slavnostn\u00ed a hodnot\u00edc\u00ed setk\u00e1n\u00ed projektu M\u00edstn\u00edho ak\u010dn\u00edho pl\u00e1nu III se konala v \u00fater\u00fd 3. \u0159\u00edjna v prostor\u00e1ch Trezoru p\u0159\u00edrody.<\/p>\n","protected":false},"author":8,"featured_media":12123,"template":"","categories":[17,157],"porad":[],"region":[86,64],"kategorie":[],"class_list":["post-12081","video","type-video","status-publish","has-post-thumbnail","hentry","category-domaci","category-zpravy","region-vsetinsko","region-zlinsky-kraj"],"acf":[],"meta_box":{"nbla_idec":"N2310265","nbla_title":"Z\u00e1v\u011bre\u010dn\u00e9 hodnot\u00edc\u00ed setk\u00e1n\u00ed M\u00edstn\u00edho ak\u010dn\u00edho pl\u00e1nu III.","nbla_subtitle":"","nbla_summary":"","nbla_description":"","nbla_transcription":"Z\u00e1v\u011bre\u010dn\u00e9 slavnostn\u00ed a hodnot\u00edc\u00ed setk\u00e1n\u00ed projektu M\u00edstn\u00edho ak\u010dn\u00edho pl\u00e1nu \u0158\u00edmsk\u00e1 3 se konala v \u00fater\u00fd 3. \u0159\u00edjna v prostor\u00e1ch Trezoru p\u0159\u00edrody v Horn\u00ed Lid\u010dina v Set\u00ednsku. Krom\u011b z\u0159izovatel\u016f a \u0159editel\u016f z\u00e1kladn\u00edch a mate\u0159sk\u00fdch \u0161kol regionu, tu byly pozv\u00e1ni i zaj\u00edmav\u00ed host\u00e9. Spektrum p\u0159edn\u00e1\u0161ej\u00edc\u00edch je opravdu zaj\u00edmav\u00e9, proto\u017ee jsme pozvali jak pana Blumensteina, z\u00e1stupce Menzy, co\u017e jsou nadan\u00e9 d\u011bti, tak tak\u00e9 pan\u00ed profesorku Baslerovou, kter\u00e1 p\u0159ijev\u00e1 z Univerzity Palack\u00e9ho a mluv\u00ed sp\u00ed\u0161e o pot\u0159ebach d\u011bt\u00ed se speci\u00e1ln\u00edmi vzd\u011bl\u00e1vac\u00edmi pot\u0159ebami. Prezentace druh\u00e9 jmenovan\u00e9 se v\u011bnovala trend\u016fm a v\u00fdzv\u00e1m, kter\u00e9 se speci\u00e1ln\u00ed pedagogikou \u00fazce souvis\u00ed a bude jej prakticky \u0159e\u0161it. Ty v\u00fdzvy jsou tak, jak ten \u017eivot za\u010d\u00edn\u00e1 b\u00fdt \u010d\u00edm d\u00e1l t\u00edm komplikovan\u011bj\u0161\u00ed a nep\u0159edv\u00eddateln\u011bj\u0161\u00ed, tak i vlastn\u011b ta speci\u00e1ln\u00ed pedagogika m\u00e1 po\u0159\u00e1d \u0161ir\u0161\u00ed rozsah a zab\u00fdv\u00e1 se \u0161ir\u0161\u00edmi probl\u00e9my. Sou\u010dasn\u00fd velk\u00fd probl\u00e9m t\u0159eba je du\u0161evn\u00ed zdrav\u00ed \u017e\u00e1k\u016f. Mluvilo se tak\u00e9 o zp\u016fsobu vzd\u011bl\u00e1v\u00e1n\u00ed \u017e\u00e1k\u016f se speci\u00e1ln\u00edmi pot\u0159ebami, t\u00e9ma, kter\u00e9 ka\u017edodenn\u011b \u0159e\u0161\u00ed mnoho \u0159editel\u016f z\u00e1kladn\u00edch \u0161kol. V podstat\u011b tam vyslovila my\u0161lenkou toho trendu, kter\u00fd j\u00e1 prosazuju cel\u00e1 l\u00e9ta, \u017ee pokud m\u00e1me \u017e\u00e1ky z SVP ve \u0161kole a pot\u0159ebuj\u00ed jin\u00fd p\u0159\u00edstup, jin\u00e9 vzd\u011bl\u00e1v\u00e1n\u00ed a m\u00e1me k tomu mo\u017enosti, tak\u017ee m\u016f\u017eou b\u00fdt i v samostatn\u011b z\u0159\u00edzen\u00fdch t\u0159\u00edd\u00e1ch. A z tohoto z\u00e1m\u011bru by podle v\u0161eho profitovaly nejen d\u011bti, kter\u00e9 pot\u0159ebuj\u00ed individu\u00e1ln\u00ed p\u0159\u00edstup, ale i b\u011b\u017en\u00ed \u017e\u00e1ci. Dal\u0161\u00ed p\u0159edn\u00e1\u0161ka byla v\u011bnovan\u00e1 vzd\u011bl\u00e1v\u00e1n\u00ed nadan\u00fdch d\u011bt\u00ed a dogmat\u016fm, kter\u00e9 sebou t\u00e9ma nese. Jak\u00e1 jsou nejv\u011bt\u0161\u00ed dogmata? Tak t\u0159eba spousta u\u010ditel\u016f se domn\u00edv\u00e1, \u017ee nadan\u00e9 d\u00edt\u011b si pom\u016f\u017ee samo a \u017ee vlastn\u011b nepot\u0159ebuje n\u011bjakou speci\u00e1ln\u00ed p\u00e9\u010di, ale ono to bohu\u017eel v tom terenu je \u00fapln\u011b jinak. No ty nadan\u00e9 d\u011bti jsou velmi \u010dasto vlastn\u011b utl\u00e1\u010den\u00ed do jak\u00e9hosi pr\u016fm\u011bru, jedou na podv\u00fdkonu, c\u00edt\u00ed, \u017ee se od nich vlastn\u011b nic v\u00edc nechce a \u017ee pokud by se sna\u017eili o n\u011bco v\u00edc, tak budou tomu ur\u010dit\u011b i na obt\u00ed\u017e. I tento jev se podle zku\u0161enost\u00ed ve \u0161kol\u00e1ch objevuje, mluvilo se ale tak\u00e9 o budoucnosti \u0161kolstv\u00ed. Je pot\u0159eba se pod\u00edvat na to, co ty d\u011bti budou re\u00e1ln\u011b pot\u0159ebovat a do jak\u00e9 doby rostou, proto\u017ee mnoz\u00ed u\u010ditel\u00e9 p\u0159ipravuj\u00ed d\u011bti sp\u00ed\u0161 do minulosti, ne\u017e do sou\u010dasnosti a u\u017e v\u016fbec ne do budoucnosti. Projekt m\u00edstn\u00edho ak\u010dn\u00edho pl\u00e1nu \u0158\u00edmsk\u00e1 3 prob\u00edhal na Vset\u00ednsku t\u0159i roky, krom\u011b vzd\u011bl\u00e1vac\u00edch aktivit umo\u017enil tak\u00e9 p\u0159\u00edpravu Mapu 4 pro dal\u0161\u00ed obdob\u00ed. Tam bylo pom\u011brn\u011b dost \u010dasu na to, abychom zjistili, co kanto\u0159i nejv\u00edc pot\u0159ebuj\u00ed. Zjistili jsme, \u017ee pot\u0159ebuj\u00ed sd\u00edlen\u00ed, setk\u00e1v\u00e1n\u00ed, exkurze, pot\u0159ebuj\u00ed sd\u00edlet sv\u00e9 zku\u0161enosti, pot\u0159ebuj\u00ed spolupracovat, komunikovat a to byly takov\u00e9 nejd\u016fle\u017eit\u011bj\u0161\u00ed z\u00e1v\u011bry, ke kter\u00fdm jsme do\u0161li. Pot\u0159ebuj\u00ed se i vzd\u011bl\u00e1vat, proto\u017ee \u0161\u00ed\u0159e pot\u0159eb d\u011bt\u00ed st\u00e1le se zv\u011bt\u0161uje. Dal\u0161\u00ed projekt m\u00edstn\u00edho ak\u010dn\u00edho pl\u00e1nu by m\u011bl krom\u011b jmenovan\u00e9ho p\u0159in\u00e9st a umo\u017enit i propojov\u00e1n\u00ed mate\u0159sk\u00fdch a z\u00e1kladn\u00edch \u0161kol a tak\u00e9 z\u00e1kladn\u00edch a st\u0159edn\u00edch nebo z\u00e1kladn\u00edch navz\u00e1jem p\u0159i r\u016fzn\u00fdch spole\u010dn\u00fdch aktivit\u00e1ch a vzd\u011bl\u00e1v\u00e1n\u00ed.","nbla_serie":"","nbla_season":"","nbla_episode":"","nbla_duration":"189.28","nbla_genre":"","nbla_editorial_format":"","nbla_mtime":"1697216272","nbla_url":"https:\/\/origin.a11.cz\/vod\/8xbqbi0iwkjxu2wsmzg3ysyzg.mp4","nbla_version":"1697216272","nbla_odvysilano":"Ano","bunny_id":"0d14f137-d6f5-4422-891a-27d374aacaf1","youtube_id":"","datum_vydani":"20231013","stopaz":"189.28","dokument":[],"video_to":["12124"]},"_links":{"self":[{"href":"https:\/\/tv.a11.cz\/api\/wp\/v2\/video\/12081","targetHints":{"allow":["GET"]}}],"collection":[{"href":"https:\/\/tv.a11.cz\/api\/wp\/v2\/video"}],"about":[{"href":"https:\/\/tv.a11.cz\/api\/wp\/v2\/types\/video"}],"author":[{"embeddable":true,"href":"https:\/\/tv.a11.cz\/api\/wp\/v2\/users\/8"}],"wp:featuredmedia":[{"embeddable":true,"href":"https:\/\/tv.a11.cz\/api\/wp\/v2\/media\/12123"}],"wp:attachment":[{"href":"https:\/\/tv.a11.cz\/api\/wp\/v2\/media?parent=12081"}],"wp:term":[{"taxonomy":"category","embeddable":true,"href":"https:\/\/tv.a11.cz\/api\/wp\/v2\/categories?post=12081"},{"taxonomy":"porad","embeddable":true,"href":"https:\/\/tv.a11.cz\/api\/wp\/v2\/porad?post=12081"},{"taxonomy":"region","embeddable":true,"href":"https:\/\/tv.a11.cz\/api\/wp\/v2\/region?post=12081"},{"taxonomy":"kategorie","embeddable":true,"href":"https:\/\/tv.a11.cz\/api\/wp\/v2\/kategorie?post=12081"}],"curies":[{"name":"wp","href":"https:\/\/api.w.org\/{rel}","templated":true}]}}

Závěrečné hodnotící setkání Místního akčního plánu III.

<p>Závěrečné slavnostní a hodnotící setkání projektu Místního akčního plánu III se konala v úterý 3. října v prostorách Trezoru přírody.</p>

Závěrečné slavnostní a hodnotící setkání projektu Místního akčního plánu Římská 3 se konala v úterý 3. října v prostorách Trezoru přírody v Horní Lidčina v Setínsku. Kromě zřizovatelů a ředitelů základních a mateřských škol regionu, tu byly pozváni i zajímaví hosté. Spektrum přednášejících je opravdu zajímavé, protože jsme pozvali jak pana Blumensteina, zástupce Menzy, což jsou nadané děti, tak také paní profesorku Baslerovou, která přijevá z Univerzity Palackého a mluví spíše o potřebach dětí se speciálními vzdělávacími potřebami. Prezentace druhé jmenované se věnovala trendům a výzvám, které se speciální pedagogikou úzce souvisí a bude jej prakticky řešit. Ty výzvy jsou tak, jak ten život začíná být čím dál tím komplikovanější a nepředvídatelnější, tak i vlastně ta speciální pedagogika má pořád širší rozsah a zabývá se širšími problémy. Současný velký problém třeba je duševní zdraví žáků. Mluvilo se také o způsobu vzdělávání žáků se speciálními potřebami, téma, které každodenně řeší mnoho ředitelů základních škol. V podstatě tam vyslovila myšlenkou toho trendu, který já prosazuju celá léta, že pokud máme žáky z SVP ve škole a potřebují jiný přístup, jiné vzdělávání a máme k tomu možnosti, takže můžou být i v samostatně zřízených třídách. A z tohoto záměru by podle všeho profitovaly nejen děti, které potřebují individuální přístup, ale i běžní žáci. Další přednáška byla věnovaná vzdělávání nadaných dětí a dogmatům, které sebou téma nese. Jaká jsou největší dogmata? Tak třeba spousta učitelů se domnívá, že nadané dítě si pomůže samo a že vlastně nepotřebuje nějakou speciální péči, ale ono to bohužel v tom terenu je úplně jinak. No ty nadané děti jsou velmi často vlastně utláčení do jakéhosi průměru, jedou na podvýkonu, cítí, že se od nich vlastně nic víc nechce a že pokud by se snažili o něco víc, tak budou tomu určitě i na obtíž. I tento jev se podle zkušeností ve školách objevuje, mluvilo se ale také o budoucnosti školství. Je potřeba se podívat na to, co ty děti budou reálně potřebovat a do jaké doby rostou, protože mnozí učitelé připravují děti spíš do minulosti, než do současnosti a už vůbec ne do budoucnosti. Projekt místního akčního plánu Římská 3 probíhal na Vsetínsku tři roky, kromě vzdělávacích aktivit umožnil také přípravu Mapu 4 pro další období. Tam bylo poměrně dost času na to, abychom zjistili, co kantoři nejvíc potřebují. Zjistili jsme, že potřebují sdílení, setkávání, exkurze, potřebují sdílet své zkušenosti, potřebují spolupracovat, komunikovat a to byly takové nejdůležitější závěry, ke kterým jsme došli. Potřebují se i vzdělávat, protože šíře potřeb dětí stále se zvětšuje. Další projekt místního akčního plánu by měl kromě jmenovaného přinést a umožnit i propojování mateřských a základních škol a také základních a středních nebo základních navzájem při různých společných aktivitách a vzdělávání.
