{"id":12043,"date":"2023-10-13T12:10:16","date_gmt":"2023-10-13T10:10:16","guid":{"rendered":"https:\/\/tv.a11.cz\/?post_type=video&#038;p=12043"},"modified":"2023-10-13T15:45:50","modified_gmt":"2023-10-13T13:45:50","slug":"ze-vsetina-az-do-prazskych-kbel","status":"publish","type":"video","link":"https:\/\/tv.a11.cz\/video\/ze-vsetina-az-do-prazskych-kbel\/","title":{"rendered":"Ze Vset\u00edna a\u017e do pra\u017esk\u00fdch Kbel"},"content":{"rendered":"","protected":false},"excerpt":{"rendered":"<p>Do Kbel jsme odstartovali brzy r\u00e1no z Luha\u010dovic, za kr\u00e1sn\u00e9ho slune\u010dn\u00e9ho po\u010das\u00ed, s letov\u00fdm pl\u00e1nem a mezip\u0159ist\u00e1n\u00edm na mal\u00e9m leti\u0161ti Osi\u010diny. Tam jsme u kamar\u00e1d\u016f pilot\u016f dobrali palivo.<\/p>\n","protected":false},"author":8,"featured_media":12048,"template":"","categories":[17,157],"porad":[],"region":[51,148,86,64],"kategorie":[],"class_list":["post-12043","video","type-video","status-publish","has-post-thumbnail","hentry","category-domaci","category-zpravy","region-praha","region-praha-9","region-vsetinsko","region-zlinsky-kraj"],"acf":[],"meta_box":{"nbla_idec":"N2310263","nbla_title":"Ze Vset\u00edna a\u017e do pra\u017esk\u00fdch Kbel","nbla_subtitle":"","nbla_summary":"","nbla_description":"","nbla_transcription":"Do Kbelej jsme odstartovali brzy r\u00e1no z Luha\u010dovic, za kr\u00e1sn\u00e9ho slune\u010dn\u00e9ho po\u010das\u00ed, s letov\u00fdm pl\u00e1nem a mezip\u0159ist\u00e1n\u00edm na mal\u00e9m leti\u0161ti Osi\u010diny. Tam jsme u kamar\u00e1d\u016f pilot\u016f dobrali palivo, jeliko\u017e natur\u00e1l v Kbel\u00fdch nemaj\u00ed, a pokra\u010dovali jsme d\u00e1l. Odsud je to u\u017e jen p\u00e1r minut. V\u00fdjef\u00e1r p\u0159\u00edlety maj\u00ed jasn\u011b stanoven\u00e1 pravidla, zve\u0159ejn\u011bn\u00e1 v takzvan\u00e9m AIPU, neboli Leteck\u00e9 informa\u010dn\u00ed p\u0159\u00edru\u010dce. Vstup do \u0159\u00edzen\u00e9ho prostoru kbelsk\u00e9ho leti\u0161t\u011b je mo\u017en\u00fd p\u0159es n\u011bkolik bod\u016f. My jsme zvolili jiho v\u00fdchodn\u00ed uniform, le\u017e\u00edc\u00ed p\u0159esn\u011b mezi \u00favaly, tuklaty, rostoklaty a p\u0159i\u0161imasy. Na v\u011b\u017ei o n\u00e1s v\u011bd\u00ed. P\u0159ed p\u0159\u00edletem je toti\u017e nutn\u00e9 ozn\u00e1mit v\u011b\u017ei jm\u00e9na, \u010d\u00edsla doklad\u016f \u010di d\u016fvod p\u0159\u00edletu. P\u0159esto mus\u00edme po\u010d\u00edtat se zdr\u017een\u00edm. Maj\u00ed tady fofr a jak se \u0159\u00edk\u00e1 v\u011bt\u0161\u00ed bere. Tak\u017ee p\u0159ede mnou p\u0159ist\u00e1vaj\u00ed je\u0161t\u011b dv\u011b letadla. P\u0159edpokl\u00e1d\u00e1m, \u017ee ob\u011b vojensk\u00e1. Vstup do \u0159\u00edzen\u00e9ho prostoru kbelsk\u00e9ho leti\u0161t\u011b. Vojensk\u00e9 leti\u0161t\u011b k Beli je toti\u017e b\u011b\u017en\u011b ve\u0159ejnosti zapov\u011bzeno. Pokud na n\u011bm chcete p\u0159ist\u00e1t, mus\u00edte b\u00fdt bu\u010fto v nouzi, anebo tam mus\u00edte m\u00edt n\u011bjak\u00fd speci\u00e1ln\u00ed \u00fakol arm\u00e1d\u011b prosp\u011b\u0161n\u00fd. A v tom p\u0159\u00edpad\u011b je nezbytn\u00e9 z\u00edskat souhlas Ministerstva obrany. Prost\u011b arm\u00e1da nen\u00ed holubn\u00edk a tak uspokojit \u00fa\u0159edn\u00edho \u0161imla chce p\u00e1r t\u00fddn\u016f pap\u00edrov\u00e1n\u00ed, komunikace a hlavn\u011b trp\u011blivosti. Ta se ale vypl\u00e1c\u00ed. Na plan\u011bn\u011b mezi tehdej\u0161\u00edmi obcemi k Beli, Let\u0148any a okrajem Vyso\u010dan vzniklo v roce 1918 prvn\u00ed plnohodnotn\u00e9 leti\u0161t\u011b zalo\u017een\u00e9 po prvn\u00ed sv\u011btov\u00e9 v\u00e1lce na \u010cesk\u00e9m \u00fazem\u00ed. P\u0159ed n\u00edm existovalo je\u0161t\u011b leti\u0161t\u011b v Chebu, to ale bylo zalo\u017eeno za rakousko-uhersk\u00e9 monarchie a prozat\u00edmn\u00ed leti\u0161t\u011b na poli nedaleko Stra\u0161nic. K Beli se tak stali centrem rozvoje \u010desk\u00e9ho letectv\u00ed a nen\u00ed divu, \u017ee je pravideln\u011b nav\u0161tivoval i prezident Tom\u00e1\u0161 Garrig-Masaryk. Dnes tady s\u00eddl\u00ed 24. z\u00e1kladna dopravn\u00edho letectva Vzdu\u0161n\u00fdch sil arm\u00e1dy \u010cesk\u00e9 republiky a tak\u00e9 Leteck\u00e9 muzeum Vojensk\u00e9ho historick\u00e9ho \u00fastavu. Tak\u017ee p\u0159ist\u00e1t tady je nejen pro piloty opravdov\u00fd z\u00e1\u017eitek. Nat\u00e1\u010den\u00ed rozhovor\u016f o letadlech a l\u00e9t\u00e1n\u00ed s arm\u00e1dn\u00edmi piloty tak byla jen kr\u00e1sn\u00e1 t\u0159e\u0161ni\u010dka na dortu.","nbla_serie":"","nbla_season":"","nbla_episode":"","nbla_duration":"234.16","nbla_genre":"","nbla_editorial_format":"","nbla_mtime":"1697191386","nbla_url":"https:\/\/origin.a11.cz\/vod\/6o3gna28qjd9wwcdytcz0escx.mp4","nbla_version":"1697191386","nbla_odvysilano":"Ne","bunny_id":"5828982d-2f8b-4740-9618-5fc2108a066b","youtube_id":"","datum_vydani":"20231013","stopaz":"234.16","dokument":[],"video_to":["12049"]},"_links":{"self":[{"href":"https:\/\/tv.a11.cz\/api\/wp\/v2\/video\/12043","targetHints":{"allow":["GET"]}}],"collection":[{"href":"https:\/\/tv.a11.cz\/api\/wp\/v2\/video"}],"about":[{"href":"https:\/\/tv.a11.cz\/api\/wp\/v2\/types\/video"}],"author":[{"embeddable":true,"href":"https:\/\/tv.a11.cz\/api\/wp\/v2\/users\/8"}],"wp:featuredmedia":[{"embeddable":true,"href":"https:\/\/tv.a11.cz\/api\/wp\/v2\/media\/12048"}],"wp:attachment":[{"href":"https:\/\/tv.a11.cz\/api\/wp\/v2\/media?parent=12043"}],"wp:term":[{"taxonomy":"category","embeddable":true,"href":"https:\/\/tv.a11.cz\/api\/wp\/v2\/categories?post=12043"},{"taxonomy":"porad","embeddable":true,"href":"https:\/\/tv.a11.cz\/api\/wp\/v2\/porad?post=12043"},{"taxonomy":"region","embeddable":true,"href":"https:\/\/tv.a11.cz\/api\/wp\/v2\/region?post=12043"},{"taxonomy":"kategorie","embeddable":true,"href":"https:\/\/tv.a11.cz\/api\/wp\/v2\/kategorie?post=12043"}],"curies":[{"name":"wp","href":"https:\/\/api.w.org\/{rel}","templated":true}]}}

Ze Vsetína až do pražských Kbel

<p>Do Kbel jsme odstartovali brzy ráno z Luhačovic, za krásného slunečného počasí, s letovým plánem a mezipřistáním na malém letišti Osičiny. Tam jsme u kamarádů pilotů dobrali palivo.</p>

Do Kbelej jsme odstartovali brzy ráno z Luhačovic, za krásného slunečného počasí, s letovým plánem a mezipřistáním na malém letišti Osičiny. Tam jsme u kamarádů pilotů dobrali palivo, jelikož naturál v Kbelých nemají, a pokračovali jsme dál. Odsud je to už jen pár minut. Výjefár přílety mají jasně stanovená pravidla, zveřejněná v takzvaném AIPU, neboli Letecké informační příručce. Vstup do řízeného prostoru kbelského letiště je možný přes několik bodů. My jsme zvolili jiho východní uniform, ležící přesně mezi úvaly, tuklaty, rostoklaty a přišimasy. Na věži o nás vědí. Před příletem je totiž nutné oznámit věži jména, čísla dokladů či důvod příletu. Přesto musíme počítat se zdržením. Mají tady fofr a jak se říká větší bere. Takže přede mnou přistávají ještě dvě letadla. Předpokládám, že obě vojenská. Vstup do řízeného prostoru kbelského letiště. Vojenské letiště k Beli je totiž běžně veřejnosti zapovězeno. Pokud na něm chcete přistát, musíte být buďto v nouzi, anebo tam musíte mít nějaký speciální úkol armádě prospěšný. A v tom případě je nezbytné získat souhlas Ministerstva obrany. Prostě armáda není holubník a tak uspokojit úředního šimla chce pár týdnů papírování, komunikace a hlavně trpělivosti. Ta se ale vyplácí. Na planěně mezi tehdejšími obcemi k Beli, Letňany a okrajem Vysočan vzniklo v roce 1918 první plnohodnotné letiště založené po první světové válce na Českém území. Před ním existovalo ještě letiště v Chebu, to ale bylo založeno za rakousko-uherské monarchie a prozatímní letiště na poli nedaleko Strašnic. K Beli se tak stali centrem rozvoje českého letectví a není divu, že je pravidelně navštivoval i prezident Tomáš Garrig-Masaryk. Dnes tady sídlí 24. základna dopravního letectva Vzdušných sil armády České republiky a také Letecké muzeum Vojenského historického ústavu. Takže přistát tady je nejen pro piloty opravdový zážitek. Natáčení rozhovorů o letadlech a létání s armádními piloty tak byla jen krásná třešnička na dortu.
