{"id":12001,"date":"2023-10-12T16:21:34","date_gmt":"2023-10-12T14:21:34","guid":{"rendered":"https:\/\/tv.a11.cz\/?post_type=video&#038;p=12001"},"modified":"2023-10-13T15:40:37","modified_gmt":"2023-10-13T13:40:37","slug":"budova-ceskeho-rozhlasu-v-olomouci-ziskala-oceneni","status":"publish","type":"video","link":"https:\/\/tv.a11.cz\/video\/budova-ceskeho-rozhlasu-v-olomouci-ziskala-oceneni\/","title":{"rendered":"Budova \u010cesk\u00e9ho rozhlasu v Olomouci z\u00edskala ocen\u011bn\u00ed"},"content":{"rendered":"","protected":false},"excerpt":{"rendered":"<p>Zrekonstruovan\u00e1 budova \u010cesk\u00e9ho rozhlasu z\u00edskala ji\u017e druh\u00e9 ocen\u011bn\u00ed. Po ned\u00e1vn\u00e9m titulu stavba roku 2022 Olomouck\u00e9ho kraje v kategorii rekonstrukce n\u00e1sledovalo dal\u0161\u00ed.<\/p>\n","protected":false},"author":8,"featured_media":12047,"template":"","categories":[17,157],"porad":[],"region":[106,59],"kategorie":[],"class_list":["post-12001","video","type-video","status-publish","has-post-thumbnail","hentry","category-domaci","category-zpravy","region-olomoucko","region-olomoucky-kraj"],"acf":[],"meta_box":{"nbla_idec":"N2306398","nbla_title":"Budova \u010cesk\u00e9ho rozhlasu v Olomouci z\u00edskala ocen\u011bn\u00ed","nbla_subtitle":"","nbla_summary":"","nbla_description":"","nbla_transcription":"Zrekonstruovan\u00e1 budova \u010cesk\u00e9ho rozhlasu z\u00edskla ji\u017e druh\u00e9 ocen\u011bn\u00ed. Po ned\u00e1vn\u00e9m titulu stavba roku 2022 Olomouck\u00e9ho kraje v kategorii rekonstrukce a obnova usp\u011bl hlavn\u00ed projektant Opavsk\u00fd ateli\u00e9r 38 s touto konverz\u00ed b\u00fdval\u00e9ho obchodn\u00edho domu s n\u00e1bytkem na studio Olomouck\u00e9ho rozhlasu i v sout\u011b\u017ei stavba Moravsko-Slesk\u00e9ho kraje a to v kategorii stavb\u011b realizovan\u00e9 mimo \u00fazem\u00ed kraje. Podle odborn\u00edku se u t\u00e9to stavby poda\u0159ilo \u00fasp\u011b\u0161n\u011b propojit star\u00e9 s nov\u00fdm, d\u00e1t budov\u011b modern\u00ed tv\u00e1\u0159 i vyu\u017eit\u00ed, to v\u0161e p\u0159i zachov\u00e1n\u00ed historick\u00fdch a nad\u010dasov\u00fdch prvk\u016f.","nbla_serie":"","nbla_season":"","nbla_episode":"","nbla_duration":"42.08","nbla_genre":"","nbla_editorial_format":"","nbla_mtime":"1697118907","nbla_url":"https:\/\/origin.a11.cz\/vod\/csbo4vooznxfbbyrqsrcj1lru.mp4","nbla_version":"1697118907","nbla_odvysilano":"Ano","bunny_id":"c4388a71-95cf-45b0-834c-d8be38bce594","youtube_id":"","datum_vydani":"20231012","stopaz":"42.08","dokument":[],"video_to":[]},"_links":{"self":[{"href":"https:\/\/tv.a11.cz\/api\/wp\/v2\/video\/12001","targetHints":{"allow":["GET"]}}],"collection":[{"href":"https:\/\/tv.a11.cz\/api\/wp\/v2\/video"}],"about":[{"href":"https:\/\/tv.a11.cz\/api\/wp\/v2\/types\/video"}],"author":[{"embeddable":true,"href":"https:\/\/tv.a11.cz\/api\/wp\/v2\/users\/8"}],"wp:featuredmedia":[{"embeddable":true,"href":"https:\/\/tv.a11.cz\/api\/wp\/v2\/media\/12047"}],"wp:attachment":[{"href":"https:\/\/tv.a11.cz\/api\/wp\/v2\/media?parent=12001"}],"wp:term":[{"taxonomy":"category","embeddable":true,"href":"https:\/\/tv.a11.cz\/api\/wp\/v2\/categories?post=12001"},{"taxonomy":"porad","embeddable":true,"href":"https:\/\/tv.a11.cz\/api\/wp\/v2\/porad?post=12001"},{"taxonomy":"region","embeddable":true,"href":"https:\/\/tv.a11.cz\/api\/wp\/v2\/region?post=12001"},{"taxonomy":"kategorie","embeddable":true,"href":"https:\/\/tv.a11.cz\/api\/wp\/v2\/kategorie?post=12001"}],"curies":[{"name":"wp","href":"https:\/\/api.w.org\/{rel}","templated":true}]}}

Budova Českého rozhlasu v Olomouci získala ocenění

<p>Zrekonstruovaná budova Českého rozhlasu získala již druhé ocenění. Po nedávném titulu stavba roku 2022 Olomouckého kraje v kategorii rekonstrukce následovalo další.</p>

Zrekonstruovaná budova Českého rozhlasu získla již druhé ocenění. Po nedávném titulu stavba roku 2022 Olomouckého kraje v kategorii rekonstrukce a obnova uspěl hlavní projektant Opavský ateliér 38 s touto konverzí bývalého obchodního domu s nábytkem na studio Olomouckého rozhlasu i v soutěži stavba Moravsko-Sleského kraje a to v kategorii stavbě realizované mimo území kraje. Podle odborníku se u této stavby podařilo úspěšně propojit staré s novým, dát budově moderní tvář i využití, to vše při zachování historických a nadčasových prvků.
