{"id":11996,"date":"2023-10-12T16:08:36","date_gmt":"2023-10-12T14:08:36","guid":{"rendered":"https:\/\/tv.a11.cz\/?post_type=video&#038;p=11996"},"modified":"2023-10-12T21:22:40","modified_gmt":"2023-10-12T19:22:40","slug":"veseli-nad-moravou-dokoncilo-dalsi-cast-rezidence-nova-trznice","status":"publish","type":"video","link":"https:\/\/tv.a11.cz\/video\/veseli-nad-moravou-dokoncilo-dalsi-cast-rezidence-nova-trznice\/","title":{"rendered":"Vesel\u00ed nad Moravou dokon\u010dilo dal\u0161\u00ed \u010d\u00e1st Rezidence Nov\u00e1 tr\u017enice"},"content":{"rendered":"","protected":false},"excerpt":{"rendered":"<p>Nejv\u011bt\u0161\u00ed bytov\u00fd projekt posledn\u00ed doby ve Vesel\u00ed nad Moravou se dostal do dal\u0161\u00edho st\u00e1dia a m\u011bsto p\u0159evzalo od zhotovitele druh\u00fd ze t\u0159\u00ed objekt\u016f rezidence Nov\u00e1 Tr\u017enice. <\/p>\n","protected":false},"author":8,"featured_media":12024,"template":"","categories":[17,159,157],"porad":[],"region":[136,53],"kategorie":[],"class_list":["post-11996","video","type-video","status-publish","has-post-thumbnail","hentry","category-domaci","category-stavebnictvi","category-zpravy","region-hodoninsko","region-jihomoravsky-kraj"],"acf":[],"meta_box":{"nbla_idec":"N2307552","nbla_title":"Vesel\u00ed nad Moravou dokon\u010dilo dal\u0161\u00ed \u010d\u00e1st Rezidence Nov\u00e1 tr\u017enice","nbla_subtitle":"","nbla_summary":"","nbla_description":"","nbla_transcription":"Nejv\u011bt\u0161\u00ed bytov\u00fd projekt posledn\u00ed doby ve Vesel\u00ed nad Moravou se dostal do dal\u0161\u00edho st\u00e1dy a m\u011bsto p\u0159evzalo od zhotovitele druh\u00fd ze t\u0159\u00ed objekt\u016f rezidence Nov\u00e1 Tr\u017enice. Jedn\u00e1 se o budovu ozna\u010denou p\u00edsmenem B, kter\u00e1 le\u017e\u00ed uprost\u0159ed cel\u00e9ho are\u00e1lu. Dnes se ve Vesel\u00ed nad Moravou dost\u00e1v\u00e1me do dvou t\u0159etin realizace projektu rezidence Nov\u00e1 Tr\u017enice. A cht\u011bl bych moc pod\u011bkovat vynikaj\u00edc\u00edmu zhotoviteli spole\u010dnosti PSG Construction za v\u00fdborn\u011b odebranou pr\u00e1ci. Na\u0161i spole\u010dnost je tato stavba velk\u00fdm zadostn\u00fdm u\u010din\u011bn\u00edm a to, \u017ee se zde m\u016f\u017eeme sej\u00edt a v term\u00ednech p\u0159ed\u00e1vat d\u00edlo, je v\u017edy radost, i kdy\u017e po\u010das\u00ed n\u00e1m k tomu p\u0159\u00edli\u0161 nep\u0159eje. Budova st\u00e1la na cel\u00fdch 100 milion\u016f korun. Nov\u00e9 bydlen\u00ed v n\u00ed najde 15 rodin. \u010c\u00e1st byt\u016f u\u017e m\u00e1 sv\u00e9 majitele, dal\u0161\u00ed bude m\u011bsto pronaj\u00edmat. J\u00e1 bych oslovil nebo vyzval v\u0161echny z\u00e1jemce, kte\u0159\u00ed by m\u011bli z\u00e1jem, pronajmouci 12 voln\u00fdch byt\u016f v tomto objektu B nebo za mnou se nach\u00e1z\u00edc\u00edm objektu A, aby sledovali internetov\u00e9 str\u00e1nky m\u011bsta, kde jsou podrobn\u00e9 podm\u00ednky ve\u0159ejn\u00e9 sout\u011b\u017een\u00ed. Projekt rezidence Nov\u00e1 Tr\u017enice po\u010d\u00edtal nejen s byty, ale i s ob\u010dansk\u00fdm vybaven\u00edm. Do prost\u0159edn\u00ed budovy se u\u017e t\u011b\u0161\u00ed zubn\u00ed l\u00e9ka\u0159i. Nyn\u00ed se nach\u00e1z\u00edme v p\u0159\u00edzem\u00ed toho reziden\u010dn\u00edho objektu B a v tom cel\u00e9m p\u0159\u00edzem\u00ed se vlastn\u011b nach\u00e1z\u00ed sedm nov\u00fdch suba\u0159sk\u00fdch ordinac\u00ed, kter\u00e9, a to bych r\u00e1d zd\u016froznil, byly soukromou investic\u00ed. Jsem tady jako z\u00e1stupce stomatolog\u016f budouc\u00edch v t\u011bchto prostorech a na\u0161\u00edm c\u00edlem je od nov\u00e9ho roku zde fungovat a budeme d\u011blat v\u0161echno pro to, aby od nov\u00e9ho roku jsme mohli zlep\u0161it kapacitu, dostupnosti stomatologick\u00e9 p\u00e9\u010de ve veseji nad Moravou a okol\u00ed. Stavba rezidence pokra\u010duje. Aktu\u00e1ln\u011b se intenzivn\u011b pracuje ve venkovn\u00edch prostorech. V tomto prostoru za objektem A se tohleto chv\u00edli dokon\u010duje stav\u00edm\u00fd objekt parkovi\u0161ti. Tak by p\u0159ipomn\u011bli, \u017ee se bude jednat o ve\u0159ejn\u00e9 parkovi\u0161ti s celkovou kapacitou 45 parkovac\u00edch m\u00edst, kter\u00e9 budou slou\u017eit jednak samoz\u0159ejm\u011b klient\u016fm zdej\u0161\u00edho rezide\u010dn\u00edho prostoru Nov\u00e1 Tr\u017enice, ale i obyvatel\u016fm sidi\u0161t\u011b Chaloupky a v\u016fbec n\u00e1v\u0161t\u011bvn\u00edk\u016fm centra m\u011bsta. Parkovi\u0161t\u011b, ale i t\u0159et\u00ed budova rezidence by podle projektu m\u011bly b\u00fdt hotov\u00e9 do konce tohoto roku. V centru m\u011bsta Vesel\u00fd nad Moravou tak celkov\u011b p\u0159ibude 42 nov\u00fdch byt\u016f v\u0161ech velikost\u00ed.","nbla_serie":"","nbla_season":"","nbla_episode":"","nbla_duration":"139.08","nbla_genre":"","nbla_editorial_format":"","nbla_mtime":"1697118914","nbla_url":"https:\/\/origin.a11.cz\/vod\/dnguj2ode0u8vz5sl8zrcq8t1.mp4","nbla_version":"1697118914","nbla_odvysilano":"Ano","bunny_id":"884dc087-f926-47fb-8d95-d892db89647c","youtube_id":"","datum_vydani":"20231012","stopaz":"139.08","dokument":[],"video_to":["12025"]},"_links":{"self":[{"href":"https:\/\/tv.a11.cz\/api\/wp\/v2\/video\/11996","targetHints":{"allow":["GET"]}}],"collection":[{"href":"https:\/\/tv.a11.cz\/api\/wp\/v2\/video"}],"about":[{"href":"https:\/\/tv.a11.cz\/api\/wp\/v2\/types\/video"}],"author":[{"embeddable":true,"href":"https:\/\/tv.a11.cz\/api\/wp\/v2\/users\/8"}],"wp:featuredmedia":[{"embeddable":true,"href":"https:\/\/tv.a11.cz\/api\/wp\/v2\/media\/12024"}],"wp:attachment":[{"href":"https:\/\/tv.a11.cz\/api\/wp\/v2\/media?parent=11996"}],"wp:term":[{"taxonomy":"category","embeddable":true,"href":"https:\/\/tv.a11.cz\/api\/wp\/v2\/categories?post=11996"},{"taxonomy":"porad","embeddable":true,"href":"https:\/\/tv.a11.cz\/api\/wp\/v2\/porad?post=11996"},{"taxonomy":"region","embeddable":true,"href":"https:\/\/tv.a11.cz\/api\/wp\/v2\/region?post=11996"},{"taxonomy":"kategorie","embeddable":true,"href":"https:\/\/tv.a11.cz\/api\/wp\/v2\/kategorie?post=11996"}],"curies":[{"name":"wp","href":"https:\/\/api.w.org\/{rel}","templated":true}]}}

Veselí nad Moravou dokončilo další část Rezidence Nová tržnice

<p>Největší bytový projekt poslední doby ve Veselí nad Moravou se dostal do dalšího stádia a město převzalo od zhotovitele druhý ze tří objektů rezidence Nová Tržnice. </p>

Největší bytový projekt poslední doby ve Veselí nad Moravou se dostal do dalšího stády a město převzalo od zhotovitele druhý ze tří objektů rezidence Nová Tržnice. Jedná se o budovu označenou písmenem B, která leží uprostřed celého areálu. Dnes se ve Veselí nad Moravou dostáváme do dvou třetin realizace projektu rezidence Nová Tržnice. A chtěl bych moc poděkovat vynikajícímu zhotoviteli společnosti PSG Construction za výborně odebranou práci. Naši společnost je tato stavba velkým zadostným učiněním a to, že se zde můžeme sejít a v termínech předávat dílo, je vždy radost, i když počasí nám k tomu příliš nepřeje. Budova stála na celých 100 milionů korun. Nové bydlení v ní najde 15 rodin. Část bytů už má své majitele, další bude město pronajímat. Já bych oslovil nebo vyzval všechny zájemce, kteří by měli zájem, pronajmouci 12 volných bytů v tomto objektu B nebo za mnou se nacházícím objektu A, aby sledovali internetové stránky města, kde jsou podrobné podmínky veřejné soutěžení. Projekt rezidence Nová Tržnice počítal nejen s byty, ale i s občanským vybavením. Do prostřední budovy se už těší zubní lékaři. Nyní se nacházíme v přízemí toho rezidenčního objektu B a v tom celém přízemí se vlastně nachází sedm nových subařských ordinací, které, a to bych rád zdůroznil, byly soukromou investicí. Jsem tady jako zástupce stomatologů budoucích v těchto prostorech a naším cílem je od nového roku zde fungovat a budeme dělat všechno pro to, aby od nového roku jsme mohli zlepšit kapacitu, dostupnosti stomatologické péče ve veseji nad Moravou a okolí. Stavba rezidence pokračuje. Aktuálně se intenzivně pracuje ve venkovních prostorech. V tomto prostoru za objektem A se tohleto chvíli dokončuje stavímý objekt parkovišti. Tak by připomněli, že se bude jednat o veřejné parkovišti s celkovou kapacitou 45 parkovacích míst, které budou sloužit jednak samozřejmě klientům zdejšího rezidečního prostoru Nová Tržnice, ale i obyvatelům sidiště Chaloupky a vůbec návštěvníkům centra města. Parkoviště, ale i třetí budova rezidence by podle projektu měly být hotové do konce tohoto roku. V centru města Veselý nad Moravou tak celkově přibude 42 nových bytů všech velikostí.
