{"id":11890,"date":"2023-10-11T15:51:23","date_gmt":"2023-10-11T13:51:23","guid":{"rendered":"https:\/\/tv.a11.cz\/?post_type=video&#038;p=11890"},"modified":"2023-10-11T20:18:32","modified_gmt":"2023-10-11T18:18:32","slug":"tyden-knihoven-vyvrcholil-patkem-pro-talenty","status":"publish","type":"video","link":"https:\/\/tv.a11.cz\/video\/tyden-knihoven-vyvrcholil-patkem-pro-talenty\/","title":{"rendered":"T\u00fdden knihoven vyvrcholil P\u00e1tkem pro talenty"},"content":{"rendered":"","protected":false},"excerpt":{"rendered":"<p>Vrcholem t\u00fddne knihovny je v M\u011bstsk\u00e9 knihovn\u011b Hodon\u00edn ka\u017edoro\u010dn\u011b akce nazvan\u00e1 P\u00e1tek pro talenty. B\u011bhem slavnostn\u00edho vyhl\u00e1\u0161en\u00ed p\u0159evezmou ocen\u011bn\u00ed talentovan\u00e9 d\u011bti, kter\u00e9 se zapojili do celoro\u010dn\u00ed liter\u00e1rn\u00ed a v\u00fdtvarn\u00e9 sout\u011b\u017ee.<\/p>\n","protected":false},"author":8,"featured_media":11926,"template":"","categories":[17,25,157],"porad":[],"region":[136,53],"kategorie":[],"class_list":["post-11890","video","type-video","status-publish","has-post-thumbnail","hentry","category-domaci","category-vzdelavani","category-zpravy","region-hodoninsko","region-jihomoravsky-kraj"],"acf":[],"meta_box":{"nbla_idec":"N2307549","nbla_title":"T\u00fdden knihoven vyvrcholil P\u00e1tkem pro talenty","nbla_subtitle":"","nbla_summary":"","nbla_description":"","nbla_transcription":"Vrcholem t\u00fddne knihovny je v M\u011bstsk\u00e9 knihovn\u011b Hodon\u00edn ka\u017edoro\u010dn\u011b akce nazvan\u00e1 P\u00e1tek pro talenty. B\u011bhem slavnostn\u00edho vyhl\u00e1\u0161en\u00ed p\u0159evezmou ocen\u011bn\u00ed talentovan\u00e9 d\u011bti, kter\u00e9 se zapojili do celoro\u010dn\u00ed liter\u00e1rn\u00ed a v\u00fdtvarn\u00e9 sout\u011b\u017ee. Inspirac\u00ed jsou jim v\u017edy knihy n\u011bkter\u00e9ho z \u010desk\u00fdch autor\u016f. V loni to byla t\u0159eba Petra Braunov\u00e1. Letos stejn\u011b jako ka\u017ed\u00fd ro\u010dn\u00edk m\u011bla sv\u016fj specifick\u00fd n\u00e1zev na tv\u00e9m m\u00edst\u011b a inspirovala se tvorbou spisovatelky d\u011btsk\u00fdch knih, Ivi Proch\u00e1zkov\u00e9. P\u0159ihl\u00e1silo se celkem 250 \u00fa\u010dastn\u00edk\u016f. Bohu\u017eel ten pom\u011br byl tro\u0161i\u010dku nevyrovran\u00fd, proto\u017ee liter\u00e1rn\u00edch prac\u00ed se\u0161lo celkem 42 a ten zb\u00fdvaj\u00edc\u00ed po\u010det byly pr\u00e1v\u011b ty v\u00fdtvarn\u00e9 pr\u00e1ce. Hlavn\u00edm motivem v\u011bt\u0161iny d\u011bl byl tentokr\u00e1t dobrodru\u017en\u00fd animovan\u00fd sn\u00edmek My\u0161i pat\u0159\u00ed do nebe. P\u0159edlohou filmu jeho \u017ehlevn\u00edmi hrdiny jsou My\u0161ka \u0160upito a Li\u0161\u00e1k Bylob\u0159ich se stala stejnojmen\u00e1 kniha, kterou vydala v roce 2006 pr\u00e1v\u011b Iva Proch\u00e1zkov\u00e1. B\u011bhem P\u00e1tku pro Talenty byly ocen\u011bn\u00e9 d\u011bti, kter\u00e9 usp\u011bly v jednotliv\u00fdch kategori\u00edch. Ty z\u00e1kladn\u00ed kategorie jsou kategorie liter\u00e1rn\u00edch prac\u00ed a potom ty v\u00fdtvarn\u00e9. Tam je to pochopiteln\u011b rozd\u011blen\u00e9 podle v\u011bku d\u011bti. Ti nejstar\u0161\u00ed jsou \u017e\u00e1ci dev\u00e1t\u00fdch ro\u010dn\u00edk\u016f v z\u00e1kladn\u00edch \u0161kol\u00e1ch. Autorkou jej\u00ed\u017e d\u00edla budou tvo\u0159it p\u0159edlohy pro liter\u00e1rn\u00ed a v\u00fdtvarn\u00e1 d\u00edla v p\u0159\u00ed\u0161t\u00edm roce bude Ivona B\u0159ezinov\u00e1. Leto\u0161n\u00ed t\u00fdden knihoven ale nab\u00eddl tak\u00e9 \u0159adu dal\u0161\u00edch akc\u00ed. Krom\u011b ro\u010dn\u00ed registrace s darmato byla nap\u0159\u00edklad burza knih, kreativn\u00ed workshop nebo r\u016fzn\u00e9 besedy a p\u0159edn\u00e1\u0161ky.","nbla_serie":"","nbla_season":"","nbla_episode":"","nbla_duration":"93.2","nbla_genre":"","nbla_editorial_format":"","nbla_mtime":"1697031785","nbla_url":"https:\/\/origin.a11.cz\/vod\/93nll79r3jz0uc0h2jxshxbqu.mp4","nbla_version":"1697031785","nbla_odvysilano":"Ano","bunny_id":"3ac23432-2fb5-472d-990a-aa950204b9e2","youtube_id":"","datum_vydani":"20231011","stopaz":"93.2","dokument":[],"video_to":["11927"]},"_links":{"self":[{"href":"https:\/\/tv.a11.cz\/api\/wp\/v2\/video\/11890","targetHints":{"allow":["GET"]}}],"collection":[{"href":"https:\/\/tv.a11.cz\/api\/wp\/v2\/video"}],"about":[{"href":"https:\/\/tv.a11.cz\/api\/wp\/v2\/types\/video"}],"author":[{"embeddable":true,"href":"https:\/\/tv.a11.cz\/api\/wp\/v2\/users\/8"}],"wp:featuredmedia":[{"embeddable":true,"href":"https:\/\/tv.a11.cz\/api\/wp\/v2\/media\/11926"}],"wp:attachment":[{"href":"https:\/\/tv.a11.cz\/api\/wp\/v2\/media?parent=11890"}],"wp:term":[{"taxonomy":"category","embeddable":true,"href":"https:\/\/tv.a11.cz\/api\/wp\/v2\/categories?post=11890"},{"taxonomy":"porad","embeddable":true,"href":"https:\/\/tv.a11.cz\/api\/wp\/v2\/porad?post=11890"},{"taxonomy":"region","embeddable":true,"href":"https:\/\/tv.a11.cz\/api\/wp\/v2\/region?post=11890"},{"taxonomy":"kategorie","embeddable":true,"href":"https:\/\/tv.a11.cz\/api\/wp\/v2\/kategorie?post=11890"}],"curies":[{"name":"wp","href":"https:\/\/api.w.org\/{rel}","templated":true}]}}

Týden knihoven vyvrcholil Pátkem pro talenty

<p>Vrcholem týdne knihovny je v Městské knihovně Hodonín každoročně akce nazvaná Pátek pro talenty. Během slavnostního vyhlášení převezmou ocenění talentované děti, které se zapojili do celoroční literární a výtvarné soutěže.</p>

Vrcholem týdne knihovny je v Městské knihovně Hodonín každoročně akce nazvaná Pátek pro talenty. Během slavnostního vyhlášení převezmou ocenění talentované děti, které se zapojili do celoroční literární a výtvarné soutěže. Inspirací jsou jim vždy knihy některého z českých autorů. V loni to byla třeba Petra Braunová. Letos stejně jako každý ročník měla svůj specifický název na tvém místě a inspirovala se tvorbou spisovatelky dětských knih, Ivi Procházkové. Přihlásilo se celkem 250 účastníků. Bohužel ten poměr byl trošičku nevyrovraný, protože literárních prací sešlo celkem 42 a ten zbývající počet byly právě ty výtvarné práce. Hlavním motivem většiny děl byl tentokrát dobrodružný animovaný snímek Myši patří do nebe. Předlohou filmu jeho žhlevními hrdiny jsou Myška Šupito a Lišák Bylobřich se stala stejnojmená kniha, kterou vydala v roce 2006 právě Iva Procházková. Během Pátku pro Talenty byly oceněné děti, které uspěly v jednotlivých kategoriích. Ty základní kategorie jsou kategorie literárních prací a potom ty výtvarné. Tam je to pochopitelně rozdělené podle věku děti. Ti nejstarší jsou žáci devátých ročníků v základních školách. Autorkou jejíž díla budou tvořit předlohy pro literární a výtvarná díla v příštím roce bude Ivona Březinová. Letošní týden knihoven ale nabídl také řadu dalších akcí. Kromě roční registrace s darmato byla například burza knih, kreativní workshop nebo různé besedy a přednášky.
