{"id":11887,"date":"2023-10-11T15:44:16","date_gmt":"2023-10-11T13:44:16","guid":{"rendered":"https:\/\/tv.a11.cz\/?post_type=video&#038;p=11887"},"modified":"2023-10-12T11:04:22","modified_gmt":"2023-10-12T09:04:22","slug":"kaplicke-dvorky-se-otevrely-verejnosti","status":"publish","type":"video","link":"https:\/\/tv.a11.cz\/video\/kaplicke-dvorky-se-otevrely-verejnosti\/","title":{"rendered":"Kaplick\u00e9 dvorky se otev\u0159ely ve\u0159ejnosti"},"content":{"rendered":"","protected":false},"excerpt":{"rendered":"<p>V Kaplici se v ned\u011bli 8. \u0159\u00edjna konala akce Kaplick\u00e9 dvorky. Otev\u0159eny byly vybran\u00e9 dvorky, kam by se n\u00e1v\u0161t\u011bvn\u00edci jinak nedostali. Lid\u00e9 se tak mohli pod\u00edvat na r\u016fzn\u00e1 m\u00edsta z jin\u00e9ho \u00fahlu pohledu. <\/p>\n","protected":false},"author":8,"featured_media":11953,"template":"","categories":[17,157],"porad":[],"region":[52,80],"kategorie":[],"class_list":["post-11887","video","type-video","status-publish","has-post-thumbnail","hentry","category-domaci","category-zpravy","region-jihocesky-kraj","region-krumlovsko"],"acf":[],"meta_box":{"nbla_idec":"N2305085","nbla_title":"Kaplick\u00e9 dvorky se otev\u0159ely ve\u0159ejnosti","nbla_subtitle":"","nbla_summary":"","nbla_description":"","nbla_transcription":"V Kaplici se v ned\u011bli 8. \u0159\u00edjna konala akce Kaplick\u00e9 dvorky. Otev\u0159eny byly vybran\u00e9 dvorky, kam by se n\u00e1v\u0161t\u011bvn\u00edci jinak nedostali a kaplic\u00e1ci se tak mohli pod\u00edvat na r\u016fzn\u00e1 m\u00edsta z jin\u00e9ho \u00fahlu pohledu. V r\u00e1mci akce byl p\u0159ipraven zaj\u00edmav\u00fd program. M\u00e1me tady dv\u011b v\u00fdstavy, jednu z tadych fotografi\u00ed, jednu v\u00fdstavu m\u00edstn\u00edho vytvarn\u00edka, pana Ol\u00e1ha. M\u00e1me tady workshopy pro d\u00edti, \u010dten\u00ed, ne\u010dekanou kav\u00e1rnu a taky vyr\u00e1b\u011bn\u00ed t\u0159eha lovinsk\u00fdch kost\u00fdm\u016f. Inspirace pro den otev\u0159en\u00fdch dvork\u016f p\u0159i\u0161la z m\u011bst, kde se takov\u00e9 akce konaj\u00ed ka\u017edoro\u010dn\u011b, jako nap\u0159\u00edklad v T\u00e1bo\u0159e nebo v \u010cesk\u00fdch Bud\u011bjovic\u00edch. V Kaplici se takov\u00e1 akce letos po\u0159\u00e1dala poprv\u00e9. Organiz\u00e1to\u0159i vyu\u017eili r\u016fzn\u00fdch prostor pro v\u00fdstavu historick\u00fdch fotografi\u00ed a tak\u00e9 pro v\u00fdstavu pana Ol\u00e1ha. A pan Ol\u00e1ha maluje domy v Kaplici, tak, jak by si p\u0159edstavoval, \u017ee by m\u011bly vypadat, ty, kter\u00fd nevypadaj\u00ed \u00fapln\u011b t\u0159eba ide\u00e1ln\u011b. A krom\u011b toho, \u017ee m\u00e1 dneska v\u00fdstavu v ulic\u00edch, tak z\u00e1rove\u0148 p\u0159ipravuje ve spolupr\u00e1ci se spole\u010dnost\u00ed Ledak s mobiln\u00edm hospicem svoji v\u00fdstavu v Kapkafe a v Ar\u0161e. Ta v\u00fdstava je beneficn\u00ed, on daroval n\u011bkolik obraz\u016f a v\u00edt\u011b\u017eek p\u016fjde na podporu hospice. Ahoj, kdo v\u00e1s u\u010dil malovat a jak\u00e9 to bylo? M\u016fj prad\u011bd z Ma\u010farska. A co v\u00e1s u\u010dil malovat, jak\u00e9 v\u011bci? Nap\u0159. ornamenty, pak n\u011bjak\u00e9 krajinky a to u\u017e jsem z\u016fstal. I p\u0159es nep\u0159\u00edze\u0148 po\u010das\u00ed se akce Kaplick\u00e9 dvorky konala a vyl\u00e1kala ven m\u00edstn\u00ed n\u00e1\u0161t\u011bvn\u00edky. N\u011bkter\u00e9 z akc\u00ed byly kv\u016fli zim\u011b a mrholen\u00ed p\u0159esunuty do vnit\u0159n\u00edch prostor, jako nap\u0159\u00edklad koncert nebo poh\u00e1dka pro d\u011bti. Poh\u00e1dku pro n\u00e1s p\u0159ipravila jazykovka Kaplice a je to interaktivn\u00ed poh\u00e1dka o hledov\u00e9 husence. A koncert se bude ohydehr\u00e1vat tady na radni\u010dn\u00edm dvorku kapela Poprv\u00e9, kter\u00e1 je m\u00edstn\u00ed a potom tady budou zp\u00edvat d\u011bti. Vyda\u0159enou akci Kaplick\u00e9 dvorky po\u0159\u00e1dala m\u00edstn\u00ed ak\u010dn\u00ed skupina Pomal\u0161\u00ed a kabinet Kaplice za pomoci kulturn\u00edho informa\u010dn\u00edho centra v Kaplici.","nbla_serie":"","nbla_season":"","nbla_episode":"","nbla_duration":"127.56","nbla_genre":"","nbla_editorial_format":"","nbla_mtime":"1697031216","nbla_url":"https:\/\/origin.a11.cz\/vod\/1byk5brisdepputpk14ka5iar.mp4","nbla_version":"1697031025","nbla_odvysilano":"Ano","bunny_id":"15247308-ab78-4940-87fb-17959d8b498c","youtube_id":"","datum_vydani":"20231011","stopaz":"127.56","dokument":[],"video_to":["11954"]},"_links":{"self":[{"href":"https:\/\/tv.a11.cz\/api\/wp\/v2\/video\/11887","targetHints":{"allow":["GET"]}}],"collection":[{"href":"https:\/\/tv.a11.cz\/api\/wp\/v2\/video"}],"about":[{"href":"https:\/\/tv.a11.cz\/api\/wp\/v2\/types\/video"}],"author":[{"embeddable":true,"href":"https:\/\/tv.a11.cz\/api\/wp\/v2\/users\/8"}],"wp:featuredmedia":[{"embeddable":true,"href":"https:\/\/tv.a11.cz\/api\/wp\/v2\/media\/11953"}],"wp:attachment":[{"href":"https:\/\/tv.a11.cz\/api\/wp\/v2\/media?parent=11887"}],"wp:term":[{"taxonomy":"category","embeddable":true,"href":"https:\/\/tv.a11.cz\/api\/wp\/v2\/categories?post=11887"},{"taxonomy":"porad","embeddable":true,"href":"https:\/\/tv.a11.cz\/api\/wp\/v2\/porad?post=11887"},{"taxonomy":"region","embeddable":true,"href":"https:\/\/tv.a11.cz\/api\/wp\/v2\/region?post=11887"},{"taxonomy":"kategorie","embeddable":true,"href":"https:\/\/tv.a11.cz\/api\/wp\/v2\/kategorie?post=11887"}],"curies":[{"name":"wp","href":"https:\/\/api.w.org\/{rel}","templated":true}]}}

Kaplické dvorky se otevřely veřejnosti

<p>V Kaplici se v neděli 8. října konala akce Kaplické dvorky. Otevřeny byly vybrané dvorky, kam by se návštěvníci jinak nedostali. Lidé se tak mohli podívat na různá místa z jiného úhlu pohledu. </p>

V Kaplici se v neděli 8. října konala akce Kaplické dvorky. Otevřeny byly vybrané dvorky, kam by se návštěvníci jinak nedostali a kaplicáci se tak mohli podívat na různá místa z jiného úhlu pohledu. V rámci akce byl připraven zajímavý program. Máme tady dvě výstavy, jednu z tadych fotografií, jednu výstavu místního vytvarníka, pana Oláha. Máme tady workshopy pro díti, čtení, nečekanou kavárnu a taky vyrábění třeha lovinských kostýmů. Inspirace pro den otevřených dvorků přišla z měst, kde se takové akce konají každoročně, jako například v Táboře nebo v Českých Budějovicích. V Kaplici se taková akce letos pořádala poprvé. Organizátoři využili různých prostor pro výstavu historických fotografií a také pro výstavu pana Oláha. A pan Oláha maluje domy v Kaplici, tak, jak by si představoval, že by měly vypadat, ty, který nevypadají úplně třeba ideálně. A kromě toho, že má dneska výstavu v ulicích, tak zároveň připravuje ve spolupráci se společností Ledak s mobilním hospicem svoji výstavu v Kapkafe a v Arše. Ta výstava je beneficní, on daroval několik obrazů a vítěžek půjde na podporu hospice. Ahoj, kdo vás učil malovat a jaké to bylo? Můj praděd z Maďarska. A co vás učil malovat, jaké věci? Např. ornamenty, pak nějaké krajinky a to už jsem zůstal. I přes nepřízeň počasí se akce Kaplické dvorky konala a vylákala ven místní náštěvníky. Některé z akcí byly kvůli zimě a mrholení přesunuty do vnitřních prostor, jako například koncert nebo pohádka pro děti. Pohádku pro nás připravila jazykovka Kaplice a je to interaktivní pohádka o hledové husence. A koncert se bude ohydehrávat tady na radničním dvorku kapela Poprvé, která je místní a potom tady budou zpívat děti. Vydařenou akci Kaplické dvorky pořádala místní akční skupina Pomalší a kabinet Kaplice za pomoci kulturního informačního centra v Kaplici.
