{"id":11885,"date":"2023-10-11T15:41:31","date_gmt":"2023-10-11T13:41:31","guid":{"rendered":"https:\/\/tv.a11.cz\/?post_type=video&#038;p=11885"},"modified":"2023-10-12T11:09:22","modified_gmt":"2023-10-12T09:09:22","slug":"v-usti-nad-orlici-probehl-prvni-rocnik-swing-festu-zdenka-cerneho","status":"publish","type":"video","link":"https:\/\/tv.a11.cz\/video\/v-usti-nad-orlici-probehl-prvni-rocnik-swing-festu-zdenka-cerneho\/","title":{"rendered":"V \u00dast\u00ed nad Orlic\u00ed prob\u011bhl Swing fest Zde\u0148ka \u010cern\u00e9ho"},"content":{"rendered":"","protected":false},"excerpt":{"rendered":"<p>P\u0159ehl\u00eddku Big Bandu v orlicko\u00fasteck\u00e9m divadle otev\u0159elo hudebn\u00ed t\u011bleso Brass Company z\u00e1kladn\u00ed um\u011bleck\u00e9 \u0161koly Jind\u0159icha Prave\u010dka Lan\u0161kroun.<\/p>\n","protected":false},"author":8,"featured_media":11959,"template":"","categories":[17,169,21,157],"porad":[],"region":[104,60],"kategorie":[],"class_list":["post-11885","video","type-video","status-publish","has-post-thumbnail","hentry","category-domaci","category-hudba","category-kultura","category-zpravy","region-orlicko","region-pardubicky-kraj"],"acf":[],"meta_box":{"nbla_idec":"N2309180","nbla_title":"V \u00dast\u00ed nad Orlic\u00ed prob\u011bhl prvn\u00ed ro\u010dn\u00edk Swing festu Zde\u0148ka \u010cern\u00e9ho","nbla_subtitle":"","nbla_summary":"","nbla_description":"","nbla_transcription":"P\u0159ehl\u00eddku Big Bandu v odlickou Steck\u00e9 Mro\u017ekotov\u011b divadle otev\u0159elo hudebn\u00ed t\u011bleso Brass Company z\u00e1kladn\u00ed um\u011bleck\u00e9 \u0161koly Jind\u0159icha Prave\u010dka Lanskroon. Hudebn\u00ed t\u011bleso Brass Company v odlickou Steck\u00e9 Mro\u017ekotov\u011b divadle otev\u0159elo hudebn\u00ed t\u011bleso Brass Company z\u00e1kladn\u00ed um\u011bleck\u00e9 \u0161koly Mn\u011b osobn\u011b se tady vystupovalo dob\u0159e, dobr\u00fd zvuk\u00e1\u0159 mi p\u0159ipadalo a d\u011btsk\u00e1m taky se dob\u0159e hr\u00e1lo, tak\u017ee jenom v\u0161ech sam\u00fd pozitiva. Zahr\u00e1l tak\u00e9 jazzband Jind\u0159icha Pavl\u00edka ze z\u00e1kladn\u00ed um\u011bleck\u00e9 \u0161koly Pardubice Pola Biny. Z hudby i samotn\u00e9ho dirigenta S\u00e1la Energie. Sna\u017e\u00edm se d\u00e1t najevo, \u017ee ka\u017ed\u00e1 chv\u00edle str\u00e1ven\u00e1 p\u0159ed tou kapelou m\u011b bav\u00ed a \u017ee to d\u011bl\u00e1m ne proto, \u017ee to m\u00e1m t\u0159eba v \u00favazku v hudebce, ale proto, \u017ee m\u011b to neskute\u010dn\u011b bav\u00ed. Za Swing Festivalem z De\u0148ka \u010cern\u00e9ho stoj\u00ed u\u010ditelka nabic\u00ed z\u00e1kladn\u00ed um\u011bleck\u00e9 \u0161koly Jaroslava Kocjana Linda Gregarov\u00e1. Pocit to je dobr\u00fd, proto\u017ee v\u00edm, \u017ee m\u00e1m v telefonu hodn\u011b kontakt\u016f, hodn\u011b kamar\u00e1d\u016f, kter\u00fdm sta\u010d\u00ed zavolat, jsou na dr\u00e1t\u011b, domluv\u00ed se to a p\u0159ijedou. A v podstat\u011b jsme dali dohromady celkem nebo skoro stovku u\u010dinkuj\u00edc\u00edch. Vlastn\u011b ten 0. ro\u010dn\u00edk, jak ho Linda naz\u00fdv\u00e1, vznikl \u00fapln\u011b n\u00e1hodou, proto\u017ee jim zru\u0161ili sout\u011b\u017e a do 14 dn\u016f byl takovej 0. ro\u010dn\u00edk Swing Festivalu z De\u0148ka \u010cern\u00e9ho na sv\u011bt\u011b. Z jednodenn\u00ed akce se stal dvoudenn\u00ed festival. V p\u00e1tek se hr\u00e1lo po hosp\u00f3dk\u00e1ch a v sobotu v divadle. M\u00edstn\u00ed black band, kter\u00fd zalo\u017eil Zde\u0148ek \u010cern\u00fd, nab\u00eddal paleto zn\u00e1m\u00fdch t\u00f3n\u016f. Hrajeme klasick\u00e9 swingov\u00e9 melodie 30. let, Pelsinv\u00e1ny A6 5000 a\u017e po Little Brown Jack a mezi to vlo\u017e\u00edme modern\u00ed, to, co se l\u00edb\u00ed mlad\u00fdm hr\u00e1\u010d\u016fm. Posledn\u00edm vystupuj\u00edc\u00edm ve\u010dera byl big band Lunch Crown. Kapeln\u00edk Josef Pilny zavzpom\u00ednal na Zde\u0148ka \u010cern\u00e9ho, se kter\u00e9m byl v p\u0159\u00edbuzensk\u00e9m vztahu. Jeho tetou byla \u010cern\u00e9ho man\u017eelka. Pamatuju, kdy\u017e hr\u00e1l s Dechovkou solo na klarinet a hr\u00e1l na cel\u00fd klarinet, na B-klarinet a postupn\u011b odd\u011bl\u00e1val \u010d\u00e1sti a kon\u010dilo to, \u017ee u\u017e hr\u00e1l jen na tu hubi\u010dku. Prvn\u00ed ro\u010dn\u00edk festivalu, podobn\u011b jako 0-t\u00fd, m\u011bl velk\u00fd \u00fasp\u011bch. V\u0161ichni v\u011b\u0159\u00ed, \u017ee se z t\u00e9to akce stane letit\u00e1 tradice.","nbla_serie":"","nbla_season":"","nbla_episode":"","nbla_duration":"184.72","nbla_genre":"","nbla_editorial_format":"","nbla_mtime":"1697031518","nbla_url":"https:\/\/origin.a11.cz\/vod\/4gzowggs14eu1zrn4zsayxb3d.mp4","nbla_version":"1697031518","nbla_odvysilano":"Ano","bunny_id":"11447048-7a11-48f5-a17a-58a5792150c3","youtube_id":"","datum_vydani":"20231011","stopaz":"184.72","dokument":[],"video_to":["11960"]},"_links":{"self":[{"href":"https:\/\/tv.a11.cz\/api\/wp\/v2\/video\/11885","targetHints":{"allow":["GET"]}}],"collection":[{"href":"https:\/\/tv.a11.cz\/api\/wp\/v2\/video"}],"about":[{"href":"https:\/\/tv.a11.cz\/api\/wp\/v2\/types\/video"}],"author":[{"embeddable":true,"href":"https:\/\/tv.a11.cz\/api\/wp\/v2\/users\/8"}],"wp:featuredmedia":[{"embeddable":true,"href":"https:\/\/tv.a11.cz\/api\/wp\/v2\/media\/11959"}],"wp:attachment":[{"href":"https:\/\/tv.a11.cz\/api\/wp\/v2\/media?parent=11885"}],"wp:term":[{"taxonomy":"category","embeddable":true,"href":"https:\/\/tv.a11.cz\/api\/wp\/v2\/categories?post=11885"},{"taxonomy":"porad","embeddable":true,"href":"https:\/\/tv.a11.cz\/api\/wp\/v2\/porad?post=11885"},{"taxonomy":"region","embeddable":true,"href":"https:\/\/tv.a11.cz\/api\/wp\/v2\/region?post=11885"},{"taxonomy":"kategorie","embeddable":true,"href":"https:\/\/tv.a11.cz\/api\/wp\/v2\/kategorie?post=11885"}],"curies":[{"name":"wp","href":"https:\/\/api.w.org\/{rel}","templated":true}]}}

V Ústí nad Orlicí proběhl Swing fest Zdeňka Černého

<p>Přehlídku Big Bandu v orlickoústeckém divadle otevřelo hudební těleso Brass Company základní umělecké školy Jindřicha Pravečka Lanškroun.</p>

V Ústí nad Orlicí proběhl první ročník Swing festu Zdeňka Černého

Přehlídku Big Bandu v odlickou Stecké Mrožkotově divadle otevřelo hudební těleso Brass Company základní umělecké školy Jindřicha Pravečka Lanskroon. Hudební těleso Brass Company v odlickou Stecké Mrožkotově divadle otevřelo hudební těleso Brass Company základní umělecké školy Mně osobně se tady vystupovalo dobře, dobrý zvukář mi připadalo a dětskám taky se dobře hrálo, takže jenom všech samý pozitiva. Zahrál také jazzband Jindřicha Pavlíka ze základní umělecké školy Pardubice Pola Biny. Z hudby i samotného dirigenta Sála Energie. Snažím se dát najevo, že každá chvíle strávená před tou kapelou mě baví a že to dělám ne proto, že to mám třeba v úvazku v hudebce, ale proto, že mě to neskutečně baví. Za Swing Festivalem z Deňka Černého stojí učitelka nabicí základní umělecké školy Jaroslava Kocjana Linda Gregarová. Pocit to je dobrý, protože vím, že mám v telefonu hodně kontaktů, hodně kamarádů, kterým stačí zavolat, jsou na drátě, domluví se to a přijedou. A v podstatě jsme dali dohromady celkem nebo skoro stovku učinkujících. Vlastně ten 0. ročník, jak ho Linda nazývá, vznikl úplně náhodou, protože jim zrušili soutěž a do 14 dnů byl takovej 0. ročník Swing Festivalu z Deňka Černého na světě. Z jednodenní akce se stal dvoudenní festival. V pátek se hrálo po hospódkách a v sobotu v divadle. Místní black band, který založil Zdeňek Černý, nabídal paleto známých tónů. Hrajeme klasické swingové melodie 30. let, Pelsinvány A6 5000 až po Little Brown Jack a mezi to vložíme moderní, to, co se líbí mladým hráčům. Posledním vystupujícím večera byl big band Lunch Crown. Kapelník Josef Pilny zavzpomínal na Zdeňka Černého, se kterém byl v příbuzenském vztahu. Jeho tetou byla Černého manželka. Pamatuju, když hrál s Dechovkou solo na klarinet a hrál na celý klarinet, na B-klarinet a postupně oddělával části a končilo to, že už hrál jen na tu hubičku. První ročník festivalu, podobně jako 0-tý, měl velký úspěch. Všichni věří, že se z této akce stane letitá tradice.
