{"id":11884,"date":"2023-10-11T15:40:37","date_gmt":"2023-10-11T13:40:37","guid":{"rendered":"https:\/\/tv.a11.cz\/?post_type=video&#038;p=11884"},"modified":"2023-10-12T09:10:57","modified_gmt":"2023-10-12T07:10:57","slug":"ceska-trebova-laka-na-originaly-ikon-americkeho-pop-artu","status":"publish","type":"video","link":"https:\/\/tv.a11.cz\/video\/ceska-trebova-laka-na-originaly-ikon-americkeho-pop-artu\/","title":{"rendered":"\u010cesk\u00e1 T\u0159ebov\u00e1 l\u00e1k\u00e1 na origin\u00e1ly ikon americk\u00e9ho pop artu"},"content":{"rendered":"","protected":false},"excerpt":{"rendered":"<p>Galerie \u010ceskot\u0159ebovsk\u00e9ho kulturn\u00edho centra se b\u011bhem m\u011bs\u00edce \u0159\u00edjna prop\u016fj\u010dila americk\u00e9mu popartu. Vernis\u00e1\u017e v\u00fdstavy hudebn\u011b doprov\u00e1zel \u010dlen kapely Universal Underground, Tom\u00e1\u0161 Hradil. <\/p>\n","protected":false},"author":8,"featured_media":11942,"template":"","categories":[17,21,171,157],"porad":[],"region":[104,60],"kategorie":[],"class_list":["post-11884","video","type-video","status-publish","has-post-thumbnail","hentry","category-domaci","category-kultura","category-umeni","category-zpravy","region-orlicko","region-pardubicky-kraj"],"acf":[],"meta_box":{"nbla_idec":"N2309179","nbla_title":"\u010cesk\u00e1 T\u0159ebov\u00e1 l\u00e1k\u00e1 na origin\u00e1ly ikon americk\u00e9ho pop artu","nbla_subtitle":"","nbla_summary":"","nbla_description":"","nbla_transcription":"Galerie \u010ceskot\u0159ebovsk\u00e9ho kulturn\u00edho centra se b\u011bhem m\u011bs\u00edce \u0159\u00edjna prop\u016fj\u010dila americk\u00e9mu popartu. Vernisa\u0159 v\u00fdstav\u00ed hudebn\u011b doprov\u00e1zal \u010dlen kapely Universal Underground Tom\u00e1\u0161 Hradil. M\u011b velkou ct\u00ed, \u017ee jsme p\u0159esv\u011bd\u010dili pana galeristu a majitele t\u00e9to sb\u00edrky, aby zap\u016fj\u010dil krom \u010desk\u00e9ho popartu, kter\u00fd jsme uvedli v na\u0161\u00ed galerii u\u017e na ja\u0159e, i americk\u00fd popart, proto\u017ee jeho sb\u00edrka je neuv\u011b\u0159iteln\u00e1 a mysl\u00edm, \u017ee je v kontextu cel\u00e9 \u010cesk\u00e9 republiky. V\u0161echny obrazy, kter\u00e9 jsou tady a grafiky, kter\u00e9 jsou na t\u00e9to v\u00fdstav\u011b, jsou z moj\u00ed sb\u00edrky soukrom\u00ed a ze sb\u00edrky mojej galerie. Na p\u0159\u00edznivce popartu \u010dek\u00e1 \u0159ada chu\u0165ovek. Tu m\u00e1me Andyho Vadola, m\u00e1me tu Roya Lichtensteina, m\u00e1me tady Jean-Pierre Basquiata, Jean-Michel Basquiata a spoustu dal\u0161\u00edch v\u011bc\u00ed, kter\u00e9 bychom norm\u00e1ln\u011b do \u010cesk\u00e9ho popartu asi t\u011b\u017eko sch\u00e1n\u011bli. Je tady celkem 52 d\u011bl vystaven\u00fdch, z toho jsou tady \u010dty\u0159i origin\u00e1l Malby od Paula Costabileho, n\u011bjorsk\u00e9ho autora, a zbytek jsou serigrafie a s\u00edto tisky, kter\u00e9 jsou vyd\u00e1van\u00e9 v limitovan\u00fdch edic\u00edch \u010d\u00edslovan\u00e9. Na v\u00fdstav\u011b, kter\u00e1 je prodejn\u00ed, si ka\u017ed\u00fd najde to sv\u00e9. Za m\u011b je to samoz\u0159ejm\u011b to, co vystavujeme s Andy Vadola, a\u0165 u\u017e to jsou Campbellovi pol\u00edvky nebo jeho dal\u0161\u00ed tisky, v\u010detn\u011b t\u0159eba n\u00e1dhern\u00e9ho portr\u00e9tu Michael Jacksona. Pr\u00e1v\u011b ty Malby od Paula Costabileho, sou\u010dasn\u00e9ho \u017eij\u00edc\u00edho autora v N\u011bjorku, kter\u00fd je vlastn\u011b pokra\u010dovatelem d\u00edla Jean-Michel Basquiata, tak to opravdu stoj\u00ed za vid\u011bn\u00ed. V\u00fdstava potrv\u00e1 do ned\u011ble 29. \u0159\u00edjna. Z kraje listopadu se v Galerii kulturn\u00edho centra p\u0159edstav\u00ed dvojice autorek. Je to M\u00edla Glozrov\u00e1 a Zdenka \u0160t\u011bp\u00e1nkov\u00e1, kter\u00e9 se k n\u00e1m vrac\u00ed po n\u011bkolika letech, ov\u0161em s naprosto rozd\u00edlnou tvorbou, ne\u017e kterou tady u\u017e p\u0159edstavili. Tentokr\u00e1t se m\u016f\u017eete t\u011b\u0161it na Malby na n\u00e1bytek.","nbla_serie":"","nbla_season":"","nbla_episode":"","nbla_duration":"111.8","nbla_genre":"","nbla_editorial_format":"","nbla_mtime":"1697031517","nbla_url":"https:\/\/origin.a11.cz\/vod\/2xt8pjohaos05wptgpa83bedk.mp4","nbla_version":"1697031517","nbla_odvysilano":"Ano","bunny_id":"4568e413-e3d2-4f07-ba69-173b0b153a1a","youtube_id":"","datum_vydani":"20231011","stopaz":"111.8","dokument":[],"video_to":["11943"]},"_links":{"self":[{"href":"https:\/\/tv.a11.cz\/api\/wp\/v2\/video\/11884","targetHints":{"allow":["GET"]}}],"collection":[{"href":"https:\/\/tv.a11.cz\/api\/wp\/v2\/video"}],"about":[{"href":"https:\/\/tv.a11.cz\/api\/wp\/v2\/types\/video"}],"author":[{"embeddable":true,"href":"https:\/\/tv.a11.cz\/api\/wp\/v2\/users\/8"}],"wp:featuredmedia":[{"embeddable":true,"href":"https:\/\/tv.a11.cz\/api\/wp\/v2\/media\/11942"}],"wp:attachment":[{"href":"https:\/\/tv.a11.cz\/api\/wp\/v2\/media?parent=11884"}],"wp:term":[{"taxonomy":"category","embeddable":true,"href":"https:\/\/tv.a11.cz\/api\/wp\/v2\/categories?post=11884"},{"taxonomy":"porad","embeddable":true,"href":"https:\/\/tv.a11.cz\/api\/wp\/v2\/porad?post=11884"},{"taxonomy":"region","embeddable":true,"href":"https:\/\/tv.a11.cz\/api\/wp\/v2\/region?post=11884"},{"taxonomy":"kategorie","embeddable":true,"href":"https:\/\/tv.a11.cz\/api\/wp\/v2\/kategorie?post=11884"}],"curies":[{"name":"wp","href":"https:\/\/api.w.org\/{rel}","templated":true}]}}

Česká Třebová láká na originály ikon amerického pop artu

<p>Galerie Českotřebovského kulturního centra se během měsíce října propůjčila americkému popartu. Vernisáž výstavy hudebně doprovázel člen kapely Universal Underground, Tomáš Hradil. </p>

Galerie Českotřebovského kulturního centra se během měsíce října propůjčila americkému popartu. Vernisař výstaví hudebně doprovázal člen kapely Universal Underground Tomáš Hradil. Mě velkou ctí, že jsme přesvědčili pana galeristu a majitele této sbírky, aby zapůjčil krom českého popartu, který jsme uvedli v naší galerii už na jaře, i americký popart, protože jeho sbírka je neuvěřitelná a myslím, že je v kontextu celé České republiky. Všechny obrazy, které jsou tady a grafiky, které jsou na této výstavě, jsou z mojí sbírky soukromí a ze sbírky mojej galerie. Na příznivce popartu čeká řada chuťovek. Tu máme Andyho Vadola, máme tu Roya Lichtensteina, máme tady Jean-Pierre Basquiata, Jean-Michel Basquiata a spoustu dalších věcí, které bychom normálně do Českého popartu asi těžko scháněli. Je tady celkem 52 děl vystavených, z toho jsou tady čtyři originál Malby od Paula Costabileho, nějorského autora, a zbytek jsou serigrafie a síto tisky, které jsou vydávané v limitovaných edicích číslované. Na výstavě, která je prodejní, si každý najde to své. Za mě je to samozřejmě to, co vystavujeme s Andy Vadola, ať už to jsou Campbellovi polívky nebo jeho další tisky, včetně třeba nádherného portrétu Michael Jacksona. Právě ty Malby od Paula Costabileho, současného žijícího autora v Nějorku, který je vlastně pokračovatelem díla Jean-Michel Basquiata, tak to opravdu stojí za vidění. Výstava potrvá do neděle 29. října. Z kraje listopadu se v Galerii kulturního centra představí dvojice autorek. Je to Míla Glozrová a Zdenka Štěpánková, které se k nám vrací po několika letech, ovšem s naprosto rozdílnou tvorbou, než kterou tady už představili. Tentokrát se můžete těšit na Malby na nábytek.
