{"id":11881,"date":"2023-10-11T15:34:41","date_gmt":"2023-10-11T13:34:41","guid":{"rendered":"https:\/\/tv.a11.cz\/?post_type=video&#038;p=11881"},"modified":"2023-10-11T20:01:49","modified_gmt":"2023-10-11T18:01:49","slug":"ernst-young-vyhlasila-soutez-ey-podnikatel-roku-msk-studio","status":"publish","type":"video","link":"https:\/\/tv.a11.cz\/video\/ernst-young-vyhlasila-soutez-ey-podnikatel-roku-msk-studio\/","title":{"rendered":"Ernst&#038;Young vyhl\u00e1sila sout\u011b\u017e EY Podnikatel roku MSK Studio"},"content":{"rendered":"","protected":false},"excerpt":{"rendered":"<p>Historie sout\u011b\u017ee UI Podnikatel roku se za\u010dala ps\u00e1t u\u017e v roce 1996 ve Spojen\u00fdch st\u00e1tech. Pod z\u00e1\u0161titou Hitmana Jana Krko\u0161ky se vyhla\u0161uje devaten\u00e1ct\u00fd ro\u010dn\u00edk tak\u00e9 v na\u0161em regionu.<\/p>\n","protected":false},"author":8,"featured_media":11913,"template":"","categories":[17,157],"porad":[],"region":[58],"kategorie":[],"class_list":["post-11881","video","type-video","status-publish","has-post-thumbnail","hentry","category-domaci","category-zpravy","region-moravskoslezsky-kraj"],"acf":[],"meta_box":{"nbla_idec":"N2308181","nbla_title":"Ernst & Young vyhl\u00e1sila sout\u011b\u017e EY Podnikatel roku MSK","nbla_subtitle":"Studio","nbla_summary":"","nbla_description":"","nbla_transcription":"Historie sout\u011b\u017ee UI Podnikatel roku se za\u010dala ps\u00e1t u\u017e v roce 1996 ve Spojen\u00fdch st\u00e1tech. Vyhla\u0161ovatelem je Mezin\u00e1rn\u00ed s\u00edt\u011b poradensk\u00fdch a auditorsk\u00fdch spole\u010dnost\u00ed Ernst &amp; Young. Pod z\u00e1\u0161titou Hitmana Jana Krko\u0161ky vyhla\u0161uje devaten\u00e1ct\u00fd ro\u010dn\u00edk tak\u00e9 v na\u0161em regionu. Se t\u0159emi celost\u00e1tn\u00edmi v\u00edt\u011bzi t\u00e9to nejv\u011bt\u0161\u00ed celosv\u011btov\u00e9 podnikatelsk\u00e9 sout\u011b\u017ee se \u0159ad\u00ed mezi nej\u00fasp\u011b\u0161n\u011bj\u0161\u00ed kraje v historii \u010desk\u00e9ho kl\u00e1n\u00ed. U z\u00e1v\u011brka p\u0159ihl\u00e1\u0161ek do leto\u0161n\u00edho ro\u010dn\u00edku je 20. \u0159\u00edjna na www.podnikatelroku.cz. Dr\u017eitel titulu UI, podnikatel roku 2023 Moravskoslesk\u00e9ho kraje, pak bude vyhl\u00e1\u0161en v \u00fanoru p\u0159\u00ed\u0161t\u00edho roku. V\u00edt\u011bz cel\u00e9ho \u010ceska se \u00fa\u010dastn\u00ed sv\u011btov\u00e9ho fin\u00e1le.","nbla_serie":"","nbla_season":"","nbla_episode":"","nbla_duration":"46.32","nbla_genre":"","nbla_editorial_format":"","nbla_mtime":"1697030692","nbla_url":"https:\/\/origin.a11.cz\/vod\/84a4i2hukax8kkhxkpqsgg7uj.mp4","nbla_version":"1697030692","nbla_odvysilano":"Ano","bunny_id":"9e8d4f78-68c0-4927-bfb4-931ec1f95106","youtube_id":"","datum_vydani":"20231011","stopaz":"46.32","dokument":[],"video_to":["11914"]},"_links":{"self":[{"href":"https:\/\/tv.a11.cz\/api\/wp\/v2\/video\/11881","targetHints":{"allow":["GET"]}}],"collection":[{"href":"https:\/\/tv.a11.cz\/api\/wp\/v2\/video"}],"about":[{"href":"https:\/\/tv.a11.cz\/api\/wp\/v2\/types\/video"}],"author":[{"embeddable":true,"href":"https:\/\/tv.a11.cz\/api\/wp\/v2\/users\/8"}],"wp:featuredmedia":[{"embeddable":true,"href":"https:\/\/tv.a11.cz\/api\/wp\/v2\/media\/11913"}],"wp:attachment":[{"href":"https:\/\/tv.a11.cz\/api\/wp\/v2\/media?parent=11881"}],"wp:term":[{"taxonomy":"category","embeddable":true,"href":"https:\/\/tv.a11.cz\/api\/wp\/v2\/categories?post=11881"},{"taxonomy":"porad","embeddable":true,"href":"https:\/\/tv.a11.cz\/api\/wp\/v2\/porad?post=11881"},{"taxonomy":"region","embeddable":true,"href":"https:\/\/tv.a11.cz\/api\/wp\/v2\/region?post=11881"},{"taxonomy":"kategorie","embeddable":true,"href":"https:\/\/tv.a11.cz\/api\/wp\/v2\/kategorie?post=11881"}],"curies":[{"name":"wp","href":"https:\/\/api.w.org\/{rel}","templated":true}]}}

Ernst&#038;Young vyhlásila soutěž EY Podnikatel roku MSK Studio

<p>Historie soutěže UI Podnikatel roku se začala psát už v roce 1996 ve Spojených státech. Pod záštitou Hitmana Jana Krkošky se vyhlašuje devatenáctý ročník také v našem regionu.</p>

Ernst & Young vyhlásila soutěž EY Podnikatel roku MSK

Historie soutěže UI Podnikatel roku se začala psát už v roce 1996 ve Spojených státech. Vyhlašovatelem je Mezinární sítě poradenských a auditorských společností Ernst &amp; Young. Pod záštitou Hitmana Jana Krkošky vyhlašuje devatenáctý ročník také v našem regionu. Se třemi celostátními vítězi této největší celosvětové podnikatelské soutěže se řadí mezi nejúspěšnější kraje v historii českého klání. U závěrka přihlášek do letošního ročníku je 20. října na www.podnikatelroku.cz. Držitel titulu UI, podnikatel roku 2023 Moravskosleského kraje, pak bude vyhlášen v únoru příštího roku. Vítěz celého Česka se účastní světového finále.
