{"id":11879,"date":"2023-10-11T15:32:46","date_gmt":"2023-10-11T13:32:46","guid":{"rendered":"https:\/\/tv.a11.cz\/?post_type=video&#038;p=11879"},"modified":"2023-10-11T19:51:57","modified_gmt":"2023-10-11T17:51:57","slug":"v-hrachovci-se-zvysila-bezpecnost-chodcu","status":"publish","type":"video","link":"https:\/\/tv.a11.cz\/video\/v-hrachovci-se-zvysila-bezpecnost-chodcu\/","title":{"rendered":"V Hrachovci se zv\u00fd\u0161ila bezpe\u010dnost chodc\u016f"},"content":{"rendered":"","protected":false},"excerpt":{"rendered":"<p>Ve Vala\u0161sk\u00e9m mezi\u0159\u00ed\u010d\u00ed v m\u00edstn\u00ed \u010d\u00e1sti Hrachovec dokon\u010dili stavbu propojovac\u00edho chodn\u00edku, v\u010detn\u011b l\u00e1vky p\u0159es Hrachoveck\u00fd potok v m\u00edst\u011b zvan\u00e9m Es\u00ed\u010dka.<\/p>\n","protected":false},"author":8,"featured_media":11907,"template":"","categories":[17,22,157],"porad":[],"region":[86,64],"kategorie":[],"class_list":["post-11879","video","type-video","status-publish","has-post-thumbnail","hentry","category-domaci","category-doprava","category-zpravy","region-vsetinsko","region-zlinsky-kraj"],"acf":[],"meta_box":{"nbla_idec":"N2310262","nbla_title":"V Hrachovci se zv\u00fd\u0161ila bezpe\u010dnost chodc\u016f","nbla_subtitle":"","nbla_summary":"","nbla_description":"","nbla_transcription":"Ve Vala\u0161sk\u00e9m mezi\u0159\u00ed\u010d\u00ed v m\u00edstn\u00ed \u010d\u00e1sti Hrachovec dokon\u010dili stavbu propojovac\u00edho chodn\u00edku, v\u010detn\u011b l\u00e1vky p\u0159es Hrachoveck\u00fd potok v m\u00edst\u011b zvan\u00e9m Es\u00ed\u010dka. Dokon\u010dili jsme chodn\u00edk a l\u00e1vku p\u0159es Hrachoveck\u00fd potok a chodci tak mohou bezpe\u010dn\u011b se pohybovat v tomto m\u00edst\u011b, kter\u00e9 do jist\u00e9 m\u00edry bylo kol\u00edzn\u00ed. N\u00e1m se v minul\u00fdch letech poda\u0159ilo zbourat d\u016fm, kter\u00fd st\u00e1l v cest\u011b chodn\u00edku, te\u010f m\u00e1m velkou radost z toho, \u017ee se dokon\u010dila v\u00fdstavba l\u00e1vky p\u0159es potok. Stavebn\u00ed \u00fapravy sm\u011b\u0159uj\u00edc\u00ed ke zv\u00fd\u0161en\u00ed bezpe\u010dnosti chodc\u016f budou pokra\u010dovat i v roce 2024. Navazovat budeme dal\u0161\u00edm velk\u00fdm projektem a to je pokra\u010dov\u00e1n\u00ed tohoto chodn\u00edku sm\u011brem do Hrachovce, do horn\u00ed \u010d\u00e1sti, prvn\u00ed etapa v p\u0159\u00ed\u0161t\u00edm roce, projektovan\u00e9 n\u00e1klady 33 milion\u016f korun a u\u017e dnes v\u00edme, \u017ee na tuto investici z\u00edsk\u00e1me 85% dotaci. Vedle samotn\u00e9ho chodn\u00edku v d\u00e9lce 763 metr\u016f se po\u010d\u00edt\u00e1 s roz\u0161\u00ed\u0159en\u00edm mostu, vybudov\u00e1n\u00edm op\u011brn\u00e9 zdi, de\u0161\u0165ov\u00e9 kanalizace, nov\u00e9ho ve\u0159ejn\u00e9ho osv\u011btlen\u00ed a p\u0159elo\u017ekou vodovodu. Radnice po\u010d\u00edt\u00e1 s projektov\u00fdmi n\u00e1klady 33 milion\u016f korun.","nbla_serie":"","nbla_season":"","nbla_episode":"","nbla_duration":"79.84","nbla_genre":"","nbla_editorial_format":"","nbla_mtime":"1697030624","nbla_url":"https:\/\/origin.a11.cz\/vod\/7wxr4grhjszak6rd1a3n9hkzg.mp4","nbla_version":"1697030624","nbla_odvysilano":"Ano","bunny_id":"861f5c65-9a8a-4c23-9a14-98d488f8275e","youtube_id":"","datum_vydani":"20231011","stopaz":"79.84","dokument":[],"video_to":["11908"]},"_links":{"self":[{"href":"https:\/\/tv.a11.cz\/api\/wp\/v2\/video\/11879","targetHints":{"allow":["GET"]}}],"collection":[{"href":"https:\/\/tv.a11.cz\/api\/wp\/v2\/video"}],"about":[{"href":"https:\/\/tv.a11.cz\/api\/wp\/v2\/types\/video"}],"author":[{"embeddable":true,"href":"https:\/\/tv.a11.cz\/api\/wp\/v2\/users\/8"}],"wp:featuredmedia":[{"embeddable":true,"href":"https:\/\/tv.a11.cz\/api\/wp\/v2\/media\/11907"}],"wp:attachment":[{"href":"https:\/\/tv.a11.cz\/api\/wp\/v2\/media?parent=11879"}],"wp:term":[{"taxonomy":"category","embeddable":true,"href":"https:\/\/tv.a11.cz\/api\/wp\/v2\/categories?post=11879"},{"taxonomy":"porad","embeddable":true,"href":"https:\/\/tv.a11.cz\/api\/wp\/v2\/porad?post=11879"},{"taxonomy":"region","embeddable":true,"href":"https:\/\/tv.a11.cz\/api\/wp\/v2\/region?post=11879"},{"taxonomy":"kategorie","embeddable":true,"href":"https:\/\/tv.a11.cz\/api\/wp\/v2\/kategorie?post=11879"}],"curies":[{"name":"wp","href":"https:\/\/api.w.org\/{rel}","templated":true}]}}

V Hrachovci se zvýšila bezpečnost chodců

<p>Ve Valašském meziříčí v místní části Hrachovec dokončili stavbu propojovacího chodníku, včetně lávky přes Hrachovecký potok v místě zvaném Esíčka.</p>

Ve Valašském meziříčí v místní části Hrachovec dokončili stavbu propojovacího chodníku, včetně lávky přes Hrachovecký potok v místě zvaném Esíčka. Dokončili jsme chodník a lávku přes Hrachovecký potok a chodci tak mohou bezpečně se pohybovat v tomto místě, které do jisté míry bylo kolízní. Nám se v minulých letech podařilo zbourat dům, který stál v cestě chodníku, teď mám velkou radost z toho, že se dokončila výstavba lávky přes potok. Stavební úpravy směřující ke zvýšení bezpečnosti chodců budou pokračovat i v roce 2024. Navazovat budeme dalším velkým projektem a to je pokračování tohoto chodníku směrem do Hrachovce, do horní části, první etapa v příštím roce, projektované náklady 33 milionů korun a už dnes víme, že na tuto investici získáme 85% dotaci. Vedle samotného chodníku v délce 763 metrů se počítá s rozšířením mostu, vybudováním opěrné zdi, dešťové kanalizace, nového veřejného osvětlení a přeložkou vodovodu. Radnice počítá s projektovými náklady 33 milionů korun.
