{"id":10928,"date":"2023-09-26T16:24:45","date_gmt":"2023-09-26T14:24:45","guid":{"rendered":"https:\/\/tv.a11.cz\/?post_type=video&#038;p=10928"},"modified":"2023-09-26T21:22:40","modified_gmt":"2023-09-26T19:22:40","slug":"zs-v-trebenicich-prosla-rekonstrukci","status":"publish","type":"video","link":"https:\/\/tv.a11.cz\/video\/zs-v-trebenicich-prosla-rekonstrukci\/","title":{"rendered":"Z\u0160 v T\u0159ebenic\u00edch pro\u0161la rekonstrukc\u00ed"},"content":{"rendered":"","protected":false},"excerpt":{"rendered":"<p>Rozs\u00e1hlou rekonstrukc\u00ed pro\u0161la z\u00e1kladn\u00ed \u0161kola v T\u0159ebenic\u00edch. M\u011bsto na n\u00ed vyu\u017eilo prakticky cel\u00e9 pr\u00e1zdniny, a tak se po n\u00e1vratu do \u0161koly mohli \u0161kol\u00e1ci sezn\u00e1mit s nov\u00fdmi toaletami a \u0161atnami <\/p>\n","protected":false},"author":8,"featured_media":10969,"template":"","categories":[17,159,25,157],"porad":[],"region":[93,63],"kategorie":[],"class_list":["post-10928","video","type-video","status-publish","has-post-thumbnail","hentry","category-domaci","category-stavebnictvi","category-vzdelavani","category-zpravy","region-litomericko","region-ustecky-kraj"],"acf":[],"meta_box":{"nbla_idec":"N2303286","nbla_title":"Z\u0160 v T\u0159ebenic\u00edch pro\u0161la rekonstrukc\u00ed","nbla_subtitle":"","nbla_summary":"","nbla_description":"","nbla_transcription":"Rozs\u00e1hlou rekonstrukc\u00ed pro\u0161la z\u00e1kladn\u00ed \u0161kola v T\u0159ebenic\u00edch, m\u011bsto na n\u00ed vyu\u017eilo prakticky cel\u00e9 pr\u00e1zdniny a tak se po n\u00e1vratu do \u0161koly mohly \u0161kol\u00e1ci sezn\u00e1mit se s brusnov\u00fdmi toaletami a \u0161atn\u00fdmi prostory. Rekonstruovali jsme dv\u011b soci\u00e1ln\u00ed za\u0159\u00edzen\u00ed v budov\u011b prvn\u00edho stop\u0148a z\u00e1kladn\u00ed \u0161koly, v p\u0159\u00edzem\u00ed a v prvn\u00edm pat\u0159e a zde \u0161atny pro \u017e\u00e1ky, tady, jak vid\u00edte, zan\u00e1ma ty sk\u0159\u00ednky. Celkov\u00fd rozpo\u010det jenom na to soci\u00e1ln\u00ed za\u0159\u00edzen\u00ed a \u0161atny byl 2 miliony 200 tis\u00edc a na to jsme dostali dotaci z Ministerstva pro m\u00edstn\u00ed rozvoj ve v\u00fd\u0161i 1 milion 425 tis\u00edc. Na \u0161atn\u00ed sk\u0159\u00ednky pod\u00e1val \u017e\u00e1dost pan \u0159editel p\u0159es MAS serviso T\u0159eb\u00edvlice, kde rozpo\u010det byl p\u0159es 3 miliony a dotace je 2 miliony 200 tis\u00edc, tak\u017ee op\u011bt pan \u0159editel bude \u017e\u00e1dat z rizovatele o nav\u00fd\u0161en\u00ed rozpo\u010dtu, s \u010d\u00edm samoz\u0159ejm\u011b souhlas\u00edme, proto\u017ee, jak je vid\u011bt, tak rekonstrukce se povedla a rozpo\u010det na \u0161kole nav\u00fd\u0161\u00edme. \u0160atny pro\u0161ly stavebn\u00ed rekonstrukc\u00ed v\u010detn\u011b nov\u00e9ho stropu a osv\u011btlen\u00ed a zejm\u00e9na nov\u00fd syst\u00e9m zamykateln\u00fdch sk\u0159\u00ednek bude mnohem bezpe\u010dn\u011bj\u0161\u00ed a prakti\u010dt\u011bj\u0161\u00ed ne\u017e b\u00fdval\u00e9 hromadn\u00e9 dr\u00e1t\u011bn\u00e9 koje. Nav\u00edc zde vznikla m\u00edstnost pro setk\u00e1v\u00e1n\u00ed d\u011bt\u00ed s rodi\u010di. Tenhle zp\u016fsob, kter\u00fd jsme zvolili, sk\u0159\u00edn\u011bk na otv\u00edr\u00e1n\u00ed \u010dipem s elektronick\u00fdm z\u00e1mkem, jsme oproti sk\u0159\u00ednk\u00e1m na klasick\u00fd z\u00e1mek na kl\u00ed\u010d zvolili, proto\u017ee je to bezpe\u010dn\u011bj\u0161\u00ed a m\u00e1me v\u011bt\u0161\u00ed p\u0159ehled o tom, co se s t\u011bmi sk\u0159\u00ednkami d\u011bje, kdo do nich p\u0159istupuje. N\u00e1ro\u010dn\u00e1 rekonstrukce se vy\u017e\u00e1dala sofistikovan\u00e9 financov\u00e1n\u00ed i pe\u010dlivou pr\u00e1ci n\u011bkolika lid\u00ed. Pod\u011bkov\u00e1n\u00ed za podporu proto krom\u011b m\u011bsta jako z rizovatele \u0161koly pat\u0159\u00ed i dal\u0161\u00edm. R\u00e1da bych t\u00edmto pod\u011bkovala v\u0161em poskytovatel\u016fm dotace, tedy ministerstvu oborno- m\u00edstn\u00ed rozvoj a p\u0159es Mass. Service se \u017e\u00e1dost pod\u00e1vala do st\u00e1tn\u00edho zem\u011bd\u011blsk\u00e9ho interven\u010dn\u00edho fondu. Je\u0161t\u011b bych cht\u011bla pod\u011bkovat pan\u016f \u0159iditeli Stanislavu Nov\u00e1kovi a \u0161koln\u00edkovi Davidu Studni\u010dkovi, kte\u0159\u00ed se cel\u00e9 pr\u00e1zdn\u011bny tady kolem t\u00e9 rekonstrukce, jak se \u0159\u00edk\u00e1, motali, za\u0159izovali, vy\u0159izovali a tak\u00e9 stavebn\u00edmu \u00faseku m\u011bsta T\u0159ebenice panu Sl\u00e1vkovi Hole\u0161ovsk\u00e9mu. Z\u00e1kladn\u00ed \u0161kole v T\u0159ebenic\u00edch se da\u0159\u00ed, za posledn\u00edch deset let stoupl po\u010det jejich \u017e\u00e1k\u016f o polovinu, nyn\u00ed do \u0161koly doch\u00e1z\u00ed p\u0159es 300 d\u011bt\u00ed.","nbla_serie":"","nbla_season":"","nbla_episode":"","nbla_duration":"143.98","nbla_genre":"","nbla_editorial_format":"","nbla_mtime":"1695737618","nbla_url":"https:\/\/origin.a11.cz\/vod\/dzv4vyng7dh4tzlr33feqnetn.mp4","nbla_version":"1695737618","nbla_odvysilano":"Ano","bunny_id":"0b77ef0a-1959-4b59-8054-eda034bc28d7","youtube_id":"","datum_vydani":"20230926","stopaz":"143.98","dokument":[],"video_to":["10970"]},"_links":{"self":[{"href":"https:\/\/tv.a11.cz\/api\/wp\/v2\/video\/10928","targetHints":{"allow":["GET"]}}],"collection":[{"href":"https:\/\/tv.a11.cz\/api\/wp\/v2\/video"}],"about":[{"href":"https:\/\/tv.a11.cz\/api\/wp\/v2\/types\/video"}],"author":[{"embeddable":true,"href":"https:\/\/tv.a11.cz\/api\/wp\/v2\/users\/8"}],"wp:featuredmedia":[{"embeddable":true,"href":"https:\/\/tv.a11.cz\/api\/wp\/v2\/media\/10969"}],"wp:attachment":[{"href":"https:\/\/tv.a11.cz\/api\/wp\/v2\/media?parent=10928"}],"wp:term":[{"taxonomy":"category","embeddable":true,"href":"https:\/\/tv.a11.cz\/api\/wp\/v2\/categories?post=10928"},{"taxonomy":"porad","embeddable":true,"href":"https:\/\/tv.a11.cz\/api\/wp\/v2\/porad?post=10928"},{"taxonomy":"region","embeddable":true,"href":"https:\/\/tv.a11.cz\/api\/wp\/v2\/region?post=10928"},{"taxonomy":"kategorie","embeddable":true,"href":"https:\/\/tv.a11.cz\/api\/wp\/v2\/kategorie?post=10928"}],"curies":[{"name":"wp","href":"https:\/\/api.w.org\/{rel}","templated":true}]}}

ZŠ v Třebenicích prošla rekonstrukcí

<p>Rozsáhlou rekonstrukcí prošla základní škola v Třebenicích. Město na ní využilo prakticky celé prázdniny, a tak se po návratu do školy mohli školáci seznámit s novými toaletami a šatnami </p>

Rozsáhlou rekonstrukcí prošla základní škola v Třebenicích, město na ní využilo prakticky celé prázdniny a tak se po návratu do školy mohly školáci seznámit se s brusnovými toaletami a šatnými prostory. Rekonstruovali jsme dvě sociální zařízení v budově prvního stopňa základní školy, v přízemí a v prvním patře a zde šatny pro žáky, tady, jak vidíte, zanáma ty skřínky. Celkový rozpočet jenom na to sociální zařízení a šatny byl 2 miliony 200 tisíc a na to jsme dostali dotaci z Ministerstva pro místní rozvoj ve výši 1 milion 425 tisíc. Na šatní skřínky podával žádost pan ředitel přes MAS serviso Třebívlice, kde rozpočet byl přes 3 miliony a dotace je 2 miliony 200 tisíc, takže opět pan ředitel bude žádat z rizovatele o navýšení rozpočtu, s čím samozřejmě souhlasíme, protože, jak je vidět, tak rekonstrukce se povedla a rozpočet na škole navýšíme. Šatny prošly stavební rekonstrukcí včetně nového stropu a osvětlení a zejména nový systém zamykatelných skřínek bude mnohem bezpečnější a praktičtější než bývalé hromadné drátěné koje. Navíc zde vznikla místnost pro setkávání dětí s rodiči. Tenhle způsob, který jsme zvolili, skříněk na otvírání čipem s elektronickým zámkem, jsme oproti skřínkám na klasický zámek na klíč zvolili, protože je to bezpečnější a máme větší přehled o tom, co se s těmi skřínkami děje, kdo do nich přistupuje. Náročná rekonstrukce se vyžádala sofistikované financování i pečlivou práci několika lidí. Poděkování za podporu proto kromě města jako z rizovatele školy patří i dalším. Ráda bych tímto poděkovala všem poskytovatelům dotace, tedy ministerstvu oborno- místní rozvoj a přes Mass. Service se žádost podávala do státního zemědělského intervenčního fondu. Ještě bych chtěla poděkovat panů řiditeli Stanislavu Novákovi a školníkovi Davidu Studničkovi, kteří se celé prázdněny tady kolem té rekonstrukce, jak se říká, motali, zařizovali, vyřizovali a také stavebnímu úseku města Třebenice panu Slávkovi Holešovskému. Základní škole v Třebenicích se daří, za posledních deset let stoupl počet jejich žáků o polovinu, nyní do školy dochází přes 300 dětí.
