{"id":10555,"date":"2023-09-19T16:10:27","date_gmt":"2023-09-19T14:10:27","guid":{"rendered":"https:\/\/tv.a11.cz\/?post_type=video&#038;p=10555"},"modified":"2023-09-20T16:06:26","modified_gmt":"2023-09-20T14:06:26","slug":"nizozemsky-den-na-oslavu-partnerstvi-s-veenendaalem","status":"publish","type":"video","link":"https:\/\/tv.a11.cz\/video\/nizozemsky-den-na-oslavu-partnerstvi-s-veenendaalem\/","title":{"rendered":"Nizozemsk\u00fd den na oslavu partnerstv\u00ed s Veenendaalem"},"content":{"rendered":"","protected":false},"excerpt":{"rendered":"<p>Na oslavu v\u00fdro\u010d\u00ed v sobotu Horn\u00ed n\u00e1m\u011bst\u00ed zaplnili st\u00e1nky nizozemsk\u00fdch specialit. Jedli se sled\u011b, s\u00edry, obouvali d\u0159ev\u00e1ky, hr\u00e1ly se hry a kv\u00edzy, nechyb\u011bly v\u00fdstavy, kreativn\u00ed d\u00edlny nebo workshopy s v\u00fdtvarn\u00edkem. <\/p>\n","protected":false},"author":8,"featured_media":10631,"template":"","categories":[17,157],"porad":[],"region":[106,59],"kategorie":[],"class_list":["post-10555","video","type-video","status-publish","has-post-thumbnail","hentry","category-domaci","category-zpravy","region-olomoucko","region-olomoucky-kraj"],"acf":[],"meta_box":{"nbla_idec":"N2306343","nbla_title":"Nizozemsk\u00fd den na oslavu partnerstv\u00ed s Veenendaalem","nbla_subtitle":"","nbla_summary":"","nbla_description":"","nbla_transcription":"Tak\u017ee 30 ro\u010dn\u00edkov\u00fd band je velmi d\u016fle\u017eit\u00fd, je to bl\u016fjen\u00fd band, se tam d\u011bje hodn\u011b.\" Pokud jste nerozum\u011bli, nevad\u00ed. D\u00edky p\u0159ekladateli v\u011bzte, \u017ee Nizozemsk\u00fd velvyslanec pr\u00e1v\u011b chv\u00e1l\u00ed partnerstv\u00ed Olomouce s F\u00e9nend\u00e1lem. Trv\u00e1 u\u017e kulat\u00fdch 30 let. Na oslavu v\u00fdro\u010d\u00ed v sobotu Horn\u00ed n\u00e1m\u011bst\u00ed zapln\u011bli st\u00e1nky nizozemsk\u00fdch specialit. Jedli se sled\u011b, s\u00edry, obouvali d\u0159ev\u00e1ky, hr\u00e1li se hry a kv\u00edzy, nechyb\u011bly v\u00fdstavy, kreativn\u00ed d\u00edlny nebo workshopy s v\u00fdtvarn\u00edkem. Vystoupili um\u011blci s F\u00e9nend\u00e1lu. Zkr\u00e1tka takov\u00fd stylov\u00fd, nizozemsk\u00fd den v srdci Han\u00e9. F\u00e9nend\u00e1l se nach\u00e1z\u00ed v centr\u00e1ln\u00ed \u010d\u00e1sti provincie Utrecht, nedaleko stejnojmen\u00e9ho hlavn\u00edho m\u011bsta a m\u00e1 68 tis\u00edc obyvatel. Oslavit jubiloum odtamtud do Olomouce dorazila 25. \u010dlen\u00e1 delegace v \u010dele se starostou. Nikoliv na kolech, to by bylo p\u0159ece jen trochu \u00fanavn\u00e9. Na bicyklech se pouze projeli m\u011bstsk\u00fdmi parky. V botanick\u00e9 zahrad\u011b pak spole\u010dn\u011b s olomouck\u00fdmi radn\u00edmi zasadili strom a pok\u0159tili lav\u00ed\u010dku p\u0159\u00e1telstv\u00ed. Je to teprve moje prvn\u00ed n\u00e1v\u0161t\u011bva v Olomouci, souvis\u00ed to s covidovou dobou. Je hodn\u011b oblast\u00ed, ve kter\u00fdch se m\u016f\u017eeme vz\u00e1jemn\u011b inspirovat. Nap\u0159\u00edklad v budov\u00e1n\u00ed cyklistick\u00e9 infrastruktury, soci\u00e1ln\u00ed sf\u00e9\u0159e nebo v p\u0159\u00edstupu k \u017eivotn\u00edmu prost\u0159ed\u00ed. V pr\u016fb\u011bhu let se nejednalo jen o ofici\u00e1ln\u00ed n\u00e1v\u0161t\u011bvy. Do pr\u00e1ce byla zahrnuta cel\u00e1 \u0159ada olomouck\u00fdch organizac\u00ed od hasi\u010dsk\u00e9ho a policejn\u00edho sboru, po z\u00e1stupce c\u00edrkv\u00ed, cestovn\u00edch kancel\u00e1\u0159\u00ed, obchodn\u00edch komor a sportovn\u00edch klub\u016f, student\u016f st\u0159edn\u00edch \u0161kol. D\u00edky lidem, kte\u0159\u00ed se u\u017e p\u0159ed 30 lety do n\u00ed zapojili, rozv\u00edjeli a p\u0159edali to dal\u0161\u00edm generac\u00edm, tak pokra\u010duje velmi intenzivn\u011b. Fenedal je opravdu v\u00fdjime\u010dn\u00fd t\u00edm, \u017ee se poda\u0159ilo spojit v\u0161echny mo\u017en\u00e9 oblasti, nejenom t\u0159eba \u00fa\u0159edn\u00edky, kde to funguje, tak i s n\u011bmeck\u00fdm partnersk\u00fdm m\u011bstem, nebo i s ameri\u010dany nakonec, a nejenom tu ml\u00e1de\u017e, ale i sportovce, podnikatele. Nakonec i ta m\u00e9dia m\u011bla jednou mo\u017enost se do Fenedalu pod\u00edvat a j\u00e1 bych byla stra\u0161n\u011b r\u00e1da, je to \u00fapln\u011b m\u00e9 zbo\u017en\u00e9 p\u0159\u00e1n\u00ed, kdyby ta spolupr\u00e1ce tak d\u00e1l pokra\u010dovala. Partnerstv\u00ed p\u0159ipom\u00edn\u00e1 i nov\u011b vydan\u00e1 bro\u017eura nizozemsk\u00e9 stopy v Olomouci. Na n\u00e1dvo\u0159\u00ed radnice je pak a\u017e do 28. z\u00e1\u0159\u00ed k vid\u011bn\u00ed v\u00fdstava fotografi\u00ed po\u0159\u00edzen\u00fdch olomouck\u00fdmi studenty na st\u00e1\u017ei ve Fenedalu. Panely u Cezarovi Ka\u0161ny zase p\u0159edstavuj\u00ed nizozemsk\u00e9 pam\u00e1tky UNESCO.","nbla_serie":"","nbla_season":"","nbla_episode":"","nbla_duration":"173.2","nbla_genre":"","nbla_editorial_format":"","nbla_mtime":"1695132195","nbla_url":"https:\/\/origin.a11.cz\/vod\/d3i20wk21g7jol2ik5ohnk412.mp4","nbla_version":"1695132064","nbla_odvysilano":"Ano","bunny_id":"d27208de-7570-4058-8c88-f8ba8c58aeec","youtube_id":"","datum_vydani":"20230919","stopaz":"173.2","dokument":[],"video_to":["10632"]},"_links":{"self":[{"href":"https:\/\/tv.a11.cz\/api\/wp\/v2\/video\/10555","targetHints":{"allow":["GET"]}}],"collection":[{"href":"https:\/\/tv.a11.cz\/api\/wp\/v2\/video"}],"about":[{"href":"https:\/\/tv.a11.cz\/api\/wp\/v2\/types\/video"}],"author":[{"embeddable":true,"href":"https:\/\/tv.a11.cz\/api\/wp\/v2\/users\/8"}],"wp:featuredmedia":[{"embeddable":true,"href":"https:\/\/tv.a11.cz\/api\/wp\/v2\/media\/10631"}],"wp:attachment":[{"href":"https:\/\/tv.a11.cz\/api\/wp\/v2\/media?parent=10555"}],"wp:term":[{"taxonomy":"category","embeddable":true,"href":"https:\/\/tv.a11.cz\/api\/wp\/v2\/categories?post=10555"},{"taxonomy":"porad","embeddable":true,"href":"https:\/\/tv.a11.cz\/api\/wp\/v2\/porad?post=10555"},{"taxonomy":"region","embeddable":true,"href":"https:\/\/tv.a11.cz\/api\/wp\/v2\/region?post=10555"},{"taxonomy":"kategorie","embeddable":true,"href":"https:\/\/tv.a11.cz\/api\/wp\/v2\/kategorie?post=10555"}],"curies":[{"name":"wp","href":"https:\/\/api.w.org\/{rel}","templated":true}]}}

Nizozemský den na oslavu partnerství s Veenendaalem

<p>Na oslavu výročí v sobotu Horní náměstí zaplnili stánky nizozemských specialit. Jedli se sledě, síry, obouvali dřeváky, hrály se hry a kvízy, nechyběly výstavy, kreativní dílny nebo workshopy s výtvarníkem. </p>

Takže 30 ročníkový band je velmi důležitý, je to blůjený band, se tam děje hodně." Pokud jste nerozuměli, nevadí. Díky překladateli vězte, že Nizozemský velvyslanec právě chválí partnerství Olomouce s Fénendálem. Trvá už kulatých 30 let. Na oslavu výročí v sobotu Horní náměstí zaplněli stánky nizozemských specialit. Jedli se sledě, síry, obouvali dřeváky, hráli se hry a kvízy, nechyběly výstavy, kreativní dílny nebo workshopy s výtvarníkem. Vystoupili umělci s Fénendálu. Zkrátka takový stylový, nizozemský den v srdci Hané. Fénendál se nachází v centrální části provincie Utrecht, nedaleko stejnojmeného hlavního města a má 68 tisíc obyvatel. Oslavit jubiloum odtamtud do Olomouce dorazila 25. člená delegace v čele se starostou. Nikoliv na kolech, to by bylo přece jen trochu únavné. Na bicyklech se pouze projeli městskými parky. V botanické zahradě pak společně s olomouckými radními zasadili strom a pokřtili lavíčku přátelství. Je to teprve moje první návštěva v Olomouci, souvisí to s covidovou dobou. Je hodně oblastí, ve kterých se můžeme vzájemně inspirovat. Například v budování cyklistické infrastruktury, sociální sféře nebo v přístupu k životnímu prostředí. V průběhu let se nejednalo jen o oficiální návštěvy. Do práce byla zahrnuta celá řada olomouckých organizací od hasičského a policejního sboru, po zástupce církví, cestovních kanceláří, obchodních komor a sportovních klubů, studentů středních škol. Díky lidem, kteří se už před 30 lety do ní zapojili, rozvíjeli a předali to dalším generacím, tak pokračuje velmi intenzivně. Fenedal je opravdu výjimečný tím, že se podařilo spojit všechny možné oblasti, nejenom třeba úředníky, kde to funguje, tak i s německým partnerským městem, nebo i s američany nakonec, a nejenom tu mládež, ale i sportovce, podnikatele. Nakonec i ta média měla jednou možnost se do Fenedalu podívat a já bych byla strašně ráda, je to úplně mé zbožné přání, kdyby ta spolupráce tak dál pokračovala. Partnerství připomíná i nově vydaná brožura nizozemské stopy v Olomouci. Na nádvoří radnice je pak až do 28. září k vidění výstava fotografií pořízených olomouckými studenty na stáži ve Fenedalu. Panely u Cezarovi Kašny zase představují nizozemské památky UNESCO.
