{"id":10552,"date":"2023-09-19T16:05:03","date_gmt":"2023-09-19T14:05:03","guid":{"rendered":"https:\/\/tv.a11.cz\/?post_type=video&#038;p=10552"},"modified":"2023-09-20T12:45:48","modified_gmt":"2023-09-20T10:45:48","slug":"letosni-vinobrani-zalite-sluncem-a-davy-spokojenych-navstevniku","status":"publish","type":"video","link":"https:\/\/tv.a11.cz\/video\/letosni-vinobrani-zalite-sluncem-a-davy-spokojenych-navstevniku\/","title":{"rendered":"Leto\u0161n\u00ed vinobran\u00ed zalit\u00e9 sluncem"},"content":{"rendered":"","protected":false},"excerpt":{"rendered":"<p>V\u00edno, bur\u010d\u00e1k, ob\u010derstven\u00ed v\u0161eho druhu i bohat\u00fd hudebn\u00ed program na dvou sc\u00e9n\u00e1ch, nejen to bylo leto\u0161n\u00ed Roudnick\u00e9 vinobran\u00ed, lid\u00e9 se u\u017eili koncerty hv\u011bzdn\u00fdch muzikant\u016f.<\/p>\n","protected":false},"author":8,"featured_media":10577,"template":"","categories":[17,157],"porad":[],"region":[93,63],"kategorie":[],"class_list":["post-10552","video","type-video","status-publish","has-post-thumbnail","hentry","category-domaci","category-zpravy","region-litomericko","region-ustecky-kraj"],"acf":[],"meta_box":{"nbla_idec":"N2303273","nbla_title":"Leto\u0161n\u00ed vinobran\u00ed zalit\u00e9 sluncem a davy spokojen\u00fdch n\u00e1v\u0161t\u011bvn\u00edk\u016f","nbla_subtitle":"","nbla_summary":"","nbla_description":"","nbla_transcription":"V\u00fdno, bur\u010d\u00e1k, ob\u010derstven\u00ed v\u0161eho druhu i bohat\u00fd hudebn\u00ed program na dvou sc\u00e9n\u00e1ch, nejen to byl leto\u0161n\u00ed Roudnick\u00e9 vinobran\u00ed, lid\u00e9 se u\u017eili koncerty hv\u011bzdn\u00fdch muzikant\u016f, v\u010detn\u011b Davida Kollera, Vohnout\u016f, Walda Gangu, Petry \u010cernock\u00e9, skupiny Buty a dal\u0161\u00edch. Po\u010das\u00ed vy\u0161lo dokonale a nebylo tedy divu, \u017ee do Roudnick\u00e9ho z\u00e1meck\u00e9ho are\u00e1lu proudili po cel\u00fd den Davy n\u00e1v\u0161t\u011bvn\u00edk\u016f. Po t\u011bch n\u011bkolika letech, kdy byly r\u016fzn\u00e1 omezen\u011b z\u00edska pandemie, covidu, to bylo slo\u017eit\u011bj\u0161\u00ed a te\u010f u\u017e vid\u00edme, \u017ee se sv\u011bt vrac\u00ed k norm\u00e1lu a lid\u00e9 p\u0159ich\u00e1zej\u00ed na takov\u00e9hle sv\u00e1tky a mysl\u00edm, \u017ee p\u0159ich\u00e1zej\u00ed velice r\u00e1di. Je to vlastn\u011b akce m\u011bsta, by\u0165 to organizuje cestou obecn\u011b prostu\u010dn\u00e9 spole\u010dnosti, kterou k tomu pr\u00e1v\u011b zde z\u0159\u00eddila, ale je to v podstat\u011b akce m\u011bsta a je to takov\u00e1 nab\u00eddka ob\u010dan\u016f, aby si mohli u\u017e\u00edt slavnosti v\u00edna. Je to odpoledne nebo den str\u00e1ven\u00fd v p\u0159\u00edjemn\u00e9m prost\u0159ed\u00ed s dobr\u00fdm v\u00ednem a v dobr\u00e9 spole\u010dnosti, tak\u017ee lid\u00e9 u\u017e se nau\u010dili chodit, ale dnes opravdu je to umocn\u011bno i t\u00edm po\u010das\u00edm a vid\u00edm, \u017ee ta n\u00e1v\u0161t\u011bvnost je velk\u00e1. Po\u010das\u00ed n\u00e1m \u0159eje, dv\u011b hudebn\u00ed stagey jedou, t\u00e1mhle za chvili\u010dku u\u017e za\u010d\u00edn\u00e1 kapela Vohnouti. M\u00e1me bohat\u00fd program. Po p\u0159\u00edchodu praotce \u010cecha a jeho dru\u017einy zdravici pronesly tak\u00e9 starosta m\u011bsta Franti\u0161ek Pad\u011blek a Viliam Lobkovic. Na p\u00f3diu roudni\u010den\u00e9 tradi\u010dn\u011b p\u0159iv\u00edtali i z\u00e1stupce n\u011bmeck\u00e9ho partnersk\u00e9ho m\u011bsta Dessau-Roslau. Z\u00e1stupkyn\u011b prim\u00e1tora \u00c9tr Hachmann mimo vynobran\u00ed nav\u0161t\u00edvala i m\u00edstn\u00ed domovn\u016f chodc\u016f. Na roudnick\u00e9m vynobran\u00ed tradi\u010dn\u011b nemohlo chyb\u011bt setk\u00e1n\u00ed historick\u00fdch vozidel s n\u00e1zvem Historici v Roudnici, kter\u00e9 prob\u011bhlo na Karlovin\u00e1 m\u011bst\u00ed. Pod\u011bkov\u00e1n\u00ed za podporu akce pat\u0159\u00ed v\u0161em n\u00e1v\u0161t\u011bvn\u00edk\u016fm, kte\u0159\u00ed si velkou kulturn\u00ed ud\u00e1lost nenechali uj\u00edt a samoz\u0159ejm\u011b v\u0161em partner\u016fm. Je to samoz\u0159ejm\u011b m\u011bsto Roudnice, nad Labem jako zakladatel \u0159\u00edk OPS. Je to firma 2ICP jako hlavn\u00ed partner akce. A medi\u00e1ln\u00edm partnerem dne\u0161n\u00ed akce je Hit Radio Nord Music.","nbla_serie":"","nbla_season":"","nbla_episode":"","nbla_duration":"134.44","nbla_genre":"","nbla_editorial_format":"","nbla_mtime":"1695131663","nbla_url":"https:\/\/origin.a11.cz\/vod\/br3qr9bk3bf54l6byinjgg7aa.mp4","nbla_version":"1695131663","nbla_odvysilano":"Ano","bunny_id":"3a6a1f1b-05d6-4192-a9f2-8b4c0d115973","youtube_id":"","datum_vydani":"20230919","stopaz":"134.44","dokument":[],"video_to":["10579"]},"_links":{"self":[{"href":"https:\/\/tv.a11.cz\/api\/wp\/v2\/video\/10552","targetHints":{"allow":["GET"]}}],"collection":[{"href":"https:\/\/tv.a11.cz\/api\/wp\/v2\/video"}],"about":[{"href":"https:\/\/tv.a11.cz\/api\/wp\/v2\/types\/video"}],"author":[{"embeddable":true,"href":"https:\/\/tv.a11.cz\/api\/wp\/v2\/users\/8"}],"wp:featuredmedia":[{"embeddable":true,"href":"https:\/\/tv.a11.cz\/api\/wp\/v2\/media\/10577"}],"wp:attachment":[{"href":"https:\/\/tv.a11.cz\/api\/wp\/v2\/media?parent=10552"}],"wp:term":[{"taxonomy":"category","embeddable":true,"href":"https:\/\/tv.a11.cz\/api\/wp\/v2\/categories?post=10552"},{"taxonomy":"porad","embeddable":true,"href":"https:\/\/tv.a11.cz\/api\/wp\/v2\/porad?post=10552"},{"taxonomy":"region","embeddable":true,"href":"https:\/\/tv.a11.cz\/api\/wp\/v2\/region?post=10552"},{"taxonomy":"kategorie","embeddable":true,"href":"https:\/\/tv.a11.cz\/api\/wp\/v2\/kategorie?post=10552"}],"curies":[{"name":"wp","href":"https:\/\/api.w.org\/{rel}","templated":true}]}}

Letošní vinobraní zalité sluncem

<p>Víno, burčák, občerstvení všeho druhu i bohatý hudební program na dvou scénách, nejen to bylo letošní Roudnické vinobraní, lidé se užili koncerty hvězdných muzikantů.</p>

Letošní vinobraní zalité sluncem a davy spokojených návštěvníků

Výno, burčák, občerstvení všeho druhu i bohatý hudební program na dvou scénách, nejen to byl letošní Roudnické vinobraní, lidé se užili koncerty hvězdných muzikantů, včetně Davida Kollera, Vohnoutů, Walda Gangu, Petry Černocké, skupiny Buty a dalších. Počasí vyšlo dokonale a nebylo tedy divu, že do Roudnického zámeckého areálu proudili po celý den Davy návštěvníků. Po těch několika letech, kdy byly různá omezeně získa pandemie, covidu, to bylo složitější a teď už vidíme, že se svět vrací k normálu a lidé přicházejí na takovéhle svátky a myslím, že přicházejí velice rádi. Je to vlastně akce města, byť to organizuje cestou obecně prostučné společnosti, kterou k tomu právě zde zřídila, ale je to v podstatě akce města a je to taková nabídka občanů, aby si mohli užít slavnosti vína. Je to odpoledne nebo den strávený v příjemném prostředí s dobrým vínem a v dobré společnosti, takže lidé už se naučili chodit, ale dnes opravdu je to umocněno i tím počasím a vidím, že ta návštěvnost je velká. Počasí nám řeje, dvě hudební stagey jedou, támhle za chviličku už začíná kapela Vohnouti. Máme bohatý program. Po příchodu praotce Čecha a jeho družiny zdravici pronesly také starosta města František Padělek a Viliam Lobkovic. Na pódiu roudničené tradičně přivítali i zástupce německého partnerského města Dessau-Roslau. Zástupkyně primátora Étr Hachmann mimo vynobraní navštívala i místní domovnů chodců. Na roudnickém vynobraní tradičně nemohlo chybět setkání historických vozidel s názvem Historici v Roudnici, které proběhlo na Karloviná městí. Poděkování za podporu akce patří všem návštěvníkům, kteří si velkou kulturní událost nenechali ujít a samozřejmě všem partnerům. Je to samozřejmě město Roudnice, nad Labem jako zakladatel řík OPS. Je to firma 2ICP jako hlavní partner akce. A mediálním partnerem dnešní akce je Hit Radio Nord Music.
