{"id":10550,"date":"2023-09-19T16:02:51","date_gmt":"2023-09-19T14:02:51","guid":{"rendered":"https:\/\/tv.a11.cz\/?post_type=video&#038;p=10550"},"modified":"2023-09-20T15:53:41","modified_gmt":"2023-09-20T13:53:41","slug":"pokracuje-obnova-krizove-cesty-z-usti-nad-orlici-na-andrluv-chlum","status":"publish","type":"video","link":"https:\/\/tv.a11.cz\/video\/pokracuje-obnova-krizove-cesty-z-usti-nad-orlici-na-andrluv-chlum\/","title":{"rendered":"Pokra\u010duje obnova k\u0159\u00ed\u017eov\u00e9 cesty z \u00dast\u00ed nad Orlic\u00ed na Andrl\u016fv chlum"},"content":{"rendered":"","protected":false},"excerpt":{"rendered":"<p>Pr\u00e1ce na obnov\u011b kapl\u00ed k\u0159\u00ed\u017eov\u00e9 cesty pokra\u010duj\u00ed tak\u00e9 letos, a to druhou etapou. K\u0159\u00ed\u017eov\u00e1 cesta poch\u00e1z\u00ed z roku 1852 a\u017e 1853 a vznikla v trase p\u016fvodn\u00ed k\u0159\u00ed\u017eov\u00e9 cesty, kter\u00e1 tady existovala o 100 let d\u0159\u00edve.<\/p>\n","protected":false},"author":8,"featured_media":10616,"template":"","categories":[17,159,157],"porad":[],"region":[104,60],"kategorie":[],"class_list":["post-10550","video","type-video","status-publish","has-post-thumbnail","hentry","category-domaci","category-stavebnictvi","category-zpravy","region-orlicko","region-pardubicky-kraj"],"acf":[],"meta_box":{"nbla_idec":"N2309145","nbla_title":"Pokra\u010duje obnova k\u0159\u00ed\u017eov\u00e9 cesty z \u00dast\u00ed nad Orlic\u00ed na Andrl\u016fv chlum","nbla_subtitle":"","nbla_summary":"","nbla_description":"","nbla_transcription":"Pr\u00e1ce na obnov\u011b kapl\u00ed k\u0159\u00ed\u017eov\u00e9 cesty z \u00dastina do Rlici na Andrlu v Chlum pokra\u010duj\u00ed tak\u00e9 letos druhou etapou. K\u0159\u00ed\u017eov\u00e1 cesta poch\u00e1z\u00ed z roku 1852 a\u017e 1853 a vznikla vlastn\u011b v trase p\u016fvodn\u00ed k\u0159\u00ed\u017eov\u00e9 cesty, kter\u00e1 tady existovala o 100 let d\u0159\u00edve. Naposledy se kapli\u010dky upravovaly p\u0159ed asi 30 lety. Ten zub \u010dasu n\u011bjak\u00fdm zp\u016fsobem postupuje, jedn\u00e1 se o kulturn\u00ed pam\u00e1tku, tak\u017ee celkem logicky navazujeme na prvn\u00ed etapu, kter\u00e1 se realizovala v tom lo\u0148sk\u00e9m roce. Kapli\u010dky, proto\u017ee jsou ve vlhk\u00e9m lesn\u00edm prost\u0159ed\u00ed, trp\u00ed biologick\u00fdm spadem a po\u0161kozen\u00edm vlhkost\u00ed, tak\u017ee museli b\u00fdt opraveny znovu. Tentokr\u00e1t p\u0159i\u0161ly na \u0159adu kaple jedna a\u017e p\u011bt. Ty stavebn\u00ed pr\u00e1ce byly zah\u00e1jeny v pr\u016fb\u011bhu jara leto\u0161n\u00edho roku, celkem logicky na z\u00e1klad\u011b v\u00fdb\u011brov\u00e9ho \u0159\u00edzen\u00ed, budou dokon\u010deny v pr\u016fb\u011bhu z\u00e1\u0159\u00ed. Pr\u00e1ce se nakonec prot\u00e1hnou do konce \u0159\u00edjna. Vym\u011bnila se st\u0159e\u0161n\u00ed krytina, opravou proch\u00e1z\u00ed vnit\u0159n\u00ed om\u00edtky a o\u010di\u0161\u0165uj\u00ed se ve\u0161ker\u00e9 p\u00edskovcov\u00e9 \u010d\u00e1sti. Tak\u017ee port\u00e1ly a sokly, kde prob\u00edh\u00e1 n\u011bjak\u00e1 oprava, p\u0159etmelen\u00ed, o\u010di\u0161t\u011bn\u00ed od mech\u016f a biologick\u00e9ho spadu a d\u00e1le od t\u011bchto kapli\u010dek vznikaj\u00ed okapov\u00e9 chodn\u00ed\u010dky, kter\u00e9 jsou z p\u00edskovce. Celkov\u00e9 n\u00e1klady na tuto druhou etapu p\u0159edstavuj\u00ed 2,5 milionu korun a jsou pln\u011b hrazeny z rozpo\u010dtu m\u011bsta. M\u011bsto m\u011blo ke kapli\u010dk\u00e1m zpracovanou restaur\u00e1torskou zpr\u00e1vu. D\u00edky n\u00ed se zjistilo, \u017ee v interi\u00e9ru kaply se nach\u00e1z\u00ed malby. Proto sou\u010dasn\u011b, tak jak te\u010fka prob\u00edh\u00e1 oprava kapl\u00ed 1 a\u017e 5, tak vlastn\u011b pracujeme na obnov\u011b interi\u00e9ru kapli\u010dek, kter\u00e9 byly opraveny v minul\u00e9m roce a to jsou kaple 6 a\u017e 11. U n\u011bkter\u00fdch kapli\u010dek najdou n\u00e1v\u0161t\u011bvn\u00edci tak\u00e9 mobili\u00e1\u0159, kter\u00fd jim nab\u00eddne odpo\u010dinek.","nbla_serie":"","nbla_season":"","nbla_episode":"","nbla_duration":"112.8","nbla_genre":"","nbla_editorial_format":"","nbla_mtime":"1695131811","nbla_url":"https:\/\/origin.a11.cz\/vod\/6cfp8yygb9zdsbtg553k6tsg4.mp4","nbla_version":"1695131811","nbla_odvysilano":"Ano","bunny_id":"b31aad78-3c61-4e0d-a9a3-c66c5febdde9","youtube_id":"","datum_vydani":"20230919","stopaz":"112.8","dokument":[],"video_to":["10617"]},"_links":{"self":[{"href":"https:\/\/tv.a11.cz\/api\/wp\/v2\/video\/10550","targetHints":{"allow":["GET"]}}],"collection":[{"href":"https:\/\/tv.a11.cz\/api\/wp\/v2\/video"}],"about":[{"href":"https:\/\/tv.a11.cz\/api\/wp\/v2\/types\/video"}],"author":[{"embeddable":true,"href":"https:\/\/tv.a11.cz\/api\/wp\/v2\/users\/8"}],"wp:featuredmedia":[{"embeddable":true,"href":"https:\/\/tv.a11.cz\/api\/wp\/v2\/media\/10616"}],"wp:attachment":[{"href":"https:\/\/tv.a11.cz\/api\/wp\/v2\/media?parent=10550"}],"wp:term":[{"taxonomy":"category","embeddable":true,"href":"https:\/\/tv.a11.cz\/api\/wp\/v2\/categories?post=10550"},{"taxonomy":"porad","embeddable":true,"href":"https:\/\/tv.a11.cz\/api\/wp\/v2\/porad?post=10550"},{"taxonomy":"region","embeddable":true,"href":"https:\/\/tv.a11.cz\/api\/wp\/v2\/region?post=10550"},{"taxonomy":"kategorie","embeddable":true,"href":"https:\/\/tv.a11.cz\/api\/wp\/v2\/kategorie?post=10550"}],"curies":[{"name":"wp","href":"https:\/\/api.w.org\/{rel}","templated":true}]}}

Pokračuje obnova křížové cesty z Ústí nad Orlicí na Andrlův chlum

<p>Práce na obnově kaplí křížové cesty pokračují také letos, a to druhou etapou. Křížová cesta pochází z roku 1852 až 1853 a vznikla v trase původní křížové cesty, která tady existovala o 100 let dříve.</p>

Práce na obnově kaplí křížové cesty z Ústina do Rlici na Andrlu v Chlum pokračují také letos druhou etapou. Křížová cesta pochází z roku 1852 až 1853 a vznikla vlastně v trase původní křížové cesty, která tady existovala o 100 let dříve. Naposledy se kapličky upravovaly před asi 30 lety. Ten zub času nějakým způsobem postupuje, jedná se o kulturní památku, takže celkem logicky navazujeme na první etapu, která se realizovala v tom loňském roce. Kapličky, protože jsou ve vlhkém lesním prostředí, trpí biologickým spadem a poškozením vlhkostí, takže museli být opraveny znovu. Tentokrát přišly na řadu kaple jedna až pět. Ty stavební práce byly zahájeny v průběhu jara letošního roku, celkem logicky na základě výběrového řízení, budou dokončeny v průběhu září. Práce se nakonec protáhnou do konce října. Vyměnila se střešní krytina, opravou prochází vnitřní omítky a očišťují se veškeré pískovcové části. Takže portály a sokly, kde probíhá nějaká oprava, přetmelení, očištění od mechů a biologického spadu a dále od těchto kapliček vznikají okapové chodníčky, které jsou z pískovce. Celkové náklady na tuto druhou etapu představují 2,5 milionu korun a jsou plně hrazeny z rozpočtu města. Město mělo ke kapličkám zpracovanou restaurátorskou zprávu. Díky ní se zjistilo, že v interiéru kaply se nachází malby. Proto současně, tak jak teďka probíhá oprava kaplí 1 až 5, tak vlastně pracujeme na obnově interiéru kapliček, které byly opraveny v minulém roce a to jsou kaple 6 až 11. U některých kapliček najdou návštěvníci také mobiliář, který jim nabídne odpočinek.
