{"id":10494,"date":"2023-09-18T16:13:25","date_gmt":"2023-09-18T14:13:25","guid":{"rendered":"https:\/\/tv.a11.cz\/?post_type=video&#038;p=10494"},"modified":"2023-09-18T19:05:38","modified_gmt":"2023-09-18T17:05:38","slug":"nejtvrdsi-hasici-behali-do-18-patra","status":"publish","type":"video","link":"https:\/\/tv.a11.cz\/video\/nejtvrdsi-hasici-behali-do-18-patra\/","title":{"rendered":"Nejtvrd\u0161\u00ed hasi\u010di b\u011bhali do 18. patra"},"content":{"rendered":"","protected":false},"excerpt":{"rendered":"<p>Tenhle z\u00e1vod nen\u00ed pro slab\u00e9. Zvl\u00e1dnou ho jen ti, co maj\u00ed s\u00edlu, v\u016fli a vytrvalost a jsou na to tr\u00e9novan\u00ed. V Olomouci se konalo jubilejn\u00ed des\u00e1t\u00e9 mistrovstv\u00ed republiky profesion\u00e1ln\u00edch hasi\u010d\u016f.<\/p>\n","protected":false},"author":8,"featured_media":10509,"template":"","categories":[17,166,163,157],"porad":[],"region":[106,59],"kategorie":[],"class_list":["post-10494","video","type-video","status-publish","has-post-thumbnail","hentry","category-domaci","category-hasici","category-stalo-se","category-zpravy","region-olomoucko","region-olomoucky-kraj"],"acf":[],"meta_box":{"nbla_idec":"N2306342","nbla_title":"Nejtvrd\u0161\u00ed hasi\u010di b\u011bhali do 18. patra","nbla_subtitle":"","nbla_summary":"","nbla_description":"","nbla_transcription":"Tenhle z\u00e1vod nen\u00ed pro slab\u00e9, zvl\u00e1dnou ho jen ti, co maj\u00ed s\u00edlu, v\u016fli a vytrvalost a jsou na to tr\u00e9novan\u00ed. V Olomouci se konalo jubilejn\u00ed des\u00e1t\u00e9 mistrovstv\u00ed republiky profesion\u00e1ln\u00edch hasi\u010d\u016f v discipl\u00edn\u00e1ch TFA, kter\u00e9 v\u011brn\u011b simuluj\u00ed pr\u00e1ci p\u0159i z\u00e1sahu. Na sedmdes\u00e1tku startuj\u00edc\u00edch \u010dekali \u010dty\u0159ikru\u0161n\u00e9 \u00faseky, kter\u00e9 dokonale prov\u011b\u0159ily jejich fyzick\u00e9 schopnosti a dovednosti, v\u010detn\u011b z\u00e1v\u011bre\u010dn\u00e9 lah\u00fatky, kr\u00e1lovsk\u00e9 discipl\u00edny, v\u00fdb\u011bhu s 20-kilogramovou v\u00fdstroj\u00ed do osmn\u00e1ct\u00e9ho patra region\u00e1ln\u00edho centra. 315 shod\u016f zvl\u00e1dli ti nejrychlej\u0161\u00ed pod dv\u011b minuty. V presti\u017en\u00ed kategorii do 34 let se stal mistrem republiky Pavel Kou\u0159\u00edk z plze\u0148sk\u00e9ho krajsk\u00e9ho sboru. Kategorii do 44 let ovl\u00e1dl zde n\u011bk kr\u00e1l Spardubic. Mezi veter\u00e1ny op\u011bt kraloval olomouck\u00fd borec Michal P\u0159ececht\u011bl.","nbla_serie":"","nbla_season":"","nbla_episode":"","nbla_duration":"47.96","nbla_genre":"","nbla_editorial_format":"","nbla_mtime":"1695045649","nbla_url":"https:\/\/origin.a11.cz\/vod\/a736rtfsr9fpbillq3nn478cx.mp4","nbla_version":"1695045649","nbla_odvysilano":"Ano","bunny_id":"7d1814a4-33a7-42ca-a40a-a527020be44b","youtube_id":"","datum_vydani":"20230918","stopaz":"47.96","dokument":[],"video_to":["10510"]},"_links":{"self":[{"href":"https:\/\/tv.a11.cz\/api\/wp\/v2\/video\/10494","targetHints":{"allow":["GET"]}}],"collection":[{"href":"https:\/\/tv.a11.cz\/api\/wp\/v2\/video"}],"about":[{"href":"https:\/\/tv.a11.cz\/api\/wp\/v2\/types\/video"}],"author":[{"embeddable":true,"href":"https:\/\/tv.a11.cz\/api\/wp\/v2\/users\/8"}],"wp:featuredmedia":[{"embeddable":true,"href":"https:\/\/tv.a11.cz\/api\/wp\/v2\/media\/10509"}],"wp:attachment":[{"href":"https:\/\/tv.a11.cz\/api\/wp\/v2\/media?parent=10494"}],"wp:term":[{"taxonomy":"category","embeddable":true,"href":"https:\/\/tv.a11.cz\/api\/wp\/v2\/categories?post=10494"},{"taxonomy":"porad","embeddable":true,"href":"https:\/\/tv.a11.cz\/api\/wp\/v2\/porad?post=10494"},{"taxonomy":"region","embeddable":true,"href":"https:\/\/tv.a11.cz\/api\/wp\/v2\/region?post=10494"},{"taxonomy":"kategorie","embeddable":true,"href":"https:\/\/tv.a11.cz\/api\/wp\/v2\/kategorie?post=10494"}],"curies":[{"name":"wp","href":"https:\/\/api.w.org\/{rel}","templated":true}]}}

Nejtvrdší hasiči běhali do 18. patra

<p>Tenhle závod není pro slabé. Zvládnou ho jen ti, co mají sílu, vůli a vytrvalost a jsou na to trénovaní. V Olomouci se konalo jubilejní desáté mistrovství republiky profesionálních hasičů.</p>

Tenhle závod není pro slabé, zvládnou ho jen ti, co mají sílu, vůli a vytrvalost a jsou na to trénovaní. V Olomouci se konalo jubilejní desáté mistrovství republiky profesionálních hasičů v disciplínách TFA, které věrně simulují práci při zásahu. Na sedmdesátku startujících čekali čtyřikrušné úseky, které dokonale prověřily jejich fyzické schopnosti a dovednosti, včetně závěrečné lahútky, královské disciplíny, výběhu s 20-kilogramovou výstrojí do osmnáctého patra regionálního centra. 315 shodů zvládli ti nejrychlejší pod dvě minuty. V prestižní kategorii do 34 let se stal mistrem republiky Pavel Kouřík z plzeňského krajského sboru. Kategorii do 44 let ovládl zde něk král Spardubic. Mezi veterány opět kraloval olomoucký borec Michal Přecechtěl.
