{"id":10485,"date":"2023-09-18T16:04:35","date_gmt":"2023-09-18T14:04:35","guid":{"rendered":"https:\/\/tv.a11.cz\/?post_type=video&#038;p=10485"},"modified":"2023-09-18T19:23:56","modified_gmt":"2023-09-18T17:23:56","slug":"druhy-rocnik-akce-mesto-lidem-se-venoval-tematum-zavislosti","status":"publish","type":"video","link":"https:\/\/tv.a11.cz\/video\/druhy-rocnik-akce-mesto-lidem-se-venoval-tematum-zavislosti\/","title":{"rendered":"Druh\u00fd ro\u010dn\u00edk akce M\u011bsto lidem se v\u011bnoval t\u00e9mat\u016fm z\u00e1vislosti"},"content":{"rendered":"","protected":false},"excerpt":{"rendered":"<p>Pomoc lidem v nouzi je mnohdy nep\u0159\u00edli\u0161 dob\u0159e ohodnocen\u00e1. O to v\u00edc je pot\u0159eba lidem, kte\u0159\u00ed se j\u00ed v\u011bnuj\u00ed, za jejich \u010dinnost ve\u0159ejn\u011b pod\u011bkovat.<\/p>\n","protected":false},"author":8,"featured_media":10521,"template":"","categories":[17,157],"porad":[],"region":[87,64],"kategorie":[],"class_list":["post-10485","video","type-video","status-publish","has-post-thumbnail","hentry","category-domaci","category-zpravy","region-hradistsko","region-zlinsky-kraj"],"acf":[],"meta_box":{"nbla_idec":"N2307471","nbla_title":"Druh\u00fd ro\u010dn\u00edk akce M\u011bsto lidem se v\u011bnoval t\u00e9mat\u016fm z\u00e1vislosti","nbla_subtitle":"","nbla_summary":"","nbla_description":"","nbla_transcription":"Pomoc lidem v Nouzi je mnohody nep\u0159\u00edli\u0161 dob\u0159e ohodnocen\u00e1. O to v\u00edc je pot\u0159eba lidem, kte\u0159\u00ed se j\u00ed v\u011bnuj\u00ed, za jejich \u010dinnost ve\u0159ejn\u011b pod\u011bkovat. Pr\u00e1v\u011b oslava soci\u00e1ln\u00ed pr\u00e1ce a p\u0159edev\u0161\u00edm pracovn\u00edk\u016f je smyslem akce m\u011bstolidem. Jeji\u017e druh\u00fd ro\u010dn\u00edk se uskute\u010dnil v uhersk\u00e9m Brod\u011b. Abychom se jeden den v roce tady se\u0161li a jednak ocenili to v\u0161echno, co pro lidi b\u011bhem cel\u00e9ho roku d\u011bl\u00e1me, tak\u017ee je to takov\u00fd d\u00e1rek m\u011bsta pro lidi, kte\u0159\u00ed se vlastn\u011b staraj\u00ed o ty druh\u00e9. My m\u00e1me velk\u00e9 \u0161t\u011bst\u00ed, \u017ee pr\u00e1v\u011b na uherskou Brodsku p\u016fsob\u00ed velk\u00e9 mno\u017estv\u00ed organizac\u00ed nebo velk\u00e9 mno\u017estv\u00ed poskytovatel\u016f soci\u00e1ln\u00edch slu\u017eeb a rovn\u011b\u017e tak\u00e9 slu\u017eeb, kter\u00e9 vlastn\u011b navazuj\u00ed na soci\u00e1ln\u00ed slu\u017eby a v podstat\u011b m\u016f\u017eu \u0159\u00edct, \u017ee ich tolik, \u017ee nem\u00e1m ani p\u0159esn\u011b spo\u010d\u00edtan\u00e9. Akce m\u011bstolidem se letos konala na dvou m\u00edstech sou\u010dasn\u011b. Zat\u00edmco v \u0161irok\u00e9 ve\u0159ejnosti byly otev\u0159eny br\u00e1ny Domu kultury, kde si n\u00e1v\u0161t\u011bvn\u00edci mohli prohl\u00e9dnout tak\u00e9 v\u00fdstavu p\u0159edstavuj\u00edc\u00ed \u010dinnost jednotliv\u00fdch poskytovatel\u016f soci\u00e1ln\u00edch slu\u017eeb, \u017e\u00e1ci z\u00e1kladn\u00edch a st\u0159edn\u00edch \u0161kol zav\u00edtali do prostoru n\u00edzkoprahov\u00e9ho za\u0159\u00edzen\u00ed pro d\u011bti a ml\u00e1de\u017e \u0160rumec. Ten prvn\u00ed ro\u010dn\u00edk vlastn\u011b vznikl z n\u00e1vaznosti na krize, kter\u00fdmi jsme vlastn\u011b v\u0161ichni proch\u00e1zeli a to byl covid a posledn\u011b ukrajinsk\u00e1 v\u00e1lka, kter\u00e9 soci\u00e1ln\u00ed pracovn\u00edci byly v\u00edc ne\u017e mo\u017en\u00e1 jin\u00e9 profese velmi vyt\u00ed\u017een\u00e9 a pr\u00e1v\u011b prvn\u00ed ro\u010dn\u00edk vznikl jako pod\u011bkov\u00e1n\u00ed t\u011bm soci\u00e1ln\u00edm pracovn\u00edk\u016fm. A leto\u0161n\u00ed ro\u010dn\u00edk jsme pojeli trochu jinak, pojeli jsme ho pro st\u0159ednictv\u00ed konference na t\u00e9ma, kter\u00e1 velmi rezonuje ve spole\u010dnosti a to jsou z\u00e1vislosti ve v\u0161ech podob\u00e1ch. N\u00e1v\u0161t\u011bvn\u00edci Domu kultury a n\u00edzkoprahov\u00e9ho za\u0159\u00edzen\u00ed \u0160rumec se tak d\u00edky akci m\u011bsto lidem mohli dozv\u011bd\u011bt \u0159adu zaj\u00edmavost\u00ed. T\u00e9mata p\u0159edn\u00e1\u0161ej\u00edc\u00edch byla opravdu velmi pestr\u00e1 a dot\u00fdkala se z\u00e1vislost\u00ed na drog\u00e1ch, alkoholu nebo l\u00e9c\u00edch. Mluvilo se tak\u00e9 ale nap\u0159\u00edklad o z\u00e1vislostech v r\u00e1mci vztah\u016f.","nbla_serie":"","nbla_season":"","nbla_episode":"","nbla_duration":"111","nbla_genre":"","nbla_editorial_format":"","nbla_mtime":"1695045532","nbla_url":"https:\/\/origin.a11.cz\/vod\/0oqimaz8vvfgpppci9ka312wf.mp4","nbla_version":"1695045532","nbla_odvysilano":"Ano","bunny_id":"160a2d82-b48a-48f9-a61b-c6d2e07ec9e5","youtube_id":"","datum_vydani":"20230918","stopaz":"111","dokument":[],"video_to":["10522"]},"_links":{"self":[{"href":"https:\/\/tv.a11.cz\/api\/wp\/v2\/video\/10485","targetHints":{"allow":["GET"]}}],"collection":[{"href":"https:\/\/tv.a11.cz\/api\/wp\/v2\/video"}],"about":[{"href":"https:\/\/tv.a11.cz\/api\/wp\/v2\/types\/video"}],"author":[{"embeddable":true,"href":"https:\/\/tv.a11.cz\/api\/wp\/v2\/users\/8"}],"wp:featuredmedia":[{"embeddable":true,"href":"https:\/\/tv.a11.cz\/api\/wp\/v2\/media\/10521"}],"wp:attachment":[{"href":"https:\/\/tv.a11.cz\/api\/wp\/v2\/media?parent=10485"}],"wp:term":[{"taxonomy":"category","embeddable":true,"href":"https:\/\/tv.a11.cz\/api\/wp\/v2\/categories?post=10485"},{"taxonomy":"porad","embeddable":true,"href":"https:\/\/tv.a11.cz\/api\/wp\/v2\/porad?post=10485"},{"taxonomy":"region","embeddable":true,"href":"https:\/\/tv.a11.cz\/api\/wp\/v2\/region?post=10485"},{"taxonomy":"kategorie","embeddable":true,"href":"https:\/\/tv.a11.cz\/api\/wp\/v2\/kategorie?post=10485"}],"curies":[{"name":"wp","href":"https:\/\/api.w.org\/{rel}","templated":true}]}}

Druhý ročník akce Město lidem se věnoval tématům závislosti

<p>Pomoc lidem v nouzi je mnohdy nepříliš dobře ohodnocená. O to víc je potřeba lidem, kteří se jí věnují, za jejich činnost veřejně poděkovat.</p>

Pomoc lidem v Nouzi je mnohody nepříliš dobře ohodnocená. O to víc je potřeba lidem, kteří se jí věnují, za jejich činnost veřejně poděkovat. Právě oslava sociální práce a především pracovníků je smyslem akce městolidem. Jejiž druhý ročník se uskutečnil v uherském Brodě. Abychom se jeden den v roce tady sešli a jednak ocenili to všechno, co pro lidi během celého roku děláme, takže je to takový dárek města pro lidi, kteří se vlastně starají o ty druhé. My máme velké štěstí, že právě na uherskou Brodsku působí velké množství organizací nebo velké množství poskytovatelů sociálních služeb a rovněž také služeb, které vlastně navazují na sociální služby a v podstatě můžu říct, že ich tolik, že nemám ani přesně spočítané. Akce městolidem se letos konala na dvou místech současně. Zatímco v široké veřejnosti byly otevřeny brány Domu kultury, kde si návštěvníci mohli prohlédnout také výstavu představující činnost jednotlivých poskytovatelů sociálních služeb, žáci základních a středních škol zavítali do prostoru nízkoprahového zařízení pro děti a mládež Šrumec. Ten první ročník vlastně vznikl z návaznosti na krize, kterými jsme vlastně všichni procházeli a to byl covid a posledně ukrajinská válka, které sociální pracovníci byly víc než možná jiné profese velmi vytížené a právě první ročník vznikl jako poděkování těm sociálním pracovníkům. A letošní ročník jsme pojeli trochu jinak, pojeli jsme ho pro střednictví konference na téma, která velmi rezonuje ve společnosti a to jsou závislosti ve všech podobách. Návštěvníci Domu kultury a nízkoprahového zařízení Šrumec se tak díky akci město lidem mohli dozvědět řadu zajímavostí. Témata přednášejících byla opravdu velmi pestrá a dotýkala se závislostí na drogách, alkoholu nebo lécích. Mluvilo se také ale například o závislostech v rámci vztahů.
