{"id":10420,"date":"2023-09-15T16:56:04","date_gmt":"2023-09-15T14:56:04","guid":{"rendered":"https:\/\/tv.a11.cz\/?post_type=video&#038;p=10420"},"modified":"2023-09-17T19:07:02","modified_gmt":"2023-09-17T17:07:02","slug":"rana-pece-vyhlasuje-humanitarni-sbirku-domov-je-doma","status":"publish","type":"video","link":"https:\/\/tv.a11.cz\/video\/rana-pece-vyhlasuje-humanitarni-sbirku-domov-je-doma\/","title":{"rendered":"Ran\u00e1 p\u00e9\u010de vyhla\u0161uje humanit\u00e1rn\u00ed sb\u00edrku Domov je doma"},"content":{"rendered":"","protected":false},"excerpt":{"rendered":"<p>Domov je doma. Pro d\u011bti s posti\u017een\u00edm a z rodin na hranici chudoby je to n\u011bkdy jen sotva splniteln\u00fd sen. Proto pro m\u00e1my a t\u00e1ty samo\u017eivitele vyhl\u00e1sila spole\u010dnost Ran\u00e1 P\u00e9\u010de humanit\u00e1rn\u00ed sb\u00edrku. <\/p>\n","protected":false},"author":8,"featured_media":10455,"template":"","categories":[17,157],"porad":[],"region":[106,59],"kategorie":[],"class_list":["post-10420","video","type-video","status-publish","has-post-thumbnail","hentry","category-domaci","category-zpravy","region-olomoucko","region-olomoucky-kraj"],"acf":[],"meta_box":{"nbla_idec":"N2306336","nbla_title":"Ran\u00e1 p\u00e9\u010de vyhla\u0161uje humanit\u00e1rn\u00ed sb\u00edrku Domov je doma","nbla_subtitle":"","nbla_summary":"","nbla_description":"","nbla_transcription":"Domov je doma. Pro d\u011bti s posti\u017een\u00edm a s rodin na hranici chudoby, ale je to n\u011bkdy jen sotva splniteln\u00fd sen. Proto pro m\u00e1my a t\u00e1ty samo\u017eivitele vyhl\u00e1sila spole\u010dnost Ran\u00e1 P\u00e9\u010de stejnou jmenou humanit\u00e1rn\u00ed sb\u00edrku. Proto\u017ee se s \u010d\u00edm d\u00e1l v\u00edce rodin ocit\u00e1 ve v\u00edce\u010detn\u00fdch kriz\u00edch, kter\u00e9 jsou spojen\u00e9 s nedostupnost\u00ed bydlen\u00ed, s t\u00edm, \u017ee nemaj\u00ed prost\u0159edky na z\u00e1kladn\u00ed potraviny, na pomocky pro d\u011bt\u00ed do \u0161koly a my jsme jim cht\u011bli n\u011bjak\u00fdm zp\u016fsobem pomoct, proto\u017ee st\u00e1t nen\u00ed schopn\u00fd na to reagovat t\u0159eba v \u010das nebo tak, jak by bylo pot\u0159eba. Aby ty d\u011bti mohly vyr\u016fstat v rodin\u011b, aby m\u011bly kr\u00e1sn\u00e9 d\u011btstv\u00ed a aby ty rodi\u010de v ten okam\u017eik byli kompetentn\u00ed v tom se o ty d\u011bti dob\u0159e postarat. Sb\u00edrka je ur\u010den\u00e1 pro 50 nejv\u00edce pot\u0159ebn\u00fdch rodin a potrv\u00e1 do 8. \u0159\u00edjna. Finance budou vyu\u017eity na potravinovou a materi\u00e1ln\u00ed pomoc, n\u00e1jemn\u00e9 a dal\u0161\u00ed n\u00e1klady spojen\u00e9 s bydlen\u00edm, ob\u011bdy do \u0161kol, dou\u010dov\u00e1n\u00ed, \u0161koln\u00ed pom\u016fcky, doplatky za l\u00e9ky a zdravotnick\u00e9 slu\u017eby. R\u00e1di bychom, aby jsme vybrali \u010d\u00e1stku 250 tis\u00edc korun, co\u017e vych\u00e1z\u00ed 5 tis\u00edc korun na rodinu. Pokud by se na\u0161el n\u011bkdo, kter\u00fd by cht\u011bl jenom konkr\u00e9tn\u00ed rodin\u011b p\u0159isp\u011bt a vlastn\u011b sledovat jej\u00ed p\u0159\u00edb\u011bh i po dal\u0161\u00ed dobu, tak ur\u010dit\u011b n\u00e1s m\u016f\u017ee kontaktovat. Jedn\u00edm z adres\u00e1t\u016f sb\u00edrky je pan Mirek. Jako samo\u017eivitel se star\u00e1 o t\u0159i mal\u00e9 d\u011bti. A sou\u010dasn\u00ed chod\u00ed vlastn\u011b do zam\u011bstn\u00e1n\u00ed, tak\u017ee mus\u00ed kolobit p\u00e9\u010di o p\u0159ed\u0161koln\u00ed mal\u00e9 d\u011bti s tou svou prac\u00ed a vlastn\u011b ten p\u0159\u00edjem mu takhle vych\u00e1z\u00ed. Jsou dva nabydlen\u00ed a naj\u00eddlo a pot\u0159ebuje pomoci t\u0159eba s dal\u0161\u00edmi v\u011bcmi, jako jsou l\u00e9ky nebo dioptrick\u00e9 bril\u00e9 pro d\u011bti a dal\u0161\u00ed pot\u0159eby. Spole\u010dnost Ran\u00e1 p\u00e9\u010de, kter\u00e1 pom\u00e1h\u00e1 stovk\u00e1m rodin s posti\u017een\u00fdmi d\u011btmi, vyhla\u0161uje humanit\u00e1rn\u00ed sb\u00edrky pravideln\u011b. Ta posledn\u00ed, hodn\u011b ledov\u00e1 letos v zim\u011b vynesla 650 tis\u00edc korun. Nebu\u010f srap a namo\u010d se pro Ranou p\u00e9\u010di Olomouc. Sb\u00edrku hodnot\u00edme jako takovou pr\u016fm\u011brnou, r\u00e1di bychom, aby ty \u010d\u00e1stky byly vy\u0161\u0161\u00ed, tak\u017ee o to se budeme sna\u017eit. Douf\u00e1m, \u017ee i prost\u0159ednictv\u00edm v\u0161ech potenci\u00e1ln\u00edch d\u00e1rc\u016f a t\u011bm, co n\u00e1m p\u0159isp\u011bj\u00ed. V\u0161echny pot\u0159ebn\u00e9 informace najdou p\u0159\u00edpadn\u00ed d\u00e1rci na www.domovjedoma.cz, v\u010detn\u011b k QR k\u00f3du pro okam\u017eitou pomoc rodi\u010d\u016fm ohro\u017een\u00fdch d\u011bt\u00ed.","nbla_serie":"","nbla_season":"","nbla_episode":"","nbla_duration":"130.24","nbla_genre":"","nbla_editorial_format":"","nbla_mtime":"1694789225","nbla_url":"https:\/\/origin.a11.cz\/vod\/6gdkqswa2nh9qrulktz8v34ew.mp4","nbla_version":"1694789225","nbla_odvysilano":"Ano","bunny_id":"efe256a4-94c5-4c86-84e9-57258a79c531","youtube_id":"","datum_vydani":"20230915","stopaz":"130.24","dokument":[],"video_to":["10456"]},"_links":{"self":[{"href":"https:\/\/tv.a11.cz\/api\/wp\/v2\/video\/10420","targetHints":{"allow":["GET"]}}],"collection":[{"href":"https:\/\/tv.a11.cz\/api\/wp\/v2\/video"}],"about":[{"href":"https:\/\/tv.a11.cz\/api\/wp\/v2\/types\/video"}],"author":[{"embeddable":true,"href":"https:\/\/tv.a11.cz\/api\/wp\/v2\/users\/8"}],"wp:featuredmedia":[{"embeddable":true,"href":"https:\/\/tv.a11.cz\/api\/wp\/v2\/media\/10455"}],"wp:attachment":[{"href":"https:\/\/tv.a11.cz\/api\/wp\/v2\/media?parent=10420"}],"wp:term":[{"taxonomy":"category","embeddable":true,"href":"https:\/\/tv.a11.cz\/api\/wp\/v2\/categories?post=10420"},{"taxonomy":"porad","embeddable":true,"href":"https:\/\/tv.a11.cz\/api\/wp\/v2\/porad?post=10420"},{"taxonomy":"region","embeddable":true,"href":"https:\/\/tv.a11.cz\/api\/wp\/v2\/region?post=10420"},{"taxonomy":"kategorie","embeddable":true,"href":"https:\/\/tv.a11.cz\/api\/wp\/v2\/kategorie?post=10420"}],"curies":[{"name":"wp","href":"https:\/\/api.w.org\/{rel}","templated":true}]}}

Raná péče vyhlašuje humanitární sbírku Domov je doma

<p>Domov je doma. Pro děti s postižením a z rodin na hranici chudoby je to někdy jen sotva splnitelný sen. Proto pro mámy a táty samoživitele vyhlásila společnost Raná Péče humanitární sbírku. </p>

Domov je doma. Pro děti s postižením a s rodin na hranici chudoby, ale je to někdy jen sotva splnitelný sen. Proto pro mámy a táty samoživitele vyhlásila společnost Raná Péče stejnou jmenou humanitární sbírku. Protože se s čím dál více rodin ocitá ve vícečetných krizích, které jsou spojené s nedostupností bydlení, s tím, že nemají prostředky na základní potraviny, na pomocky pro dětí do školy a my jsme jim chtěli nějakým způsobem pomoct, protože stát není schopný na to reagovat třeba v čas nebo tak, jak by bylo potřeba. Aby ty děti mohly vyrůstat v rodině, aby měly krásné dětství a aby ty rodiče v ten okamžik byli kompetentní v tom se o ty děti dobře postarat. Sbírka je určená pro 50 nejvíce potřebných rodin a potrvá do 8. října. Finance budou využity na potravinovou a materiální pomoc, nájemné a další náklady spojené s bydlením, obědy do škol, doučování, školní pomůcky, doplatky za léky a zdravotnické služby. Rádi bychom, aby jsme vybrali částku 250 tisíc korun, což vychází 5 tisíc korun na rodinu. Pokud by se našel někdo, který by chtěl jenom konkrétní rodině přispět a vlastně sledovat její příběh i po další dobu, tak určitě nás může kontaktovat. Jedním z adresátů sbírky je pan Mirek. Jako samoživitel se stará o tři malé děti. A současní chodí vlastně do zaměstnání, takže musí kolobit péči o předškolní malé děti s tou svou prací a vlastně ten příjem mu takhle vychází. Jsou dva nabydlení a najídlo a potřebuje pomoci třeba s dalšími věcmi, jako jsou léky nebo dioptrické brilé pro děti a další potřeby. Společnost Raná péče, která pomáhá stovkám rodin s postiženými dětmi, vyhlašuje humanitární sbírky pravidelně. Ta poslední, hodně ledová letos v zimě vynesla 650 tisíc korun. Nebuď srap a namoč se pro Ranou péči Olomouc. Sbírku hodnotíme jako takovou průměrnou, rádi bychom, aby ty částky byly vyšší, takže o to se budeme snažit. Doufám, že i prostřednictvím všech potenciálních dárců a těm, co nám přispějí. Všechny potřebné informace najdou případní dárci na www.domovjedoma.cz, včetně k QR kódu pro okamžitou pomoc rodičům ohrožených dětí.
