{"id":10418,"date":"2023-09-15T16:51:40","date_gmt":"2023-09-15T14:51:40","guid":{"rendered":"https:\/\/tv.a11.cz\/?post_type=video&#038;p=10418"},"modified":"2023-09-17T19:10:39","modified_gmt":"2023-09-17T17:10:39","slug":"babicka-roku-umi-hvezdu","status":"publish","type":"video","link":"https:\/\/tv.a11.cz\/video\/babicka-roku-umi-hvezdu\/","title":{"rendered":"Babi\u010dka roku um\u00ed hv\u011bzdu"},"content":{"rendered":"","protected":false},"excerpt":{"rendered":"<p>Ve zcela zapln\u011bn\u00e9m pavilonu A sout\u011b\u017eili odv\u00e1\u017en\u00e9 seniorky o titul Babi\u010dka roku Olomouck\u00e9ho kraje. Ka\u017ed\u00e1 finalistka nejprve absolvovala rozhovor s moder\u00e1torem, n\u00e1sledovala voln\u00e1 discipl\u00edna, v n\u00ed\u017e mohly \u017eeny p\u0159edv\u00e9st sv\u00e9 schopnosti, dovednosti i smysl pro humor. <\/p>\n","protected":false},"author":8,"featured_media":10459,"template":"","categories":[17,157],"porad":[],"region":[106,59],"kategorie":[],"class_list":["post-10418","video","type-video","status-publish","has-post-thumbnail","hentry","category-domaci","category-zpravy","region-olomoucko","region-olomoucky-kraj"],"acf":[],"meta_box":{"nbla_idec":"N2306334","nbla_title":"Babi\u010dka roku um\u00ed hv\u011bzdu","nbla_subtitle":"","nbla_summary":"","nbla_description":"","nbla_transcription":"Ve zcela zapln\u011bn\u00e9m pavilonu A sout\u011b\u017eili odv\u00e1\u017en\u00e9 seniorky o titul Babi\u010dka roku Olomouck\u00e9ho kraje. Ka\u017ed\u00e1 finalistka nejprve absolvovala rozhovor s moder\u00e1torem, n\u00e1sledovala voln\u00e1 discipl\u00edna, v n\u00ed\u017e mohly \u017eeny p\u0159edv\u00e9st sv\u00e9 schopnosti, dovednosti i smysl pro humor. Nechyb\u011bla m\u00f3dn\u00ed p\u0159ehl\u00eddka spole\u010densk\u00e9ho oble\u010den\u00ed podle vlastn\u00edho v\u00fdb\u011bru. Porot\u011b v\u010dele s Hejtmanem se nejv\u00edce l\u00edbila Jana \u0160p\u00ed\u010dkov\u00e1 ze Slatinn\u00edc L\u00edpy. P\u0159i voln\u00e9 discipl\u00edn\u011b p\u0159edvedla Spartaki\u00e1dn\u00ed cvi\u010den\u00ed zakon\u010den\u00e9 Vzorovou hv\u011bzdou. V\u00edt\u011bzka postupuje do celost\u00e1tn\u00edho fin\u00e1le, kter\u00e9 se uskute\u010dn\u00ed v \u0159\u00edjnu rovn\u011b\u017e v Olomouci. Sout\u011b\u017e vznikla p\u0159ed osmi lety pr\u00e1v\u011b v Olomouck\u00e9m kraji. Po jeho vzoru ji postupn\u011b za\u010daly po\u0159\u00e1dat i dal\u0161\u00ed regiony.","nbla_serie":"","nbla_season":"","nbla_episode":"","nbla_duration":"42.68","nbla_genre":"","nbla_editorial_format":"","nbla_mtime":"1694789009","nbla_url":"https:\/\/origin.a11.cz\/vod\/7hez5ojr961i0bmxfapksd57g.mp4","nbla_version":"1694789009","nbla_odvysilano":"Ano","bunny_id":"6f7c9032-8f3f-4936-a260-16bd9137ecf4","youtube_id":"","datum_vydani":"20230915","stopaz":"42.68","dokument":[],"video_to":["10460"]},"_links":{"self":[{"href":"https:\/\/tv.a11.cz\/api\/wp\/v2\/video\/10418","targetHints":{"allow":["GET"]}}],"collection":[{"href":"https:\/\/tv.a11.cz\/api\/wp\/v2\/video"}],"about":[{"href":"https:\/\/tv.a11.cz\/api\/wp\/v2\/types\/video"}],"author":[{"embeddable":true,"href":"https:\/\/tv.a11.cz\/api\/wp\/v2\/users\/8"}],"wp:featuredmedia":[{"embeddable":true,"href":"https:\/\/tv.a11.cz\/api\/wp\/v2\/media\/10459"}],"wp:attachment":[{"href":"https:\/\/tv.a11.cz\/api\/wp\/v2\/media?parent=10418"}],"wp:term":[{"taxonomy":"category","embeddable":true,"href":"https:\/\/tv.a11.cz\/api\/wp\/v2\/categories?post=10418"},{"taxonomy":"porad","embeddable":true,"href":"https:\/\/tv.a11.cz\/api\/wp\/v2\/porad?post=10418"},{"taxonomy":"region","embeddable":true,"href":"https:\/\/tv.a11.cz\/api\/wp\/v2\/region?post=10418"},{"taxonomy":"kategorie","embeddable":true,"href":"https:\/\/tv.a11.cz\/api\/wp\/v2\/kategorie?post=10418"}],"curies":[{"name":"wp","href":"https:\/\/api.w.org\/{rel}","templated":true}]}}

Babička roku umí hvězdu

<p>Ve zcela zaplněném pavilonu A soutěžili odvážné seniorky o titul Babička roku Olomouckého kraje. Každá finalistka nejprve absolvovala rozhovor s moderátorem, následovala volná disciplína, v níž mohly ženy předvést své schopnosti, dovednosti i smysl pro humor. </p>

Ve zcela zaplněném pavilonu A soutěžili odvážné seniorky o titul Babička roku Olomouckého kraje. Každá finalistka nejprve absolvovala rozhovor s moderátorem, následovala volná disciplína, v níž mohly ženy předvést své schopnosti, dovednosti i smysl pro humor. Nechyběla módní přehlídka společenského oblečení podle vlastního výběru. Porotě včele s Hejtmanem se nejvíce líbila Jana Špíčková ze Slatinníc Lípy. Při volné disciplíně předvedla Spartakiádní cvičení zakončené Vzorovou hvězdou. Vítězka postupuje do celostátního finále, které se uskuteční v říjnu rovněž v Olomouci. Soutěž vznikla před osmi lety právě v Olomouckém kraji. Po jeho vzoru ji postupně začaly pořádat i další regiony.
