{"id":10389,"date":"2023-09-15T14:35:50","date_gmt":"2023-09-15T12:35:50","guid":{"rendered":"https:\/\/tv.a11.cz\/?post_type=video&#038;p=10389"},"modified":"2023-09-17T19:21:18","modified_gmt":"2023-09-17T17:21:18","slug":"gymnazium-josefa-jungmanna-se-presunulo-do-prostor-jezuitske-koleje","status":"publish","type":"video","link":"https:\/\/tv.a11.cz\/video\/gymnazium-josefa-jungmanna-se-presunulo-do-prostor-jezuitske-koleje\/","title":{"rendered":"Gymn\u00e1zium Josefa Jungmanna se p\u0159esunulo do prostor jezuitsk\u00e9 koleje"},"content":{"rendered":"","protected":false},"excerpt":{"rendered":"<p>Studenti, pedagogov\u00e9 a dal\u0161\u00ed zam\u011bstnanci Gymn\u00e1zia Josefa Jungmanna v Litom\u011b\u0159ic\u00edch str\u00e1v\u00ed n\u00e1sleduj\u00edc\u00ed \u0161koln\u00ed rok v prostor\u00e1ch b\u00fdval\u00e9 jezuick\u00e9 koleje. P\u016fvodn\u00ed budovu gymn\u00e1zia \u010dek\u00e1 n\u00e1kladn\u00e1 rekonstrukce.<\/p>\n","protected":false},"author":8,"featured_media":10465,"template":"","categories":[17,25,157],"porad":[],"region":[93,63],"kategorie":[],"class_list":["post-10389","video","type-video","status-publish","has-post-thumbnail","hentry","category-domaci","category-vzdelavani","category-zpravy","region-litomericko","region-ustecky-kraj"],"acf":[],"meta_box":{"nbla_idec":"N2303269","nbla_title":"Gymn\u00e1zium Josefa Jungmanna se p\u0159esunulo do prostor jezuitsk\u00e9 koleje","nbla_subtitle":"","nbla_summary":"","nbla_description":"","nbla_transcription":"Studenti, pedagogov\u00e9 a dal\u0161\u00ed zam\u011bstnanci Gymn\u00e1zia Josefa Jungmana v Litom\u011b\u0159ic\u00edch str\u00e1v\u00ed n\u00e1sleduj\u00edc\u00ed \u0161koln\u00ed rok v prostor\u00e1ch b\u00fdval\u00e9 jezuick\u00e9 koleje. V p\u016fvodn\u00edm budovu gymn\u00e1zia ve svojs\u00edkov\u011b ulici toti\u017e \u010dek\u00e1 n\u00e1kladn\u00e1 rekonstrukce a gymn\u00e1zium se tedy muselo p\u0159esunout do n\u00e1hradn\u00edch prostor. B\u00fdval\u00e1 jezuick\u00e1 kole je ov\u0161em zcela p\u0159izp\u016fsoben\u00e1 sv\u00e9mu nov\u00e9mu \u00fa\u010delu. V budov\u011b se technicky p\u0159id\u00e1valy plynov\u00e9 kotle, aby to vyhovalo po\u010dtu student\u016f a velikosti t\u00e9 budovy, pak se d\u011blali \u00fapravy, kter\u00e9 se t\u00fdkaly lin, elektrick\u00e9ho osv\u011btlen\u00ed a vymalov\u00e1n\u00ed. Sna\u017eili jsme se, aby sem byly p\u0159esunuty v\u0161echny u\u010debny, v\u0161echny kabinety, co se poda\u0159ilo. M\u00e1me tady dokonce i chemickou laborato\u0159, tak\u017ee biologickou, fyzik\u00e1ln\u00ed m\u016f\u017eete se j\u00edt pod\u00edvat. A mysl\u00edm si, \u017ee jedin\u00e9 omezen\u00ed mo\u017en\u00e1 jsou v tom, \u017ee t\u011blocvi\u010dna tady samoz\u0159ejm\u011b nen\u00ed, tak\u017ee studenti v letn\u00edm po\u010das\u00ed a za dobr\u00fdch podm\u00ednek budou chodit na St\u0159eleck\u00fd ostrov ven a potom v zimn\u00edm obdob\u00ed do na\u0161\u00ed t\u011blocvi\u010dny a haly u gymn\u00e1zia. V\u0159izovatel gymn\u00e1zia Josefa Jungmana, tedy \u00dasteck\u00fd kraj, bude za n\u00e1hradn\u00ed prostory soukrom\u00e9mu majiteli platit komer\u010dn\u00ed n\u00e1jem. A\u017e na drobn\u00e9 opravy a \u00fapravy byl objekt v dobr\u00e9m stavu a \u0161kole vyhovuje i kapacitn\u011b. Aktu\u00e1ln\u011b m\u00e1 gymn\u00e1zium Josefa Jungmana zhruba 500 student\u016f. J\u00e1 jsem \u00fapln\u011b nad\u0161en\u00e1, j\u00e1 si to stra\u0161n\u011b v\u00e1\u017e\u00edm, \u017ee jsme mohli vyu\u017e\u00edvat tyto n\u00e1dhern\u00e9 historick\u00e9 prostory, proto\u017ee skute\u010dn\u011b jsou zp\u011bt\u00e9 i co se t\u00fdk\u00e1 na\u0161eho Josefa Jungmana, kter\u00fd slav\u00ed v leto\u0161n\u00edm roce 250 let od narozen\u00ed, v jezuick\u00e9 ulici bydlel a snad i \u010d\u00e1ste\u010dn\u011b tady v jezuick\u00e9 koleji kdysi d\u00e1vno p\u016fsobil. Tak\u017ee pro n\u00e1s je to \u00fa\u017easn\u00e1 v\u011bc, jsme za to velmi r\u00e1di a vn\u00edm\u00e1me pr\u00e1v\u011b to genius loci a n\u011bjak\u00e9 ty historick\u00e9 z\u00e1le\u017eitosti, \u017ee prost\u011b jsme nad\u0161en\u00ed. Rekonstrukce p\u016fvodn\u00ed budovy gymn\u00e1zie Josefa Jungmana je v tuto chv\u00edli pl\u00e1nov\u00e1na na 15 m\u011bs\u00edc\u016f a zahrnuje mimo jin\u00e9 i v\u00fdm\u011bnu st\u0159echy a rekonstrukci elektroinstallace za celkem 47 milion\u016f korun bez DPH.","nbla_serie":"","nbla_season":"","nbla_episode":"","nbla_duration":"142.04","nbla_genre":"","nbla_editorial_format":"","nbla_mtime":"1694780610","nbla_url":"https:\/\/origin.a11.cz\/vod\/5ntbme5itmr5uf7dosm6j7djx.mp4","nbla_version":"1694780598","nbla_odvysilano":"Ano","bunny_id":"5fa19120-523c-4468-a1fc-f6421a7ca1d4","youtube_id":"","datum_vydani":"20230915","stopaz":"142.04","dokument":[],"video_to":["10466"]},"_links":{"self":[{"href":"https:\/\/tv.a11.cz\/api\/wp\/v2\/video\/10389","targetHints":{"allow":["GET"]}}],"collection":[{"href":"https:\/\/tv.a11.cz\/api\/wp\/v2\/video"}],"about":[{"href":"https:\/\/tv.a11.cz\/api\/wp\/v2\/types\/video"}],"author":[{"embeddable":true,"href":"https:\/\/tv.a11.cz\/api\/wp\/v2\/users\/8"}],"wp:featuredmedia":[{"embeddable":true,"href":"https:\/\/tv.a11.cz\/api\/wp\/v2\/media\/10465"}],"wp:attachment":[{"href":"https:\/\/tv.a11.cz\/api\/wp\/v2\/media?parent=10389"}],"wp:term":[{"taxonomy":"category","embeddable":true,"href":"https:\/\/tv.a11.cz\/api\/wp\/v2\/categories?post=10389"},{"taxonomy":"porad","embeddable":true,"href":"https:\/\/tv.a11.cz\/api\/wp\/v2\/porad?post=10389"},{"taxonomy":"region","embeddable":true,"href":"https:\/\/tv.a11.cz\/api\/wp\/v2\/region?post=10389"},{"taxonomy":"kategorie","embeddable":true,"href":"https:\/\/tv.a11.cz\/api\/wp\/v2\/kategorie?post=10389"}],"curies":[{"name":"wp","href":"https:\/\/api.w.org\/{rel}","templated":true}]}}

Gymnázium Josefa Jungmanna se přesunulo do prostor jezuitské koleje

<p>Studenti, pedagogové a další zaměstnanci Gymnázia Josefa Jungmanna v Litoměřicích stráví následující školní rok v prostorách bývalé jezuické koleje. Původní budovu gymnázia čeká nákladná rekonstrukce.</p>

Studenti, pedagogové a další zaměstnanci Gymnázia Josefa Jungmana v Litoměřicích stráví následující školní rok v prostorách bývalé jezuické koleje. V původním budovu gymnázia ve svojsíkově ulici totiž čeká nákladná rekonstrukce a gymnázium se tedy muselo přesunout do náhradních prostor. Bývalá jezuická kole je ovšem zcela přizpůsobená svému novému účelu. V budově se technicky přidávaly plynové kotle, aby to vyhovalo počtu studentů a velikosti té budovy, pak se dělali úpravy, které se týkaly lin, elektrického osvětlení a vymalování. Snažili jsme se, aby sem byly přesunuty všechny učebny, všechny kabinety, co se podařilo. Máme tady dokonce i chemickou laboratoř, takže biologickou, fyzikální můžete se jít podívat. A myslím si, že jediné omezení možná jsou v tom, že tělocvična tady samozřejmě není, takže studenti v letním počasí a za dobrých podmínek budou chodit na Střelecký ostrov ven a potom v zimním období do naší tělocvičny a haly u gymnázia. Vřizovatel gymnázia Josefa Jungmana, tedy Ústecký kraj, bude za náhradní prostory soukromému majiteli platit komerční nájem. Až na drobné opravy a úpravy byl objekt v dobrém stavu a škole vyhovuje i kapacitně. Aktuálně má gymnázium Josefa Jungmana zhruba 500 studentů. Já jsem úplně nadšená, já si to strašně vážím, že jsme mohli využívat tyto nádherné historické prostory, protože skutečně jsou zpěté i co se týká našeho Josefa Jungmana, který slaví v letošním roce 250 let od narození, v jezuické ulici bydlel a snad i částečně tady v jezuické koleji kdysi dávno působil. Takže pro nás je to úžasná věc, jsme za to velmi rádi a vnímáme právě to genius loci a nějaké ty historické záležitosti, že prostě jsme nadšení. Rekonstrukce původní budovy gymnázie Josefa Jungmana je v tuto chvíli plánována na 15 měsíců a zahrnuje mimo jiné i výměnu střechy a rekonstrukci elektroinstallace za celkem 47 milionů korun bez DPH.
