{"id":10371,"date":"2023-09-15T11:53:00","date_gmt":"2023-09-15T09:53:00","guid":{"rendered":"https:\/\/tv.a11.cz\/?post_type=video&#038;p=10371"},"modified":"2023-09-17T18:46:44","modified_gmt":"2023-09-17T16:46:44","slug":"usti-n-orlici-od-ledna-snizi-dan-z-nemovitosti","status":"publish","type":"video","link":"https:\/\/tv.a11.cz\/video\/usti-n-orlici-od-ledna-snizi-dan-z-nemovitosti\/","title":{"rendered":"\u00dast\u00ed n. Orlic\u00ed od ledna sn\u00ed\u017e\u00ed da\u0148 z nemovitosti"},"content":{"rendered":"","protected":false},"excerpt":{"rendered":"<p>Dvacet p\u011bt p\u0159\u00edtomn\u00fdch zastupitel\u016f \u00dasteck\u00e9ho zastupitelstva se nejd\u0159\u00edve zab\u00fdvalo finan\u010dn\u00edmi z\u00e1le\u017eitostmi. Rozhodli o mimo\u0159\u00e1dn\u00e9m odpu\u0161t\u011bn\u00ed a z\u00e1niku n\u011bkter\u00fdch dluh\u016f na dan\u00edch. <\/p>\n","protected":false},"author":8,"featured_media":10443,"template":"","categories":[17,23,157],"porad":[],"region":[104,60],"kategorie":[],"class_list":["post-10371","video","type-video","status-publish","has-post-thumbnail","hentry","category-domaci","category-ekonomika","category-zpravy","region-orlicko","region-pardubicky-kraj"],"acf":[],"meta_box":{"nbla_idec":"N2309140","nbla_title":"\u00dast\u00ed n. Orlic\u00ed od ledna sn\u00ed\u017e\u00ed da\u0148 z nemovitosti","nbla_subtitle":"","nbla_summary":"","nbla_description":"","nbla_transcription":"25 p\u0159\u00edtomn\u00fdch zastupitel\u016f od lidskou steck\u00e9ho zastupitelstva se nejd\u0159\u00edve zab\u00fdvalo finan\u010dn\u00edmi z\u00e1le\u017eitostmi. Rozhodli o mimo\u0159\u00e1dn\u00e9m odpu\u0161t\u011bn\u00ed a z\u00e1niku n\u011bkter\u00fdch dluh\u016f na dan\u00edch. Podm\u00ednkou je uhrazen\u00ed jistiny. Pokud n\u011bkdo dlu\u017e\u00ed poplatek, uhrad\u00ed ho, tak my mu odpus\u00edme sankce, kter\u00e9 jsme vlastn\u011b nastavili v d\u016fsledku toho, \u017ee neplatil v\u010das. Podat \u017e\u00e1dost a uhradit jistinu je mo\u017en\u00e9 do konce listopadu. Schv\u00e1lena byla i dohoda o odstoupen\u00ed od smlouvy o smlouv\u011b budouc\u00ed kupn\u00ed, t\u00fdkaj\u00edc\u00ed se \u010d\u00e1sti administrativn\u00ed budovy Perla 01. Firma zhodnotila na z\u00e1klad\u011b stavebn\u011b technick\u00e9ho pr\u016fzkumu, \u017ee jej\u00ed investi\u010dn\u00ed z\u00e1m\u011br nejde realizovat s ohledem na regula\u010dn\u00ed pl\u00e1n. To, \u017ee nejde, znamen\u00e1, \u017ee jde ale za velice nev\u00fdhodn\u00fdch ekonomick\u00fdch podm\u00ednek. V budoucnu by podobn\u00fdm situac\u00edm mohla p\u0159edej\u00edt zm\u011bna regula\u010dn\u00edho pl\u00e1nu, kter\u00e1 by v t\u011bchto m\u00edstech povolovala demoli\u010dn\u00ed pr\u00e1ce. M\u011bsto bude muset vypsat nov\u00e9 v\u00fdb\u011brov\u00e9 \u0159\u00edzen\u00ed a vybrat nov\u00e9ho p\u0159\u00edpadn\u00e9ho kupce developera, proto\u017ee samo m\u011bsto nem\u00e1 pro to \u010d\u00e1st administrativn\u00ed budovy uplatn\u011bn\u00ed. Diskuze se rozho\u0159ela ohledn\u011b nov\u00e9 vyhl\u00e1\u0161ky o stanoven\u00ed koeficientu pro v\u00fdpo\u010det dan\u011b z nemovitost\u00ed, kter\u00e1 ru\u0161\u00ed m\u00edstn\u00ed koeficient. Jdeme o pom\u011brn\u011b zna\u010dkou \u010d\u00e1stku a ta \u010d\u00e1stka bude dlouhodob\u00e1. Komplikuje \u017eivot t\u011b\u0161t\u00edm zasubitel\u016f, kte\u0159\u00ed budou pot\u0159ebovat pen\u00edze na obnovit\u011b v \u0161kol, na obnovit\u011b v majetku. M\u00e1me domov d\u016fchodc\u016f, kter\u00fd nechceme, n\u00e1m spadne na nohu, tak obnovit mus\u00edme d\u011blat se kulturn\u00edm domem a tak d\u00e1le. Sn\u00ed\u017een\u00ed t\u00e9to dan\u011b ve sv\u00fdch volebn\u00edch programech deklarovali ou\u0161\u0165\u00e1ci i \u00dasteck\u00e9 f\u00f3rum. N\u00e1vrh podpo\u0159ilo tak\u00e9 ANO nebo SPD. Koalice v t\u00e9to ot\u00e1zce nebyla jednotn\u00e1. To zru\u0161en\u00ed vlastn\u011b znamen\u00e1, \u017ee se vr\u00e1til na p\u016fvodn\u00ed hodnotu jedna a to ve sv\u00e9 podstat\u011b znamen\u00e1, \u017ee v\u0161em obyvatel\u016fm ve m\u011bst\u011b, ale i firm\u00e1m se sni\u017euje da\u0148 z nemovitosti. Pro vyd\u00e1n\u00ed vyhl\u00e1\u0161ky se nakonec vyslovilo 16 zastupitel\u016f, sedm bylo proti a dva se zdr\u017eeli. Obyvatele i firmy p\u016fsob\u00edc\u00ed v katastru m\u011bsta tak od p\u0159\u00ed\u0161t\u00edho roku na dan\u00ed z nemovitost\u00ed u\u0161et\u0159\u00ed. Z\u00e1pad na rozpo\u010det m\u011bsta bude negativn\u00ed, ka\u017ed\u00fd rok p\u0159ijdeme p\u0159ibli\u017en\u011b o 9 milion\u016f korun. M\u011bsto celkem logicky ty p\u0159ijmy nem\u00e1 \u010d\u00edm nahradit, je to pak ot\u00e1zka, jak se tato obsence p\u0159ijmu prom\u00edtne do investic m\u011bsta. Starosta tak\u00e9 informoval o negativn\u00edch stanovisc\u00edch \u010cesk\u00fdch drah a ministerstva dopravy ohledn\u011b zastavov\u00e1n\u00ed vlaku d\u00e1lkov\u00e9 dopravy linky X1 v zast\u00e1vce m\u011bsto. Ke slavu se dostala tak\u00e9 ve\u0159ejnost, dal\u0161\u00ed jedn\u00e1n\u00ed zastupitelstva by m\u011blo prob\u011bhnout 11. prosince.","nbla_serie":"","nbla_season":"","nbla_episode":"","nbla_duration":"164","nbla_genre":"","nbla_editorial_format":"","nbla_mtime":"1694771044","nbla_url":"https:\/\/origin.a11.cz\/vod\/2llvo8vtdswxvtrhjzwyqrvcx.mp4","nbla_version":"1694771036","nbla_odvysilano":"Ano","bunny_id":"9bd78ed1-7215-4b66-9e0e-e4c12c9b939a","youtube_id":"","datum_vydani":"20230915","stopaz":"164","dokument":[],"video_to":["10444"]},"_links":{"self":[{"href":"https:\/\/tv.a11.cz\/api\/wp\/v2\/video\/10371","targetHints":{"allow":["GET"]}}],"collection":[{"href":"https:\/\/tv.a11.cz\/api\/wp\/v2\/video"}],"about":[{"href":"https:\/\/tv.a11.cz\/api\/wp\/v2\/types\/video"}],"author":[{"embeddable":true,"href":"https:\/\/tv.a11.cz\/api\/wp\/v2\/users\/8"}],"wp:featuredmedia":[{"embeddable":true,"href":"https:\/\/tv.a11.cz\/api\/wp\/v2\/media\/10443"}],"wp:attachment":[{"href":"https:\/\/tv.a11.cz\/api\/wp\/v2\/media?parent=10371"}],"wp:term":[{"taxonomy":"category","embeddable":true,"href":"https:\/\/tv.a11.cz\/api\/wp\/v2\/categories?post=10371"},{"taxonomy":"porad","embeddable":true,"href":"https:\/\/tv.a11.cz\/api\/wp\/v2\/porad?post=10371"},{"taxonomy":"region","embeddable":true,"href":"https:\/\/tv.a11.cz\/api\/wp\/v2\/region?post=10371"},{"taxonomy":"kategorie","embeddable":true,"href":"https:\/\/tv.a11.cz\/api\/wp\/v2\/kategorie?post=10371"}],"curies":[{"name":"wp","href":"https:\/\/api.w.org\/{rel}","templated":true}]}}

Ústí n. Orlicí od ledna sníží daň z nemovitosti

<p>Dvacet pět přítomných zastupitelů Ústeckého zastupitelstva se nejdříve zabývalo finančními záležitostmi. Rozhodli o mimořádném odpuštění a zániku některých dluhů na daních. </p>

25 přítomných zastupitelů od lidskou steckého zastupitelstva se nejdříve zabývalo finančními záležitostmi. Rozhodli o mimořádném odpuštění a zániku některých dluhů na daních. Podmínkou je uhrazení jistiny. Pokud někdo dluží poplatek, uhradí ho, tak my mu odpusíme sankce, které jsme vlastně nastavili v důsledku toho, že neplatil včas. Podat žádost a uhradit jistinu je možné do konce listopadu. Schválena byla i dohoda o odstoupení od smlouvy o smlouvě budoucí kupní, týkající se části administrativní budovy Perla 01. Firma zhodnotila na základě stavebně technického průzkumu, že její investiční záměr nejde realizovat s ohledem na regulační plán. To, že nejde, znamená, že jde ale za velice nevýhodných ekonomických podmínek. V budoucnu by podobným situacím mohla předejít změna regulačního plánu, která by v těchto místech povolovala demoliční práce. Město bude muset vypsat nové výběrové řízení a vybrat nového případného kupce developera, protože samo město nemá pro to část administrativní budovy uplatnění. Diskuze se rozhořela ohledně nové vyhlášky o stanovení koeficientu pro výpočet daně z nemovitostí, která ruší místní koeficient. Jdeme o poměrně značkou částku a ta částka bude dlouhodobá. Komplikuje život těštím zasubitelů, kteří budou potřebovat peníze na obnovitě v škol, na obnovitě v majetku. Máme domov důchodců, který nechceme, nám spadne na nohu, tak obnovit musíme dělat se kulturním domem a tak dále. Snížení této daně ve svých volebních programech deklarovali oušťáci i Ústecké fórum. Návrh podpořilo také ANO nebo SPD. Koalice v této otázce nebyla jednotná. To zrušení vlastně znamená, že se vrátil na původní hodnotu jedna a to ve své podstatě znamená, že všem obyvatelům ve městě, ale i firmám se snižuje daň z nemovitosti. Pro vydání vyhlášky se nakonec vyslovilo 16 zastupitelů, sedm bylo proti a dva se zdrželi. Obyvatele i firmy působící v katastru města tak od příštího roku na daní z nemovitostí ušetří. Západ na rozpočet města bude negativní, každý rok přijdeme přibližně o 9 milionů korun. Město celkem logicky ty přijmy nemá čím nahradit, je to pak otázka, jak se tato obsence přijmu promítne do investic města. Starosta také informoval o negativních stanoviscích Českých drah a ministerstva dopravy ohledně zastavování vlaku dálkové dopravy linky X1 v zastávce město. Ke slavu se dostala také veřejnost, další jednání zastupitelstva by mělo proběhnout 11. prosince.
