{"id":10370,"date":"2023-09-15T11:50:19","date_gmt":"2023-09-15T09:50:19","guid":{"rendered":"https:\/\/tv.a11.cz\/?post_type=video&#038;p=10370"},"modified":"2023-09-17T18:44:30","modified_gmt":"2023-09-17T16:44:30","slug":"novym-radnim-c-trebove-byl-zvolen-hejtman-martin-netolicky","status":"publish","type":"video","link":"https:\/\/tv.a11.cz\/video\/novym-radnim-c-trebove-byl-zvolen-hejtman-martin-netolicky\/","title":{"rendered":"Nov\u00fdm radn\u00edm \u010c. T\u0159ebov\u00e9 byl zvolen hejtman Martin Netolick\u00fd"},"content":{"rendered":"","protected":false},"excerpt":{"rendered":"<p>Po schv\u00e1len\u00ed programu se dvacet p\u011bt p\u0159\u00edtomn\u00fdch zastupitel\u016f \u010cesk\u00e9 T\u0159ebov\u00e9 zab\u00fdvalo nov\u00fdm jednac\u00edm \u0159\u00e1dem zastupitelstva, kde do\u0161lo zejm\u00e9na k \u00faprav\u011b \u010dasov\u00e9ho prostoru pro vyj\u00e1d\u0159en\u00ed zastupitel\u016f i obyvatel. <\/p>\n","protected":false},"author":8,"featured_media":10440,"template":"","categories":[17,20,157],"porad":[],"region":[104,60],"kategorie":[],"class_list":["post-10370","video","type-video","status-publish","has-post-thumbnail","hentry","category-domaci","category-politika","category-zpravy","region-orlicko","region-pardubicky-kraj"],"acf":[],"meta_box":{"nbla_idec":"N2309139","nbla_title":"Nov\u00fdm radn\u00edm \u010c. T\u0159ebov\u00e9 byl zvolen hejtman Martin Netolick\u00fd","nbla_subtitle":"","nbla_summary":"","nbla_description":"","nbla_transcription":"Po schv\u00e1len\u00ed programu se 25 p\u0159\u00edtomn\u00fdch zastupitel\u016f \u010cesk\u00e9 t\u0159ebov\u00e9 zab\u00fdvalo nov\u00fdm jednac\u00edm \u0159\u00e1dem zastupitelstva, kde do\u0161lo zejm\u00e9na k \u00faprav\u011b \u010dasov\u00e9ho prostoru pro vyj\u00e1d\u0159en\u00ed zastupitel\u016f i obyvatel. D\u00e1v\u00e1 mo\u017enost p\u0159edsedaj\u00edc\u00edmu, aby m\u011bl v ruce n\u00e1stroj, aby mohl kr\u00e1tit diskuze, kter\u00e9 nikam nevedou a kter\u00e9 zav\u00e1d\u011bj\u00ed \u0159e\u010d prost\u011b jinam. Po diskuzi byl 17 hlas\u00ed jednac\u00ed \u0159\u00e1d schv\u00e1len. Stejn\u00fdm po\u010dtem hlas\u016f byl zvolen i nov\u00fd radn\u00ed m\u011bsta Martin Netolick\u00fd, kter\u00fd nahradil stranickou kolegini Terezu H\u00fdblovou a vr\u00e1til se po \u010dty\u0159ech letech do veden\u00ed m\u011bsta. Pozornost by r\u00e1d zam\u011b\u0159il na \u010derp\u00e1n\u00ed pen\u011bz z evropsk\u00fdch fond\u016f. Je to nap\u0159\u00edklad nejen v\u00fdstavba knihovny, kter\u00e1 u\u017e m\u00e1 dotaci jistou, ale je to p\u0159\u00edprava p\u0159edev\u0161\u00edm dom\u016f a proseny, kte\u0159\u00ed to berou jako osobn\u00ed z\u00e1le\u017eitost z hlediska p\u0159\u00edprav, proto\u017ee tady nen\u00ed unik\u00e1tn\u00ed mo\u017enost z\u00edskat a\u017e 80 milion\u016f korun. Schv\u00e1lena byla des\u00e1t\u00e1 rozpo\u010dtov\u00e1 zm\u011bna, \u017ee jsou do n\u00ed zapojeny p\u0159\u00edmys \u00faroku a nada\u010dn\u00fd p\u0159\u00edspivek na st\u00edlen\u00e1 kola. To je v celkov\u00e9 v\u00fd\u0161i milion \u010dty\u0159istat tis\u00edc korun, v celkov\u00e9 p\u0159\u00edmys je v\u00fd\u0161i 3 miliony 151 tis\u00edc korun, ten zbytek jsou dotace. Z majetkov\u00fdch z\u00e1le\u017eitost\u00ed dali zastupitel\u00e9 zelenou v\u00fdstavb\u011b gar\u00e1\u017e\u00ed a parkovac\u00edch m\u00edst v Borku v re\u017eii soukrom\u00e9ho investora. M\u011blo by tam vzniknout zhruba 10 gar\u00e1\u017e\u00ed a 14 parkovac\u00edch nov\u00fdch m\u00edst, ale samoz\u0159ejm\u011b je pot\u0159eba tam i n\u011bjak p\u0159ijet, tak\u017ee bude nov\u00e1 p\u0159ijezdov\u00e1 cesta a chodn\u00edky, to je sou\u010d\u00e1st\u00ed toho p\u0159\u00edsp\u011bvku ze strany m\u011bsta. Pod t\u00fdkaj\u00edc\u00ed se revize d\u0159\u00edv\u011bj\u0161\u00edch z\u00e1m\u011br\u016f prodeje byl pot\u00e9 m\u011b\u0159 hodinov\u00e9 diskuzi sta\u017een z programu jedn\u00e1n\u00ed. 17 hlasy byla schv\u00e1lena koncepce majetkov\u00e9ho chov\u00e1n\u00ed m\u011bsta, na programu byly i dotace. Zastupitelstvo m\u011bsta schv\u00e1lilo individu\u00e1ln\u00ed dotaci ve v\u00fd\u0161i 185 869 korun pro \u0159\u00edmsko-katolickou Farno s d\u011bkanstvou v\u0161echn\u00e9 t\u0159ebov\u00e9 a tato dotace bude pou\u017eita na p\u0159elo\u017eku elektrick\u00e9 energie a oslan\u011bn\u00ed nevyhovuj\u00edc\u00edho pil\u00ed\u0159ku. Zastupitel\u00e9 prohl\u00e1sili, \u017ee v n\u00e1sleduj\u00edc\u00edch dvou letech zajist\u00ed financov\u00e1n\u00ed realizacem m\u011bstsk\u00e9 knihovny. Jsme se zav\u00e1zali pro financov\u00e1n\u00ed, kter\u00e9 p\u0159edpokl\u00e1d\u00e1 n\u00e1klad zhruba ve v\u00fd\u0161i 138 500 000 korun, v\u010detn\u011b DPH. Schv\u00e1leny byly i nov\u00e9 statuty, ceny m\u011bsta a ceny starosti m\u011bsta. Dal\u0161\u00ed jedn\u00e1n\u00ed zastupitel\u016f je v pl\u00e1nu v pond\u011bl\u00ed 4. prosince.","nbla_serie":"","nbla_season":"","nbla_episode":"","nbla_duration":"143.6","nbla_genre":"","nbla_editorial_format":"","nbla_mtime":"1694771045","nbla_url":"https:\/\/origin.a11.cz\/vod\/5o0wpqvd5yhfagsga46jzu504.mp4","nbla_version":"1694771045","nbla_odvysilano":"Ano","bunny_id":"dcd3453a-0516-4910-befb-23da3adf6425","youtube_id":"","datum_vydani":"20230915","stopaz":"143.6","dokument":[],"video_to":["10441"]},"_links":{"self":[{"href":"https:\/\/tv.a11.cz\/api\/wp\/v2\/video\/10370","targetHints":{"allow":["GET"]}}],"collection":[{"href":"https:\/\/tv.a11.cz\/api\/wp\/v2\/video"}],"about":[{"href":"https:\/\/tv.a11.cz\/api\/wp\/v2\/types\/video"}],"author":[{"embeddable":true,"href":"https:\/\/tv.a11.cz\/api\/wp\/v2\/users\/8"}],"wp:featuredmedia":[{"embeddable":true,"href":"https:\/\/tv.a11.cz\/api\/wp\/v2\/media\/10440"}],"wp:attachment":[{"href":"https:\/\/tv.a11.cz\/api\/wp\/v2\/media?parent=10370"}],"wp:term":[{"taxonomy":"category","embeddable":true,"href":"https:\/\/tv.a11.cz\/api\/wp\/v2\/categories?post=10370"},{"taxonomy":"porad","embeddable":true,"href":"https:\/\/tv.a11.cz\/api\/wp\/v2\/porad?post=10370"},{"taxonomy":"region","embeddable":true,"href":"https:\/\/tv.a11.cz\/api\/wp\/v2\/region?post=10370"},{"taxonomy":"kategorie","embeddable":true,"href":"https:\/\/tv.a11.cz\/api\/wp\/v2\/kategorie?post=10370"}],"curies":[{"name":"wp","href":"https:\/\/api.w.org\/{rel}","templated":true}]}}

Novým radním Č. Třebové byl zvolen hejtman Martin Netolický

<p>Po schválení programu se dvacet pět přítomných zastupitelů České Třebové zabývalo novým jednacím řádem zastupitelstva, kde došlo zejména k úpravě časového prostoru pro vyjádření zastupitelů i obyvatel. </p>

Po schválení programu se 25 přítomných zastupitelů České třebové zabývalo novým jednacím řádem zastupitelstva, kde došlo zejména k úpravě časového prostoru pro vyjádření zastupitelů i obyvatel. Dává možnost předsedajícímu, aby měl v ruce nástroj, aby mohl krátit diskuze, které nikam nevedou a které zavádějí řeč prostě jinam. Po diskuzi byl 17 hlasí jednací řád schválen. Stejným počtem hlasů byl zvolen i nový radní města Martin Netolický, který nahradil stranickou kolegini Terezu Hýblovou a vrátil se po čtyřech letech do vedení města. Pozornost by rád zaměřil na čerpání peněz z evropských fondů. Je to například nejen výstavba knihovny, která už má dotaci jistou, ale je to příprava především domů a proseny, kteří to berou jako osobní záležitost z hlediska příprav, protože tady není unikátní možnost získat až 80 milionů korun. Schválena byla desátá rozpočtová změna, že jsou do ní zapojeny přímys úroku a nadačný příspivek na stílená kola. To je v celkové výši milion čtyřistat tisíc korun, v celkové přímys je výši 3 miliony 151 tisíc korun, ten zbytek jsou dotace. Z majetkových záležitostí dali zastupitelé zelenou výstavbě garáží a parkovacích míst v Borku v režii soukromého investora. Mělo by tam vzniknout zhruba 10 garáží a 14 parkovacích nových míst, ale samozřejmě je potřeba tam i nějak přijet, takže bude nová přijezdová cesta a chodníky, to je součástí toho příspěvku ze strany města. Pod týkající se revize dřívějších záměrů prodeje byl poté měř hodinové diskuzi stažen z programu jednání. 17 hlasy byla schválena koncepce majetkového chování města, na programu byly i dotace. Zastupitelstvo města schválilo individuální dotaci ve výši 185 869 korun pro římsko-katolickou Farno s děkanstvou všechné třebové a tato dotace bude použita na přeložku elektrické energie a oslanění nevyhovujícího pilířku. Zastupitelé prohlásili, že v následujících dvou letech zajistí financování realizacem městské knihovny. Jsme se zavázali pro financování, které předpokládá náklad zhruba ve výši 138 500 000 korun, včetně DPH. Schváleny byly i nové statuty, ceny města a ceny starosti města. Další jednání zastupitelů je v plánu v pondělí 4. prosince.
