{"id":10273,"date":"2023-09-13T16:20:10","date_gmt":"2023-09-13T14:20:10","guid":{"rendered":"https:\/\/tv.a11.cz\/?post_type=video&#038;p=10273"},"modified":"2023-09-13T18:45:49","modified_gmt":"2023-09-13T16:45:49","slug":"draci-lode-ozdobily-reku-otavu","status":"publish","type":"video","link":"https:\/\/tv.a11.cz\/video\/draci-lode-ozdobily-reku-otavu\/","title":{"rendered":"Dra\u010d\u00ed lod\u011b ozdobily \u0159eku Otavu"},"content":{"rendered":"","protected":false},"excerpt":{"rendered":"<p>Des\u00edtky div\u00e1k\u016f a fanou\u0161k\u016f se se\u0161li u Strakonick\u00e9 l\u00e1vky na \u0159ece Otav\u011b, aby podpo\u0159ili sportovn\u00ed pos\u00e1dky dra\u010d\u00edch lod\u00ed. Tato sportovn\u00ed ud\u00e1lost se t\u011b\u0161\u00ed mezi z\u00e1vodn\u00edky i div\u00e1ky velk\u00e9 oblib\u011b, co\u017e dokazuje fakt, \u017ee bylo do sout\u011b\u017ee p\u0159ihl\u00e1\u0161eno 26 pos\u00e1dek. <\/p>\n","protected":false},"author":8,"featured_media":10316,"template":"","categories":[17,28,184,157],"porad":[],"region":[52,83],"kategorie":[],"class_list":["post-10273","video","type-video","status-publish","has-post-thumbnail","hentry","category-domaci","category-sport","category-z-regionu","category-zpravy","region-jihocesky-kraj","region-strakonicko"],"acf":[],"meta_box":{"nbla_idec":"N2313096","nbla_title":"Dra\u010d\u00ed lod\u011b ozdobily \u0159eku Otavu","nbla_subtitle":"","nbla_summary":"","nbla_description":"","nbla_transcription":"P\u0159ipraven\u00ed, \u0159ek! Des\u00edtky div\u00e1k\u016f a fanou\u0161k\u016f se se\u0161li u Strakonick\u00e9 l\u00e1vky na \u0159ece Otav\u011b, aby podpo\u0159ili sportovn\u00ed pos\u00e1dky dra\u010d\u00edch lod\u00ed. Tato sportovn\u00ed ud\u00e1lost se t\u011b\u0161\u00ed mezi z\u00e1vodn\u00edky i div\u00e1ky velk\u00e9 oblib\u011b, co\u017e dokazuje fakt, \u017ee bylo do sout\u011b\u017ee p\u0159ihl\u00e1\u0161eno 26 pos\u00e1dek. Ani letos nechyb\u011bly zn\u00e1m\u00e9 t\u00fdmy jako draci z Strakonice, vod\u00e1ci Me\u010dichov, rake\u0165\u00e1ci, hasi\u010di St\u0159elsk\u00e9ho \u0161tice, t\u00fdm Mut\u011bra\u010d a dal\u0161\u00ed. T\u0159i, dva, jedna, p\u0159es! Mlad\u00ed i velc\u00ed sportovci sout\u011b\u017eili hned v n\u011bkolika kategori\u00edch. V kategorii sport na tras\u00e1ch dlouh\u00fdch 200 metr\u016f a 1 kilometr zv\u00edt\u011bzila dom\u00e1c\u00ed pos\u00e1dka draci z Strakonice, Buchta T\u00fdm. V kategorii \u017een na stejn\u011b dlouh\u00fdch tras\u00e1ch dominoval t\u00fdm Bestie z T\u0159ebo\u0148ska. V kategorii junior na obou tras\u00e1ch zv\u00edt\u011bzila dr\u00e1\u010data z P\u00edskoven a v kategorii fan op\u011bt na obou tras\u00e1ch dominovali sportovci z H.C. Strakonice. Fin\u00e1le B, je to \u0161koda, chyb\u011blo n\u00e1m t\u0159i desetiny, je to \u0161koda, ale p\u0159\u00ed\u0161t\u00ed rok nem\u00e1te \u0161anci. Dva, jedna, p\u0159es!","nbla_serie":"","nbla_season":"","nbla_episode":"","nbla_duration":"93.72","nbla_genre":"","nbla_editorial_format":"","nbla_mtime":"1694613983","nbla_url":"https:\/\/origin.a11.cz\/vod\/b2sa6fzbsquuejewocuveq8x3.mp4","nbla_version":"1694613705","nbla_odvysilano":"Ano","bunny_id":"df21fea0-880f-408f-a063-c59945301187","youtube_id":"","datum_vydani":"20230913","stopaz":"93.72","dokument":[],"video_to":["10317"]},"_links":{"self":[{"href":"https:\/\/tv.a11.cz\/api\/wp\/v2\/video\/10273","targetHints":{"allow":["GET"]}}],"collection":[{"href":"https:\/\/tv.a11.cz\/api\/wp\/v2\/video"}],"about":[{"href":"https:\/\/tv.a11.cz\/api\/wp\/v2\/types\/video"}],"author":[{"embeddable":true,"href":"https:\/\/tv.a11.cz\/api\/wp\/v2\/users\/8"}],"wp:featuredmedia":[{"embeddable":true,"href":"https:\/\/tv.a11.cz\/api\/wp\/v2\/media\/10316"}],"wp:attachment":[{"href":"https:\/\/tv.a11.cz\/api\/wp\/v2\/media?parent=10273"}],"wp:term":[{"taxonomy":"category","embeddable":true,"href":"https:\/\/tv.a11.cz\/api\/wp\/v2\/categories?post=10273"},{"taxonomy":"porad","embeddable":true,"href":"https:\/\/tv.a11.cz\/api\/wp\/v2\/porad?post=10273"},{"taxonomy":"region","embeddable":true,"href":"https:\/\/tv.a11.cz\/api\/wp\/v2\/region?post=10273"},{"taxonomy":"kategorie","embeddable":true,"href":"https:\/\/tv.a11.cz\/api\/wp\/v2\/kategorie?post=10273"}],"curies":[{"name":"wp","href":"https:\/\/api.w.org\/{rel}","templated":true}]}}

Dračí lodě ozdobily řeku Otavu

<p>Desítky diváků a fanoušků se sešli u Strakonické lávky na řece Otavě, aby podpořili sportovní posádky dračích lodí. Tato sportovní událost se těší mezi závodníky i diváky velké oblibě, což dokazuje fakt, že bylo do soutěže přihlášeno 26 posádek. </p>

Připravení, řek! Desítky diváků a fanoušků se sešli u Strakonické lávky na řece Otavě, aby podpořili sportovní posádky dračích lodí. Tato sportovní událost se těší mezi závodníky i diváky velké oblibě, což dokazuje fakt, že bylo do soutěže přihlášeno 26 posádek. Ani letos nechyběly známé týmy jako draci z Strakonice, vodáci Mečichov, rakeťáci, hasiči Střelského štice, tým Mutěrač a další. Tři, dva, jedna, přes! Mladí i velcí sportovci soutěžili hned v několika kategoriích. V kategorii sport na trasách dlouhých 200 metrů a 1 kilometr zvítězila domácí posádka draci z Strakonice, Buchta Tým. V kategorii žen na stejně dlouhých trasách dominoval tým Bestie z Třeboňska. V kategorii junior na obou trasách zvítězila dráčata z Pískoven a v kategorii fan opět na obou trasách dominovali sportovci z H.C. Strakonice. Finále B, je to škoda, chybělo nám tři desetiny, je to škoda, ale příští rok nemáte šanci. Dva, jedna, přes!
