{"id":10272,"date":"2023-09-13T16:19:20","date_gmt":"2023-09-13T14:19:20","guid":{"rendered":"https:\/\/tv.a11.cz\/?post_type=video&#038;p=10272"},"modified":"2023-09-13T18:29:20","modified_gmt":"2023-09-13T16:29:20","slug":"mestsky-ustav-socialnich-sluzeb-ve-strakonicich-prevzal-pet-novych-automobilu","status":"publish","type":"video","link":"https:\/\/tv.a11.cz\/video\/mestsky-ustav-socialnich-sluzeb-ve-strakonicich-prevzal-pet-novych-automobilu\/","title":{"rendered":"\u00dastav soci\u00e1ln\u00edch slu\u017eeb ve Strakonic\u00edch p\u0159evzal nov\u00e9 automobily"},"content":{"rendered":"","protected":false},"excerpt":{"rendered":"<p>Strakonick\u00fd m\u011bstsk\u00fd \u00fastavu soci\u00e1ln\u00edch slu\u017eeb p\u0159evzal p\u011bt nov\u00fdch hybridn\u00edch automobil\u016f zna\u010dky Toyota. Nov\u00e9 vozy byly po\u0159\u00edzeny v r\u00e1mci projektu obnova vozov\u00e9ho parku m\u011bstsk\u00e9ho \u00fastavu soci\u00e1ln\u00edch slu\u017eeb Strakonice 2022.<\/p>\n","protected":false},"author":8,"featured_media":10306,"template":"","categories":[17,157],"porad":[],"region":[52,83],"kategorie":[],"class_list":["post-10272","video","type-video","status-publish","has-post-thumbnail","hentry","category-domaci","category-zpravy","region-jihocesky-kraj","region-strakonicko"],"acf":[],"meta_box":{"nbla_idec":"N2313095","nbla_title":"M\u011bstsk\u00fd \u00fastav soci\u00e1ln\u00edch slu\u017eeb ve Strakonic\u00edch p\u0159evzal p\u011bt nov\u00fdch automobil\u016f","nbla_subtitle":"","nbla_summary":"","nbla_description":"","nbla_transcription":"Mene\u017ement z Trakonick\u00e9ho m\u011bstsk\u00e9ho \u00fastavu soci\u00e1ln\u00edch slu\u017eeb p\u0159evzal p\u011bt nov\u00fdch hybridn\u00edch automobil\u016f zna\u010dky Toyota. Nov\u00e9 hybridn\u00ed Toyota byly po\u0159\u00edzeny v r\u00e1mci projektu obnova vozov\u00e9ho parku m\u011bstsk\u00e9ho \u00fastavu soci\u00e1ln\u00edch slu\u017eeb z Trakonice 2022. Slou\u017eit budou hlavn\u011b k efektivn\u00ed pr\u00e1ci na\u0161ich pe\u010dovatelek, proto\u017ee t\u0159i z t\u00e9to flotily poputuj\u00ed na pe\u010dovatelskou slu\u017ebu. Pe\u010dovatelky te\u010f m\u011bly zat\u00edm m\u00e1lo automobil\u016f, tak\u017ee se r\u016fzn\u011b sch\u00e1zely po m\u011bst\u011b a sv\u00e1\u017eely a t\u00edmhlet\u00edm pos\u00edl\u00edme p\u00e9\u010di v ter\u00e9nu a s t\u00edm m\u00e1me velkou radost. Dal\u0161\u00ed dva nov\u00e9 automobily vyu\u017eije denn\u00ed stacion\u00e1\u0159 a asilov\u00fd d\u016fm. Sou\u010d\u00e1st\u00ed projektu je i letos na ja\u0159e u\u017e p\u0159edan\u00fd elektromobil Ford Transit, vyu\u017e\u00edvan\u00fd v\u00fdhradn\u011b k rozvoz\u016fm stravy pro ob\u010dany m\u011bsta a klienty \u00fastavu. Po\u0159izovac\u00ed cena dodan\u00fdch automobil\u016f je 2 miliony 760 tis\u00edc korun z DPH. Dotace z ministerstva pro m\u00edstn\u00ed rozvoj pokryje 90% po\u0159izovac\u00ed ceny. Zb\u00fdvaj\u00edc\u00ed \u010d\u00e1stku dofinancuje m\u011bsto Strakonice jako z\u0159izovatel M\u011bstsk\u00e9ho \u00fastavu soci\u00e1ln\u00edch slu\u017eeb z rozpo\u010dtu. M\u00e1m z toho velkou radost, \u010dekali jsme na ty automobily vlastn\u011b t\u0159i \u010dtvrt\u011b roku, byla to pom\u011brn\u011b velk\u00e1 pr\u00e1ce a spolupr\u00e1ce s m\u011bstem, tak\u017ee dne\u0161n\u00ed den je pro m\u011b sv\u00e1te\u010dn\u00ed. Proto\u017ee \u0159editelka Strakonick\u00e9ho m\u011bstsk\u00e9ho \u00fastavu soci\u00e1ln\u00edch slu\u017eeb Lenka Kratochv\u00edlov\u00e1 chce pe\u010dovatelskou slu\u017ebu je\u0161t\u011b d\u00e1le rozv\u00edjet, u\u017e te\u010f \u0159e\u0161\u00ed dotaci na pos\u00edlen\u00ed dal\u0161\u00edch automobil\u016f.","nbla_serie":"","nbla_season":"","nbla_episode":"","nbla_duration":"94.08","nbla_genre":"","nbla_editorial_format":"","nbla_mtime":"1694613940","nbla_url":"https:\/\/origin.a11.cz\/vod\/0pe2xugogwaqe2mip0egnm5kn.mp4","nbla_version":"1694613783","nbla_odvysilano":"Ano","bunny_id":"d1ecc073-6fbf-4850-a147-c92b638df1b9","youtube_id":"","datum_vydani":"20230913","stopaz":"94.08","dokument":[],"video_to":["10307"]},"_links":{"self":[{"href":"https:\/\/tv.a11.cz\/api\/wp\/v2\/video\/10272","targetHints":{"allow":["GET"]}}],"collection":[{"href":"https:\/\/tv.a11.cz\/api\/wp\/v2\/video"}],"about":[{"href":"https:\/\/tv.a11.cz\/api\/wp\/v2\/types\/video"}],"author":[{"embeddable":true,"href":"https:\/\/tv.a11.cz\/api\/wp\/v2\/users\/8"}],"wp:featuredmedia":[{"embeddable":true,"href":"https:\/\/tv.a11.cz\/api\/wp\/v2\/media\/10306"}],"wp:attachment":[{"href":"https:\/\/tv.a11.cz\/api\/wp\/v2\/media?parent=10272"}],"wp:term":[{"taxonomy":"category","embeddable":true,"href":"https:\/\/tv.a11.cz\/api\/wp\/v2\/categories?post=10272"},{"taxonomy":"porad","embeddable":true,"href":"https:\/\/tv.a11.cz\/api\/wp\/v2\/porad?post=10272"},{"taxonomy":"region","embeddable":true,"href":"https:\/\/tv.a11.cz\/api\/wp\/v2\/region?post=10272"},{"taxonomy":"kategorie","embeddable":true,"href":"https:\/\/tv.a11.cz\/api\/wp\/v2\/kategorie?post=10272"}],"curies":[{"name":"wp","href":"https:\/\/api.w.org\/{rel}","templated":true}]}}

Ústav sociálních služeb ve Strakonicích převzal nové automobily

<p>Strakonický městský ústavu sociálních služeb převzal pět nových hybridních automobilů značky Toyota. Nové vozy byly pořízeny v rámci projektu obnova vozového parku městského ústavu sociálních služeb Strakonice 2022.</p>

Městský ústav sociálních služeb ve Strakonicích převzal pět nových automobilů

Menežment z Trakonického městského ústavu sociálních služeb převzal pět nových hybridních automobilů značky Toyota. Nové hybridní Toyota byly pořízeny v rámci projektu obnova vozového parku městského ústavu sociálních služeb z Trakonice 2022. Sloužit budou hlavně k efektivní práci našich pečovatelek, protože tři z této flotily poputují na pečovatelskou službu. Pečovatelky teď měly zatím málo automobilů, takže se různě scházely po městě a svážely a tímhletím posílíme péči v terénu a s tím máme velkou radost. Další dva nové automobily využije denní stacionář a asilový dům. Součástí projektu je i letos na jaře už předaný elektromobil Ford Transit, využívaný výhradně k rozvozům stravy pro občany města a klienty ústavu. Pořizovací cena dodaných automobilů je 2 miliony 760 tisíc korun z DPH. Dotace z ministerstva pro místní rozvoj pokryje 90% pořizovací ceny. Zbývající částku dofinancuje město Strakonice jako zřizovatel Městského ústavu sociálních služeb z rozpočtu. Mám z toho velkou radost, čekali jsme na ty automobily vlastně tři čtvrtě roku, byla to poměrně velká práce a spolupráce s městem, takže dnešní den je pro mě sváteční. Protože ředitelka Strakonického městského ústavu sociálních služeb Lenka Kratochvílová chce pečovatelskou službu ještě dále rozvíjet, už teď řeší dotaci na posílení dalších automobilů.
